{"id":57,"date":"2015-03-23T10:14:37","date_gmt":"2015-03-23T10:14:37","guid":{"rendered":"http:\/\/bibliotecas.unileon.es\/adquisiciones\/?page_id=57"},"modified":"2015-08-25T12:06:32","modified_gmt":"2015-08-25T10:06:32","slug":"publicaciones-periodicas-y-recursos-electronicos","status":"publish","type":"page","link":"https:\/\/bibliotecas.unileon.es\/adquisiciones\/publicaciones-periodicas-y-recursos-electronicos\/","title":{"rendered":"Publicaciones peri\u00f3dicas y recursos electr\u00f3nicos"},"content":{"rendered":"<p style=\"text-align: justify;\">Normativa sobre la selecci\u00f3n y adquisici\u00f3n de publicaciones peri\u00f3dicas y recursos electr\u00f3nicos.<\/p>\n<p style=\"text-align: justify;\"><strong>La selecci\u00f3n<\/strong> la realiza el personal docente y los responsables de las bibliotecas de Centro. Los usuarios tambi\u00e9n pueden hacer sus <a href=\"http:\/\/2082-193.146.96.8.catoute.unileon.es\/screens\/suggest_es.html\">sugerencias<\/a> a trav\u00e9s de las <a href=\"http:\/\/2082-193.146.96.8.catoute.unileon.es\/screens\/suggest_g_es.html\">desideratas<\/a>.<\/p>\n<p style=\"text-align: justify;\">La Unidad de Publicaciones Peri\u00f3dicas es la encargada de tramitar y gestionar de forma centralizada las suscripciones de las publicaciones peri\u00f3dicas en cualquier formato y la compra del material bibliogr\u00e1fico en formato electr\u00f3nico (bases de datos, colecciones de revistas, obras de referencia, y otros materiales requeridos para la docencia e investigaci\u00f3n).<\/p>\n<p style=\"text-align: justify;\">Los criterios de selecci\u00f3n de los recursos electr\u00f3nicos est\u00e1n basados en la accesibilidad (permitir el acceso en l\u00ednea por reconocimiento de ip, plataformas de calidad y de solvencia en el mercado internacional, facilidad de uso, disponibilidad de estad\u00edsticas de uso, posibilitar de integraci\u00f3n con otros recursos\u2026).<\/p>\n<p style=\"text-align: justify;\">En caso de ser necesario firmar licencias o acuerdos de contrataci\u00f3n se tratar\u00e1 de lograr que el documento se redacte y firme en espa\u00f1ol, que el \u00e1mbito legal que los regule sea tambi\u00e9n espa\u00f1ol\u00a0 y que est\u00e9n garantizados los usos que la legislaci\u00f3n sobre propiedad intelectual otorga a las bibliotecas.<\/p>\n<p style=\"text-align: justify;\"><strong>La adquisici\u00f3n<\/strong> de dichos fondos se realizar\u00e1 a trav\u00e9s de:<\/p>\n<ol style=\"text-align: justify;\">\n<li>Env\u00edo de listado de publicaciones a varios proveedores, estudio de las presupuesto y aceptaci\u00f3n de mejor oferta siguiendo criterios de solvencia econ\u00f3mica, seriedad del proveedor, comunicaci\u00f3n fluida y efectiva y rapidez en los env\u00edos y las reclamaciones.<\/li>\n<li>Compra directa cuando \u00e9sta sea la \u00fanica forma posible de adquisici\u00f3n.<\/li>\n<li>Compra consorciada a trav\u00e9s de BUCLE.<\/li>\n<li>Intercambio y donaci\u00f3n.<\/li>\n<\/ol>\n<p style=\"text-align: justify;\"><strong>La adquisici\u00f3n de las publicaciones peri\u00f3dicas<\/strong> se realizar\u00e1 ateni\u00e9ndose a los siguientes criterios:<\/p>\n<ol style=\"text-align: justify;\">\n<li>No se comprar\u00e1n revistas que est\u00e9n ya suscritas y en curso en la Universidad.<\/li>\n<li>No se comprar\u00e1n revistas que est\u00e9n en alg\u00fan paquete de revistas-e contratadas por la Universidad.<\/li>\n<li>Se preferir\u00e1 el formato electr\u00f3nico a la versi\u00f3n en papel.<\/li>\n<li>Cofinanciaci\u00f3n del 60 % por parte de las Bibliotecas o Departamentos y 40% por parte de la Biblioteca Universitaria.<\/li>\n<li>Si alguna Biblioteca o Departamento quisiera adquirir una revista que ya est\u00e1 suscrita tendr\u00e1 que abonar el 100% de la suscripci\u00f3n aunque la ubique en una Biblioteca de centro.<\/li>\n<\/ol>\n<p style=\"text-align: justify;\">El cronograma a seguir es el siguiente:<\/p>\n<p style=\"text-align: justify;\">En el mes de junio la Unidad de Publicaciones Peri\u00f3dicas env\u00eda por correo electr\u00f3nico al responsable de cada biblioteca un listado con los t\u00edtulos suscritos por el departamento o biblioteca para que lo devuelvan en un plazo establecido indicando qu\u00e9 t\u00edtulos desean renovar, cancelar o cambiar de formato as\u00ed como nuevos t\u00edtulos a suscribir para el a\u00f1o siguiente.<\/p>\n<p style=\"text-align: justify;\">La Unidad de Publicaciones Peri\u00f3dicas, una vez comprobado que no hay duplicidades, que no hay versiones gratuitas o que no est\u00e1n en ninguno de los paquetes de revistas electr\u00f3nicas contratadas, enviar\u00e1 el listado definitivo al proveedor elegido en el mes de octubre.<\/p>\n<p style=\"text-align: justify;\">En el mes de noviembre el proveedor enviar\u00e1 un presupuesto que, una vez estudiado por la Unidad y la Direcci\u00f3n de la Biblioteca ser\u00e1 aceptado.<\/p>\n<p style=\"text-align: justify;\">Las <a href=\"http:\/\/2082-193.146.96.8.catoute.unileon.es\/screens\/suggest_es.html\">solicitudes de suscripci\u00f3n<\/a> fuera de plazo se estudiar\u00e1n y se incorporar\u00e1n en el concurso del siguiente a\u00f1o.<\/p>\n<h3 style=\"text-align: justify;\">Compra directa<\/h3>\n<p style=\"text-align: justify;\">Se podr\u00e1n adquirir publicaciones peri\u00f3dicas a otros proveedores en los casos en que el editor no acepte intermediarios o sean obras especiales.<\/p>\n<p style=\"text-align: justify;\"><a href=\"http:\/\/www.ubu.es\/bucle\/es\">Consorcio BUCLE<\/a>. Este procedimiento se sigue en la suscripci\u00f3n de algunos recursos electr\u00f3nicos. Se trata de suscripciones consorciadas cuyo precio se reparte entre los miembros seg\u00fan un baremo previamente establecido.<\/p>\n<h3 style=\"text-align: justify;\">Cofinanciaci\u00f3n de las revistas<\/h3>\n<p style=\"text-align: justify;\">En el a\u00f1o 2002 la Comisi\u00f3n de Bibliotecas acord\u00f3 financiar el 50 % del precio de las suscripciones de todas aquellas revistas que se ubicaran en las bibliotecas de Centro o en la Biblioteca General, frente a las revistas que se ubicasen en departamentos que pagar\u00e1n el 100 % de las mismas. En el a\u00f1o 2013 se cambi\u00f3 el criterio por motivos presupuestarios. De las revistas ubicadas en las bibliotecas, la Biblioteca General financiar\u00e1 el 40% del precio\u00a0 y los departamentos el 60%. No habr\u00e1 cambios para las revistas ubicadas en los departamentos.<\/p>\n<p style=\"text-align: justify;\">La adquisici\u00f3n de recursos electr\u00f3nicos de forma no consorciada se realizar\u00e1 ateni\u00e9ndose a los siguientes criterios:<\/p>\n<ol>\n<li style=\"text-align: justify;\">Contenido tem\u00e1tico. Se considerar\u00e1n los recursos de materias relacionadas con los estudios y l\u00edneas de investigaci\u00f3n de la Universidad, dando prioridad a los que presenten contenidos de car\u00e1cter general o multidisciplinar. Asimismo se valorar\u00e1 la calidad del editor o entidad patrocinadora.<\/li>\n<li style=\"text-align: justify;\">Previsi\u00f3n de uso. Se valorar\u00e1n las peticiones realizadas por el personal docente e investigador y los alumnos. Se tendr\u00e1 en cuenta el \u00edndice de solapamiento con otros recursos ya adquiridos y en el caso de renovaci\u00f3n se estudiaran las estad\u00edsticas de uso y el indicador coste por uso.<\/li>\n<li style=\"text-align: justify;\">Accesibilidad. Los recursos deben proporcionar acceso en l\u00ednea en las condiciones t\u00e9cnicas m\u00e1s favorables y facilitar\u00e1n el acceso desde fuera del campus, previa identificaci\u00f3n de los usuarios autorizados.<\/li>\n<\/ol>\n","protected":false},"excerpt":{"rendered":"<p>Normativa sobre la selecci\u00f3n y adquisici\u00f3n de publicaciones peri\u00f3dicas y recursos electr\u00f3nicos. La selecci\u00f3n la realiza el personal docente y los responsables de las bibliotecas de Centro. Los usuarios tambi\u00e9n pueden hacer sus sugerencias a trav\u00e9s de las desideratas. La &hellip; <a href=\"https:\/\/bibliotecas.unileon.es\/adquisiciones\/publicaciones-periodicas-y-recursos-electronicos\/\">Sigue leyendo <span class=\"meta-nav\">&rarr;<\/span><\/a><\/p>\n","protected":false},"author":73,"featured_media":0,"parent":0,"menu_order":0,"comment_status":"open","ping_status":"open","template":"","meta":{"_bbp_topic_count":0,"_bbp_reply_count":0,"_bbp_total_topic_count":0,"_bbp_total_reply_count":0,"_bbp_voice_count":0,"_bbp_anonymous_reply_count":0,"_bbp_topic_count_hidden":0,"_bbp_reply_count_hidden":0,"_bbp_forum_subforum_count":0,"footnotes":""},"class_list":["post-57","page","type-page","status-publish","hentry"],"_links":{"self":[{"href":"https:\/\/bibliotecas.unileon.es\/adquisiciones\/wp-json\/wp\/v2\/pages\/57","targetHints":{"allow":["GET"]}}],"collection":[{"href":"https:\/\/bibliotecas.unileon.es\/adquisiciones\/wp-json\/wp\/v2\/pages"}],"about":[{"href":"https:\/\/bibliotecas.unileon.es\/adquisiciones\/wp-json\/wp\/v2\/types\/page"}],"author":[{"embeddable":true,"href":"https:\/\/bibliotecas.unileon.es\/adquisiciones\/wp-json\/wp\/v2\/users\/73"}],"replies":[{"embeddable":true,"href":"https:\/\/bibliotecas.unileon.es\/adquisiciones\/wp-json\/wp\/v2\/comments?post=57"}],"version-history":[{"count":2,"href":"https:\/\/bibliotecas.unileon.es\/adquisiciones\/wp-json\/wp\/v2\/pages\/57\/revisions"}],"predecessor-version":[{"id":102,"href":"https:\/\/bibliotecas.unileon.es\/adquisiciones\/wp-json\/wp\/v2\/pages\/57\/revisions\/102"}],"wp:attachment":[{"href":"https:\/\/bibliotecas.unileon.es\/adquisiciones\/wp-json\/wp\/v2\/media?parent=57"}],"curies":[{"name":"wp","href":"https:\/\/api.w.org\/{rel}","templated":true}]}}