{"id":60,"date":"2015-03-23T10:22:46","date_gmt":"2015-03-23T10:22:46","guid":{"rendered":"http:\/\/bibliotecas.unileon.es\/adquisiciones\/?page_id=60"},"modified":"2018-04-06T14:05:29","modified_gmt":"2018-04-06T12:05:29","slug":"preguntas-frecuentes","status":"publish","type":"page","link":"https:\/\/bibliotecas.unileon.es\/adquisiciones\/preguntas-frecuentes\/","title":{"rendered":"Preguntas frecuentes"},"content":{"rendered":"<ol>\n<li style=\"text-align: justify;\"><strong>\u00bfQui\u00e9n puede hacer una petici\u00f3n a Adquisiciones?<br \/>\n<\/strong>\u00danicamente pueden solicitar la compra de material bibliogr\u00e1fico los usuarios autorizados por su Departamento. En el caso de las\u00a0 compras con cargo a Proyectos, los investigadores incluidos en el mismo. En el caso de publicaciones peri\u00f3dicas y bases de datos, consulte la <a href=\"http:\/\/biblioteca.unileon.es\/biblioteca\/normativa\/adquisiciones\">normativa<\/a> y contacte con la Biblioteca de su centro o con <a href=\"mailto:buua@unileon.es?subject=COMPRA%20DE%20PUBLICACION%20PERIODICA%20%2F%20BASE%20DE%20DATOS\">esta unidad<\/a>.<\/li>\n<li style=\"text-align: justify;\"><strong>\u00bfQui\u00e9n es \u00a0usuario autorizado?<\/strong><br \/>\nUsuario autorizado es aquel docente o personal de Administraci\u00f3n\u00a0 de Servicios que tenga la autorizaci\u00f3n del director\/a del Departamento\u00a0 para poder realizar pedidos.<\/li>\n<li style=\"text-align: justify;\"><strong>\u00bfQu\u00e9 materiales est\u00e1n excluidos de la compra?<br \/>\n<\/strong>La \u00a0Unidad de Adquisiciones gestiona la compra de\u00a0 libros \u00a0y publicaciones peri\u00f3dicas en diferentes formatos y cualquier otro documento que conforme el patrimonio bibliogr\u00e1fico y documental de la Universidad de Le\u00f3n. Quedan\u00a0 excluidos<\/p>\n<ul>\n<li style=\"text-align: justify;\">los n\u00fameros sueltos de publicaciones peri\u00f3dicas,<\/li>\n<li style=\"text-align: justify;\">las partes de documentos<\/li>\n<li style=\"text-align: justify;\">los materiales electr\u00f3nicos que, por causa de los DRM que posean, no puedan ser adquiridos por la Ule de manera legal.<\/li>\n<\/ul>\n<\/li>\n<li style=\"text-align: justify;\"><strong>\u00bfC\u00f3mo puedo comprar material bibliogr\u00e1fico con cargo a un Proyecto?<br \/>\n<\/strong>Puede realizar el pedido a trav\u00e9s de la Unidad de Adquisiciones o bien puede hacerlo de forma directa presentando el material y la factura correspondiente a la Unidad.<\/li>\n<li style=\"text-align: justify;\"><strong>\u00bfC\u00f3mo se tramitan las compras de material bibliogr\u00e1fico con cargo a un Proyecto Cooperativo?<br \/>\n<\/strong>A veces, \u00a0en un Proyecto Cooperativo, los fondos tienen que depositarse en Bibliotecas ajenas a la ULE, pero la facturaci\u00f3n tiene que tramitarse a trav\u00e9s de la misma. En ese caso es \u00a0suficiente con que a la factura con los fondos adquiridos \u00a0acompa\u00f1e una diligencia del Director del proyecto indicando lo siguiente:<br \/>\n1.- Las facturas ser\u00e1n tramitadas en la Universidad de Le\u00f3n<br \/>\n2.- El material bibliogr\u00e1fico no se ubicar\u00e1 en la Universidad de Le\u00f3n<br \/>\n3.- Se adjuntar\u00e1 un listado con los t\u00edtulos que van a ir a cada Universidad.<br \/>\nEsta diligencia se acompa\u00f1ar\u00e1 a la factura tramitada y evitar\u00e1 cualquier tipo de problema contable as\u00ed como eximir\u00e1 a la ULE de toda responsabilidad sobre los fondos no depositados en la misma.<\/li>\n<li style=\"text-align: justify;\"><strong>\u00bfC\u00f3mo puedo solicitar una suscripci\u00f3n de una revista?<br \/>\n<\/strong>P\u00f3ngase en contacto con la biblioteca de su centro. En el mes de junio la Unidad de Publicaciones Peri\u00f3dicas env\u00eda por correo electr\u00f3nico al responsable de cada biblioteca un listado con los t\u00edtulos suscritos por el departamento o biblioteca para que lo devuelvan en un plazo establecido indicando qu\u00e9 t\u00edtulos desean renovar, cancelar o cambiar de formato, as\u00ed como nuevos t\u00edtulos a suscribir para el a\u00f1o siguiente.<br \/>\nLas <a href=\"http:\/\/2082-193.146.96.8.catoute.unileon.es\/screens\/suggest_es.html\">solicitudes de suscripci\u00f3n<\/a> fuera de plazo se estudiar\u00e1n y se incorporar\u00e1n en el concurso del siguiente a\u00f1o.<\/li>\n<\/ol>\n","protected":false},"excerpt":{"rendered":"<p>\u00bfQui\u00e9n puede hacer una petici\u00f3n a Adquisiciones? \u00danicamente pueden solicitar la compra de material bibliogr\u00e1fico los usuarios autorizados por su Departamento. En el caso de las\u00a0 compras con cargo a Proyectos, los investigadores incluidos en el mismo. En el caso &hellip; <a href=\"https:\/\/bibliotecas.unileon.es\/adquisiciones\/preguntas-frecuentes\/\">Sigue leyendo <span class=\"meta-nav\">&rarr;<\/span><\/a><\/p>\n","protected":false},"author":73,"featured_media":0,"parent":0,"menu_order":0,"comment_status":"open","ping_status":"open","template":"","meta":{"_bbp_topic_count":0,"_bbp_reply_count":0,"_bbp_total_topic_count":0,"_bbp_total_reply_count":0,"_bbp_voice_count":0,"_bbp_anonymous_reply_count":0,"_bbp_topic_count_hidden":0,"_bbp_reply_count_hidden":0,"_bbp_forum_subforum_count":0,"footnotes":""},"class_list":["post-60","page","type-page","status-publish","hentry"],"_links":{"self":[{"href":"https:\/\/bibliotecas.unileon.es\/adquisiciones\/wp-json\/wp\/v2\/pages\/60","targetHints":{"allow":["GET"]}}],"collection":[{"href":"https:\/\/bibliotecas.unileon.es\/adquisiciones\/wp-json\/wp\/v2\/pages"}],"about":[{"href":"https:\/\/bibliotecas.unileon.es\/adquisiciones\/wp-json\/wp\/v2\/types\/page"}],"author":[{"embeddable":true,"href":"https:\/\/bibliotecas.unileon.es\/adquisiciones\/wp-json\/wp\/v2\/users\/73"}],"replies":[{"embeddable":true,"href":"https:\/\/bibliotecas.unileon.es\/adquisiciones\/wp-json\/wp\/v2\/comments?post=60"}],"version-history":[{"count":2,"href":"https:\/\/bibliotecas.unileon.es\/adquisiciones\/wp-json\/wp\/v2\/pages\/60\/revisions"}],"predecessor-version":[{"id":65,"href":"https:\/\/bibliotecas.unileon.es\/adquisiciones\/wp-json\/wp\/v2\/pages\/60\/revisions\/65"}],"wp:attachment":[{"href":"https:\/\/bibliotecas.unileon.es\/adquisiciones\/wp-json\/wp\/v2\/media?parent=60"}],"curies":[{"name":"wp","href":"https:\/\/api.w.org\/{rel}","templated":true}]}}