{"id":72,"date":"2018-06-22T09:25:23","date_gmt":"2018-06-22T07:25:23","guid":{"rendered":"http:\/\/bibliotecas.unileon.es\/ciencias-biologicas-ambientales\/?page_id=72"},"modified":"2024-08-22T13:03:47","modified_gmt":"2024-08-22T11:03:47","slug":"coleccion-bibliografica","status":"publish","type":"page","link":"https:\/\/bibliotecas.unileon.es\/ciencias-biologicas-ambientales\/coleccion-bibliografica\/","title":{"rendered":"Colecci\u00f3n bibliogr\u00e1fica"},"content":{"rendered":"<p style=\"text-align: justify;\"><strong style=\"text-align: justify;\">El acceso a la colecci\u00f3n bibliogr\u00e1fica se realiza mediante la consulta del <\/strong><a style=\"text-align: justify;\" href=\"https:\/\/buc-ule.primo.exlibrisgroup.com\/discovery\/search?vid=34BUC_ULE:VU1&amp;lang=es\" target=\"_blank\" rel=\"noopener\"><strong> Cat\u00e1logo colectivo automatizado (OPAC)<\/strong><\/a><strong style=\"text-align: justify;\"> del que forman parte todos los recursos bibliogr\u00e1ficos de la Universidad independientemente de su ubicaci\u00f3n o soporte.<\/strong><\/p>\n<p style=\"text-align: justify;\"><strong>La Biblioteca cuenta en la actualidad con unos 16.000 vol\u00famenes de monograf\u00edas que se encuentran ubicados en la planta baja de la Sala y el Dep\u00f3sito.<\/strong><\/p>\n<p style=\"text-align: justify;\"><strong>En la Sala se encuentran disponibles en libre acceso las obras de bibliograf\u00eda recomendada<\/strong><strong> para la preparaci\u00f3n de las distintas asignaturas, as\u00ed como el fondo m\u00e1s moderno de la biblioteca. Estas obras se pueden consultar libremente por los usuarios y llevar en pr\u00e9stamo. Desde <a href=\"https:\/\/buc-ule.alma.exlibrisgroup.com\/leganto\/readinglist\/searchlists?fromSaml=true&amp;auth=SAML\" target=\"_blank\" rel=\"noopener\">aqu\u00ed<\/a>\u00a0 podr\u00e1s acceder a todo el material recomendado para el curso.<\/strong><\/p>\n<p style=\"text-align: justify;\"><strong>El fondo de la Sala est\u00e1 organizado seg\u00fan el sistema de la <em>Clasificaci\u00f3n Decimal Universal.<\/em> Se trata de una clasificaci\u00f3n sistem\u00e1tica que permite agrupar los libros en funci\u00f3n de la materia tratada. As\u00ed, los libros que tratan del mismo tema se ubican juntos en las estanter\u00edas de la Biblioteca, y la materia a que pertenecen se indica mediante un conjunto de n\u00fameros y letras que componen la signatura topogr\u00e1fica y que se muestran en un tejuelo o etiqueta que se coloca en el lomo del libro.<\/strong><\/p>\n<table style=\"border-collapse: collapse; width: 100.469%; height: 10px;\">\n<tbody>\n<tr style=\"border-color: #4d1212; border-style: solid; background-color: #4dbf5e; height: 63px;\">\n<td style=\"width: 100%; text-align: center; height: 10px;\">\n<h2><span style=\"color: #ffffff;\"><strong>Manuales y Monograf\u00edas<\/strong><\/span><\/h2>\n<\/td>\n<\/tr>\n<\/tbody>\n<\/table>\n<p style=\"text-align: justify;\"><span style=\"color: #000000;\"><strong><u>Manuales<\/u><\/strong><\/span><strong> de <em>bibliograf\u00eda recomendada por los profesores en las diferentes asignaturas<\/em><\/strong><em><strong>. <\/strong><\/em><strong>Cada a\u00f1o se actualizan siguiendo las indicacio<\/strong><strong>nes de los profesores.<\/strong><strong><img loading=\"lazy\" decoding=\"async\" class=\"wp-image-1276 alignright\" src=\"https:\/\/bibliotecas.unileon.es\/ciencias-biologicas-ambientales\/files\/2021\/10\/Foto-3.jpg\" alt=\"\" width=\"631\" height=\"473\" \/><\/strong><\/p>\n<p>&nbsp;<\/p>\n<p style=\"text-align: justify;\"><strong>Su tejuelo es blanco con letras negras y pueden llevarse en pr\u00e9stamo por un plazo de 7 d\u00edas <\/strong><strong>renovables. Otras mo<\/strong><strong>nograf\u00edas recibidas en donaci\u00f3n o adquiridas por la Biblioteca. Su tejuelo es azul y pueden llevarse en pr\u00e9stamo por un plazo de 15 d\u00edas reno<\/strong><strong style=\"font-family: inherit;\">vables .<\/strong><strong><br \/>\n<\/strong><\/p>\n<p style=\"text-align: justify;\"><span style=\"color: #000000;\"><strong><u>Secci\u00f3n de gu\u00edas y atlas<\/u><\/strong><\/span><strong>:<\/strong><strong> dada la importancia de estos materiales en los estudios de la Facultad, la Biblioteca tiene secciones diferenciadas para las gu\u00edas de plantas<\/strong><strong style=\"font-family: inherit;\">(signatura (036) 58 \u2026), las <\/strong><strong style=\"font-family: inherit;\">gu\u00edas de animales (signatura (036) 59 \u2026) y lo<\/strong><strong style=\"font-family: inherit;\">s atlas tem\u00e1ticos (signatura (084.4) \u2026). Pueden llevarse en pr\u00e9stamo por un plazo de 7 o 15 d\u00edas renovables, dependiendo del color de su tejuelo.\u00a0<\/strong><\/p>\n<p><img loading=\"lazy\" decoding=\"async\" class=\"\" src=\"https:\/\/bibliotecas.unileon.es\/ciencias-biologicas-ambientales\/files\/2021\/10\/guias-animaleas.png\" width=\"646\" height=\"297\" \/><\/p>\n<p style=\"text-align: justify;\"><span style=\"color: #000000;\"><strong><u>Secci\u00f3n de Referencia<\/u><\/strong><\/span><strong> con diccionarios tem\u00e1ticos, de la lengua y de idiomas, enciclopedias generales y tem\u00e1ticas, nomen<\/strong><strong style=\"font-family: inherit;\">claturas, etc.<\/strong><\/p>\n<p style=\"text-align: justify;\"><strong>Su tejuelo es verde, el pr\u00e9stamo se realizar\u00e1 en el mismo d\u00eda y no es renovable.<\/strong><\/p>\n<p style=\"text-align: justify;\"><strong>En el <span style=\"color: #000000;\"><u>Dep\u00f3sito<\/u><\/span> est\u00e1n ubicadas, en estanter\u00edas de acceso cerrado, las obras m\u00e1s antiguas as\u00ed como las tesis, tesinas, CD-Rom, DVD, mapas y otros materiales que acompa\u00f1an al material bibliogr\u00e1fico depositado en la Sala.<\/strong><\/p>\n<p><img loading=\"lazy\" decoding=\"async\" class=\"wp-image-1275 alignright\" style=\"font-size: 16px;\" src=\"https:\/\/bibliotecas.unileon.es\/ciencias-biologicas-ambientales\/files\/2021\/10\/IMG_20211020_123218.jpg\" alt=\"\" width=\"635\" height=\"476\" \/><\/p>\n<p style=\"text-align: center;\"><span style=\"color: #000000;\"><strong>Para su consult<\/strong><strong>a hay que dirigirse al personal de la biblioteca.<\/strong><\/span><\/p>\n<table style=\"border-collapse: collapse; width: 100%;\">\n<tbody>\n<tr style=\"border-color: #4d1212; border-style: solid; background-color: #4dbf5e;\">\n<td style=\"width: 100%;\">\n<h2 style=\"text-align: center;\"><span style=\"color: #ffffff;\"><strong>Publicaciones Peri\u00f3dicas<\/strong><\/span><\/h2>\n<\/td>\n<\/tr>\n<\/tbody>\n<\/table>\n<p style=\"text-align: justify;\"><strong>La colecci\u00f3n de revistas de la Biblioteca est\u00e1 formada por unos 730 t\u00edtulos, de los cu\u00e1les 16 se encuentran en curso de recepci\u00f3n. Estas revistas se ubican en la Hemeroteca y en el Dep\u00f3sito.<\/strong><\/p>\n<p style=\"text-align: justify;\"><strong>En la <span style=\"color: #000000;\"><u>Hemeroteca<\/u><\/span> se encuentran los \u00faltimos n\u00fameros de algunas de las revistas en curso m\u00e1s importantes, colocadas en muebles expositores-almac\u00e9n en los que se muestra el \u00faltimo n\u00famero recibido y, recogidos en los cajetines, el resto de los n\u00fameros del a\u00f1o en curso.<\/strong><\/p>\n<p style=\"text-align: justify;\"><strong>Se\u00a0<\/strong><strong>pueden consultar libremente por el usuario o llevar en pr\u00e9stamo por un plazo de 7 d\u00edas renovables.<\/strong><\/p>\n<p style=\"text-align: justify;\"><strong>Las \u00c1reas Departamentales tambi\u00e9n cuentan con sus propias colecciones de revistas. Si se desean consultar hay que dirigirse al \u00c1rea correspondiente<\/strong><\/p>\n<table style=\"border-collapse: collapse; width: 100%;\">\n<tbody>\n<tr style=\"border-style: solid; border-color: #4d1212; background-color: #4dbf5e;\">\n<td style=\"width: 100%;\">\n<h2 style=\"text-align: center;\"><span style=\"color: #ffffff;\"><strong>Recursos electr\u00f3nicos<\/strong><\/span><\/h2>\n<\/td>\n<\/tr>\n<\/tbody>\n<\/table>\n<p><strong>La Universidad de Le\u00f3n est\u00e1\u00a0suscrita a:<\/strong><\/p>\n<p style=\"padding-left: 40px;\"><strong><a href=\"https:\/\/biblioteca.unileon.es\/az.php?t=26967\" target=\"_blank\" rel=\"noopener\"><img loading=\"lazy\" decoding=\"async\" class=\"alignnone wp-image-1245\" src=\"https:\/\/bibliotecas.unileon.es\/ciencias-biologicas-ambientales\/files\/2021\/07\/bd.png\" alt=\"\" width=\"31\" height=\"30\" \/> Bases de datos A-Z\u00a0\u00a0\u00a0<\/a><\/strong><\/p>\n<p style=\"padding-left: 40px;\"><strong><a href=\"https:\/\/biblioteca.unileon.es\/az.php?t=26969\" target=\"_blank\" rel=\"noopener\"><img loading=\"lazy\" decoding=\"async\" class=\"alignnone wp-image-1246\" src=\"https:\/\/bibliotecas.unileon.es\/ciencias-biologicas-ambientales\/files\/2021\/07\/r.png\" alt=\"\" width=\"29\" height=\"35\" \/> Revistas-e A-Z<\/a><\/strong><\/p>\n<p style=\"padding-left: 40px;\"><strong><a href=\"https:\/\/biblioteca.unileon.es\/az.php?t=26968\" target=\"_blank\" rel=\"noopener\"><img loading=\"lazy\" decoding=\"async\" class=\"alignnone wp-image-1247\" src=\"https:\/\/bibliotecas.unileon.es\/ciencias-biologicas-ambientales\/files\/2021\/07\/le.png\" alt=\"\" width=\"34\" height=\"37\" \/> Libros-e A-Z<\/a><\/strong><\/p>\n<ul>\n<li style=\"list-style-type: none;\">\n<ul>\n<li style=\"list-style-type: none;\">\n<ul>\n<li style=\"list-style-type: none;\">\n<ul>\n<li style=\"list-style-type: none;\">\n<ul>\n<li><a href=\"https:\/\/biblioteca.unileon.es\/c.php?g=689661\" target=\"_blank\" rel=\"noopener\">Acceso desde fuera de la ULE<\/a><\/li>\n<li><a href=\"https:\/\/biblioteca.unileon.es\/ld.php?content_id=34376632\" target=\"_blank\" rel=\"noopener\">Normativa de uso de los recursos electr\u00f3nicos<\/a><\/li>\n<li><a href=\"https:\/\/carne.unileon.es\/\" target=\"_blank\" rel=\"noopener\">Solicitud del Carn\u00e9 Universitario<\/a><\/li>\n<\/ul>\n<\/li>\n<\/ul>\n<\/li>\n<\/ul>\n<\/li>\n<\/ul>\n<\/li>\n<\/ul>\n<p style=\"text-align: justify;\"><strong>Finalmente, es importante indicar que en las \u00c1reas Departamentales de la Facultad existe una importante y rica colecci\u00f3n de bibliograf\u00eda. Si se desea consultar hay que solicitarla en el \u00c1rea correspondiente<\/strong><\/p>\n<p style=\"text-align: justify;\"><strong>Tambi\u00e9n se ha recopilado una selecci\u00f3n de recursos web relacionados con las materias impartidas en la Facultad. Se encuentra disponible en la secci\u00f3n <\/strong><span style=\"color: #0000ff;\"><a style=\"color: #0000ff;\" href=\"https:\/\/biblioteca.unileon.es\/guiastematicas\" target=\"_blank\" rel=\"noopener\"><strong>Gu\u00edas tem\u00e1ticas<\/strong><\/a><\/span><strong> de la p\u00e1gina web de la Biblioteca y en la secci\u00f3n M\u00e1s informaci\u00f3n de este blog.<\/strong><\/p>\n<p>Fecha de actualizaci\u00f3n 20 de Agosto de 2024<\/p>\n\n<!-- This is the start of the WP Twitter Button code -->\n<div id=\"rk_wp_twitter_button\" style=\"margin: 0px 0px 0px 0px; float: left\"><a href=\"http:\/\/twitter.com\/share\" class=\"twitter-share-button\" data-url=\"https:\/\/bibliotecas.unileon.es\/ciencias-biologicas-ambientales\/coleccion-bibliografica\/\" data-count=\"horizontal\">Tweet<\/a><script type=\"text\/javascript\" src=\"http:\/\/platform.twitter.com\/widgets.js\"><\/script><\/div>\n<!-- This is the end of the WP Twitter Button code -->\n\n","protected":false},"excerpt":{"rendered":"<p>El acceso a la colecci\u00f3n bibliogr\u00e1fica se realiza mediante la consulta del Cat\u00e1logo colectivo automatizado (OPAC) del que forman parte todos los recursos bibliogr\u00e1ficos de la Universidad independientemente de su ubicaci\u00f3n o soporte. La Biblioteca cuenta en la actualidad con &hellip; <a href=\"https:\/\/bibliotecas.unileon.es\/ciencias-biologicas-ambientales\/coleccion-bibliografica\/\">Sigue leyendo <span class=\"meta-nav\">&rarr;<\/span><\/a><\/p>\n","protected":false},"author":21,"featured_media":0,"parent":0,"menu_order":0,"comment_status":"open","ping_status":"open","template":"","meta":{"_bbp_topic_count":0,"_bbp_reply_count":0,"_bbp_total_topic_count":0,"_bbp_total_reply_count":0,"_bbp_voice_count":0,"_bbp_anonymous_reply_count":0,"_bbp_topic_count_hidden":0,"_bbp_reply_count_hidden":0,"_bbp_forum_subforum_count":0,"footnotes":""},"class_list":["post-72","page","type-page","status-publish","hentry"],"_links":{"self":[{"href":"https:\/\/bibliotecas.unileon.es\/ciencias-biologicas-ambientales\/wp-json\/wp\/v2\/pages\/72","targetHints":{"allow":["GET"]}}],"collection":[{"href":"https:\/\/bibliotecas.unileon.es\/ciencias-biologicas-ambientales\/wp-json\/wp\/v2\/pages"}],"about":[{"href":"https:\/\/bibliotecas.unileon.es\/ciencias-biologicas-ambientales\/wp-json\/wp\/v2\/types\/page"}],"author":[{"embeddable":true,"href":"https:\/\/bibliotecas.unileon.es\/ciencias-biologicas-ambientales\/wp-json\/wp\/v2\/users\/21"}],"replies":[{"embeddable":true,"href":"https:\/\/bibliotecas.unileon.es\/ciencias-biologicas-ambientales\/wp-json\/wp\/v2\/comments?post=72"}],"version-history":[{"count":30,"href":"https:\/\/bibliotecas.unileon.es\/ciencias-biologicas-ambientales\/wp-json\/wp\/v2\/pages\/72\/revisions"}],"predecessor-version":[{"id":683,"href":"https:\/\/bibliotecas.unileon.es\/ciencias-biologicas-ambientales\/wp-json\/wp\/v2\/pages\/72\/revisions\/683"}],"wp:attachment":[{"href":"https:\/\/bibliotecas.unileon.es\/ciencias-biologicas-ambientales\/wp-json\/wp\/v2\/media?parent=72"}],"curies":[{"name":"wp","href":"https:\/\/api.w.org\/{rel}","templated":true}]}}