{"id":1331,"date":"2016-11-15T13:21:53","date_gmt":"2016-11-15T12:21:53","guid":{"rendered":"http:\/\/bibliotecas.unileon.es\/ciencias-economicas-empresariales\/?page_id=1331"},"modified":"2023-07-21T10:29:01","modified_gmt":"2023-07-21T08:29:01","slug":"buscar-en-que-base-de-datos-esta-una-revista","status":"publish","type":"page","link":"https:\/\/bibliotecas.unileon.es\/ciencias-economicas-empresariales\/buscar-en-que-base-de-datos-esta-una-revista\/","title":{"rendered":"Buscar la presencia en bases de datos de una revista"},"content":{"rendered":"<p>&nbsp;<\/p>\n<p style=\"text-align: justify;\">Todas las bases de datos eval\u00faan la calidad de las revistas antes de incorporarlas. Por eso, estar presente en m\u00faltiples bases de datos, sobre todo en aquellas espec\u00edficas de la disciplina y que requieren criterios de inclusi\u00f3n muy selectivos, es un indicador de su calidad.<br \/>\nHabitualmente los propios editores incluyen en sus sitios web la relaci\u00f3n de bases de datos en las que se encuentra indizada su revista y utilizan esta informaci\u00f3n como carta de presentaci\u00f3n. Pero existen otros muchos lugares en los que localizar este dato.<\/p>\n<p>&nbsp;<\/p>\n<table style=\"width: 632px;\">\n<tbody>\n<tr>\n<td style=\"width: 237px;\">\n<h3><span style=\"color: #ff6600;\"><strong><br \/>\nUlrichsWeb<\/strong><\/span><\/h3>\n<\/td>\n<td style=\"width: 300px;\"><img loading=\"lazy\" decoding=\"async\" class=\"\" title=\"\" src=\"http:\/\/bibliotecas.unileon.es\/ciencias-economicas-empresariales\/files\/2016\/11\/ulrichs.jpg\" alt=\"\" width=\"274\" height=\"63\" \/><\/p>\n<p>&nbsp;<\/td>\n<\/tr>\n<tr>\n<td style=\"width: 537px;\" colspan=\"2\"><span style=\"color: #ff6600;\">Productor<\/span>: ProQuest<br \/>\n<span style=\"color: #ff6600;\">Fuente de los datos<\/span>: Revistas editadas en todo el mundo<br \/>\n<span style=\"color: #ff6600;\">Acceso<\/span>: Suscripci\u00f3n institucional. Restringido usuarios ULE<br \/>\n<span style=\"color: #ff6600;\">Consulta<\/span>: A trav\u00e9s del <a href=\"http:\/\/catoute.unileon.es\/record=b1834067~S1*spi\" target=\"_blank\" rel=\"noopener\">cat\u00e1logo bibliogr\u00e1fico<\/a><br \/>\nAcceso desde casa: con los datos del carn\u00e9 universitario<\/td>\n<\/tr>\n<tr>\n<td style=\"width: 537px;\" colspan=\"2\">&nbsp;<\/p>\n<p style=\"text-align: justify;\">Es una base de datos comercial que contiene informaci\u00f3n de m\u00e1s de 200.000 revistas. Una vez localizado un t\u00edtulo concreto, la informaci\u00f3n sobre las bases de datos que indexan esa revista aparece en las pesta\u00f1a \u201cDisponibilidad en l\u00ednea\u00bb y \u00abRealizaci\u00f3n de res\u00famenes e \u00edndices\u201d del registro.<\/p>\n<p><img loading=\"lazy\" decoding=\"async\" class=\"\" src=\"http:\/\/bibliotecas.unileon.es\/ciencias-economicas-empresariales\/files\/2018\/01\/ulrichs-bases-de-datos.png\" alt=\"\" width=\"614\" height=\"474\" \/><\/p>\n<p>&nbsp;<\/td>\n<\/tr>\n<\/tbody>\n<\/table>\n<p>&nbsp;<\/p>\n<table style=\"width: 100.615%;\">\n<tbody>\n<tr>\n<td style=\"width: 36.1795%;\">\n<h3><strong><span style=\"color: #ff6600;\">ISSN Portal<\/span><br \/>\n<\/strong><\/h3>\n<\/td>\n<td style=\"width: 56.5866%;\"><img loading=\"lazy\" decoding=\"async\" class=\"\" src=\"https:\/\/bibliotecas.unileon.es\/ciencias-economicas-empresariales\/files\/2022\/06\/logo-issn.jpg\" alt=\"\" width=\"301\" height=\"59\" \/><\/td>\n<\/tr>\n<tr>\n<td style=\"width: 92.7661%;\" colspan=\"2\"><span style=\"color: #ff6600;\">Productor<\/span>: International Centre of International Standard Serial Number<br \/>\n<span style=\"color: #ff6600;\">Fuente de los datos<\/span>: Editores de todo el mundo<br \/>\n<span style=\"color: #ff6600;\">Acceso<\/span>: Suscripci\u00f3n institucional. Restringido usuarios ULE<br \/>\n<span style=\"color: #ff6600;\">Consulta<\/span>: A trav\u00e9s del <a href=\"https:\/\/catoute.unileon.es\/permalink\/34BUC_ULE\/1ekdeev\/alma991004800839705772\" target=\"_blank\" rel=\"noopener\">cat\u00e1logo bibliogr\u00e1fico<\/a><br \/>\n<span style=\"color: #ff6600;\">Acceso desde casa<\/span>: con los datos del carn\u00e9 universitario<\/td>\n<\/tr>\n<tr>\n<td style=\"width: 92.7661%;\" colspan=\"2\">Es la base de datos oficial del ISSN Centre y contiene todas las revistas con ISSN registrado por los distintos Centros nacionales. Proporciona la siguiente informaci\u00f3n:<\/p>\n<p>&#8211; T\u00edtulo normalizado de la revista (adem\u00e1s de t\u00edtulos clave y abreviado)<br \/>\n&#8211; Otras variantes de t\u00edtulo<br \/>\n&#8211; Materias<br \/>\n&#8211; Editor original y actual<br \/>\n&#8211; Nombre del editor corporativo<br \/>\n&#8211; ISNI<br \/>\n&#8211; Fecha de publicaci\u00f3n<br \/>\n&#8211; Frecuencia<br \/>\n&#8211; Tipo de recurso<br \/>\n&#8211; Idioma<br \/>\n&#8211; <span style=\"color: #ff6600;\">Cobertura por bases de datos de res\u00famenes e indizaci\u00f3n<\/span><br \/>\n&#8211; Publicaciones relacionadas<br \/>\n&#8211; Enlaces hacia recursos externos.<\/p>\n<p style=\"text-align: center;\"><img loading=\"lazy\" decoding=\"async\" class=\"\" src=\"https:\/\/bibliotecas.unileon.es\/ciencias-economicas-empresariales\/files\/2022\/06\/issn-1.jpg\" alt=\"\" width=\"301\" height=\"382\" \/><\/p>\n<\/td>\n<\/tr>\n<\/tbody>\n<\/table>\n<table style=\"width: 102.475%;\">\n<tbody>\n<tr>\n<td style=\"width: 48.9146%;\">\n<h3><span style=\"color: #ff6600;\"><strong>MIAR<\/strong><\/span><\/h3>\n<\/td>\n<td style=\"width: 36.8407%;\"><img loading=\"lazy\" decoding=\"async\" class=\"\" src=\"http:\/\/bibliotecas.unileon.es\/ciencias-economicas-empresariales\/files\/2016\/11\/miar.jpg\" width=\"201\" height=\"59\" \/><\/p>\n<p>&nbsp;<\/td>\n<\/tr>\n<tr>\n<td style=\"width: 85.7553%;\" colspan=\"2\"><span style=\"color: #ff6600;\">Productor<\/span>: Universitat de Barcelona, Facultat de Biblioteconomia y Documentaci\u00f3n<br \/>\n<span style=\"color: #ff6600;\">Fuente de los datos<\/span>: Revistas editadas en todo el mundo<br \/>\n<span style=\"color: #ff6600;\">Acceso<\/span>: Gratuito<br \/>\n<span style=\"color: #ff6600;\">Indicador<\/span>: ICDS<br \/>\n<a href=\"http:\/\/miar.ub.edu\/\" target=\"_blank\" rel=\"noopener\">Consulta<\/a><\/td>\n<\/tr>\n<tr>\n<td style=\"width: 85.7553%;\" colspan=\"2\">&nbsp;<\/p>\n<p style=\"text-align: justify;\">MIAR incluye m\u00e1s de 48.000 publicaciones (Ed. de 2022), de las cuales m\u00e1s de 5.000 son revistas de Econom\u00eda, Empresa, Negocios y Gesti\u00f3n. Su principal objetivo es analizar la visibilidad de una revista rastreando su presencia en bases de datos y repertorios multidisciplinares. El resultado de este an\u00e1lisis es el indicador ICDS (\u00cdndice Compuesto de Difusi\u00f3n Secundaria).<\/p>\n<p style=\"text-align: justify;\">Para elaborar el ICDS MIAR analiza la presencia de una revista en\u00a0 los <a href=\"http:\/\/miar.ub.edu\/databases\/GRUPO\/E\" target=\"_blank\" rel=\"noopener\">siguientes repertorios<\/a>:<\/p>\n<ul style=\"text-align: justify;\">\n<li>Los 3 Index\u00a0 de Web of Science (Social Science Citation Index, Science Citation Index y Arts &amp; Humanities Citation Index)<\/li>\n<li>Emerging Sources Citation Index de Web of Science<\/li>\n<li>Scopus<\/li>\n<li>8 Bases de datos multidisciplinares (Academic Search Premier, ASSIA, FRANCIS, Fuente Academica Plus, IBZ Online, International Bibliography of Social Sciences, PASCAL y Periodicals\u00a0 Index Online)<\/li>\n<li>95 Bases de datos especializadas.<\/li>\n<\/ul>\n<p style=\"text-align: justify;\">Para conocer en qu\u00e9 bases de datos aparece una revista hay que hacer una b\u00fasqueda por t\u00edtulo y consultar los apartados \u00abIndizada en\u00bb y \u00abEvaluada en\u00bb\u00a0 para ver las bases de datos (especializadas, multidisciplinares o de citas) y los sistemas de evaluaci\u00f3n que incluyen la revista. El ICDS valora esta presencia. La informaci\u00f3n detallada se puede consultar en la pesta\u00f1a \u00abVisibilidad\u00bb<\/p>\n<p style=\"text-align: center;\"><img loading=\"lazy\" decoding=\"async\" class=\"\" src=\"http:\/\/bibliotecas.unileon.es\/ciencias-economicas-empresariales\/files\/2018\/01\/campo-indexada-en-miar.png\" alt=\"\" width=\"606\" height=\"361\" \/><\/p>\n<p>A partir del a\u00f1o 2022 MIAR no muestra el indicador ICDS calculado. La forma de hacerlo est\u00e1 disponible en: https:\/\/miar.ub.edu\/about-miar.<br \/>\nLos valores de a\u00f1os anteriores est\u00e1n disponibles en las versiones archivadas de MIAR.<\/td>\n<\/tr>\n<\/tbody>\n<\/table>\n<p>&nbsp;<\/p>\n<table style=\"width: 100.631%;\">\n<tbody>\n<tr>\n<td style=\"width: 41.5625%;\">\n<h3><strong><span style=\"color: #ff6600;\">\u00a0RESH<\/span><\/strong><\/h3>\n<h5><strong><em><span style=\"color: #ff0000;\">No se actualiza<\/span><\/em><\/strong><\/h5>\n<\/td>\n<td style=\"width: 58.863%;\">\u00a0 \u00a0\u00a0<img loading=\"lazy\" decoding=\"async\" class=\"\" src=\"http:\/\/bibliotecas.unileon.es\/ciencias-economicas-empresariales\/files\/2016\/11\/resh.jpg\" width=\"239\" height=\"103\" \/><\/p>\n<p>&nbsp;<\/td>\n<\/tr>\n<tr>\n<td style=\"width: 100.425%;\" colspan=\"2\"><span style=\"color: #ff6600;\">Productor<\/span>: Grupos de Investigaci\u00f3n EC3 de la Universidad de Granada y EPUC del CSIC<br \/>\n<span style=\"color: #ff6600;\">Fuente de los datos<\/span>: Revistas recibidas en la Biblioteca del CSIC<br \/>\n<span style=\"color: #ff6600;\">Acceso<\/span>: Gratuito<br \/>\n<a href=\"http:\/\/epuc.cchs.csic.es\/resh\/\" target=\"_blank\" rel=\"noopener\">Consulta<\/a><\/td>\n<\/tr>\n<tr>\n<td style=\"width: 100.425%;\" colspan=\"2\">&nbsp;<\/p>\n<p style=\"text-align: justify;\">Aunque RESH es propiamente un producto de evaluaci\u00f3n de revistas uno de los criterios que utiliz\u00f3 para categorizar a las revistas fue su grado de difusi\u00f3n mediante al an\u00e1lisis de su presencia en las bases de datos.<br \/>\nRESH chequea 79 bases de datos bibliogr\u00e1ficas especializadas y generalistas, todas ellas internacionales excepto ISOC e ICYT, cuya cobertura es la producci\u00f3n cient\u00edfica espa\u00f1ola.<\/p>\n<p style=\"text-align: justify;\">Para localizar en RESH la informaci\u00f3n sobre las bases de datos que indexan una revista es necesario hacer una b\u00fasqueda por t\u00edtulo y consultar la columna \u201cDifusi\u00f3n \/ Bases de datos\u201d de la tabla de resultados. Pinchando sobre el n\u00famero se mostrar\u00e1n los nombres de las bases de datos en las que se incluye ese t\u00edtulo.<\/p>\n<p style=\"text-align: justify;\">Este producto no se actualiza por lo que la relaci\u00f3n de bases de datos que indexan un t\u00edtulo puede no ser exacta.<\/p>\n<\/td>\n<\/tr>\n<\/tbody>\n<\/table>\n<p>&nbsp;<\/p>\n<table style=\"width: 100.166%;\">\n<tbody>\n<tr>\n<td style=\"width: 32.8125%;\">\n<h3><span style=\"color: #ff6600;\"><strong>\u00a0DICE<\/strong><\/span><\/h3>\n<h5><strong><span style=\"color: #ff0000;\">No se actualiza<\/span><\/strong><\/h5>\n<\/td>\n<td style=\"width: 66.9924%;\">\u00a0<img loading=\"lazy\" decoding=\"async\" class=\"\" title=\"\" src=\"http:\/\/bibliotecas.unileon.es\/ciencias-economicas-empresariales\/files\/2016\/11\/dice.jpg\" alt=\"\" width=\"380\" height=\"60\" \/><\/p>\n<p>&nbsp;<\/td>\n<\/tr>\n<tr>\n<td style=\"width: 99.8049%;\" colspan=\"2\"><span style=\"color: #ff6600;\">Productor<\/span>: Grupo de Investigaci\u00f3n EPUC-Evaluaci\u00f3n de Publicaciones Cient\u00edficas en Ciencias Sociales y Humanas (CSIC)<br \/>\n<span style=\"color: #ff6600;\">Fuente de los datos<\/span>: Revistas recibidas en la Biblioteca del CSIC<br \/>\n<span style=\"color: #ff6600;\">Acceso<\/span>: Gratuito<br \/>\n<a href=\"http:\/\/dice.cindoc.csic.es\/\" target=\"_blank\" rel=\"noopener\">Consulta<\/a><\/td>\n<\/tr>\n<tr>\n<td style=\"width: 99.8049%;\" colspan=\"2\">&nbsp;<\/p>\n<p style=\"text-align: justify;\">Al igual que MIAR, DICE es tambi\u00e9n un producto de evaluaci\u00f3n que utiliz\u00f3 la presencia de una revista en diversas bases de datos como criterio de calidad. A cada revista se le asigna una puntuaci\u00f3n en funci\u00f3n de las bases de datos en las que est\u00e9 indizada teniendo en cuenta el car\u00e1cter m\u00e1s o menos selectivo de las mismas y su especializaci\u00f3n tem\u00e1tica. Se trabaj\u00f3 con un total de 80 bases de datos, todas ellas internacionales, excepto ISOC, ICYT e IME (CSIC) que tienen cobertura nacional.<\/p>\n<p style=\"text-align: justify;\">Para saber en qu\u00e9 bases de datos se incluye una revista hay que hacer una b\u00fasqueda por t\u00edtulo y consultar el apartado \u201cBases de datos que la incluyen\u201d.<\/p>\n<p style=\"text-align: justify;\">Hay que tener en cuenta que este producto no se actualiza por lo cual la informaci\u00f3n que proporciona puede ser parcial.<\/p>\n<\/td>\n<\/tr>\n<\/tbody>\n<\/table>\n<p>&nbsp;<\/p>\n<table style=\"width: 99.9997%;\">\n<tbody>\n<tr>\n<td style=\"width: 41.7188%;\">\n<h3><span style=\"color: #ff6600;\"><strong>Journal Scholar Metrics<\/strong><\/span><\/h3>\n<\/td>\n<td style=\"width: 58.2761%;\">\u00a0<img loading=\"lazy\" decoding=\"async\" class=\"\" src=\"http:\/\/bibliotecas.unileon.es\/ciencias-economicas-empresariales\/files\/2016\/11\/jsm.jpg\" width=\"323\" height=\"60\" \/><\/p>\n<p>&nbsp;<\/td>\n<\/tr>\n<tr>\n<td style=\"width: 99.995%;\" colspan=\"2\">Productor: Grupo de Investigaci\u00f3n EC3 de la Universidad de Granada<br \/>\nFuente de los datos: Google Scholar<br \/>\nAcceso Gratuito<br \/>\n<a href=\"http:\/\/www.journal-scholar-metrics.infoec3.es\/layout.php?id=home\" target=\"_blank\" rel=\"noopener\">Consulta<\/a><\/td>\n<\/tr>\n<tr>\n<td style=\"width: 99.995%;\" colspan=\"2\">&nbsp;<\/p>\n<p style=\"text-align: justify;\">Adem\u00e1s del an\u00e1lisis de las citas recibidas por los art\u00edculos publicados en una revista Google Scholar Metrics utiliza la presencia de la revista en bases de datos como indicio de su calidad.<\/p>\n<p style=\"text-align: justify;\">Para conocer en qu\u00e9 bases de datos se incluye una revista seg\u00fan JSM es necesario hacer una b\u00fasqueda por t\u00edtulo y consultar el apartado \u201cIndexed in\u201d de la tabla de resultados.<\/p>\n<\/td>\n<\/tr>\n<\/tbody>\n<\/table>\n<p>&nbsp;<\/p>\n<table style=\"width: 99.9972%;\">\n<tbody>\n<tr>\n<td style=\"width: 37.0313%;\">\n<h3><strong><span style=\"color: #ff6600;\">\u00a0Latindex<\/span><\/strong><\/h3>\n<\/td>\n<td style=\"width: 62.9129%;\">\u00a0\u00a0\u00a0\u00a0\u00a0\u00a0\u00a0\u00a0\u00a0\u00a0\u00a0\u00a0\u00a0\u00a0\u00a0\u00a0\u00a0\u00a0\u00a0\u00a0\u00a0\u00a0\u00a0\u00a0\u00a0 <img loading=\"lazy\" decoding=\"async\" class=\"\" title=\"\" src=\"http:\/\/bibliotecas.unileon.es\/ciencias-economicas-empresariales\/files\/2016\/11\/latindex.jpg\" alt=\"\" width=\"201\" height=\"61\" \/><\/p>\n<p>&nbsp;<\/td>\n<\/tr>\n<tr>\n<td style=\"width: 99.9442%;\" colspan=\"2\">Productor: Universidad Nacional Aut\u00f3noma de M\u00e9xico<br \/>\nAcceso: Gratuito<br \/>\n<a href=\"http:\/\/www.latindex.org\/latindex\/InicioCatalogo\" target=\"_blank\" rel=\"noopener\">Consulta<\/a><\/td>\n<\/tr>\n<tr>\n<td style=\"width: 99.9442%;\" colspan=\"2\">&nbsp;<\/p>\n<p>La informaci\u00f3n sobre las bases de datos que indexan una revista se incluye en tambi\u00e9n Latindex en el apartado \u201c\u00cdndices y res\u00famenes\u201d de cada registro.<\/td>\n<\/tr>\n<\/tbody>\n<\/table>\n<p>&nbsp;<\/p>\n<table style=\"width: 100.756%;\">\n<tbody>\n<tr>\n<td style=\"width: 99.1934%;\" colspan=\"2\">\n<h3><span style=\"color: #ff6600;\"><strong>\u00a0Master Journal Lists<\/strong><\/span><\/h3>\n<p>&nbsp;<\/td>\n<\/tr>\n<tr>\n<td style=\"width: 99.1934%;\" colspan=\"2\">&nbsp;<\/p>\n<p style=\"text-align: justify;\">Son muchas las bases de datos que publican la lista de las revistas que contienen. Rastrear estos listados le confirmar\u00e1 la presencia de un t\u00edtulo en determinada base de datos. Estos son los master lists de los productores m\u00e1s importantes<\/p>\n<p>&nbsp;<\/td>\n<\/tr>\n<tr>\n<td style=\"width: 50%;\"><img loading=\"lazy\" decoding=\"async\" class=\"\" title=\"\" src=\"http:\/\/bibliotecas.unileon.es\/ciencias-economicas-empresariales\/files\/2016\/11\/abi.jpg\" alt=\"\" width=\"260\" height=\"35\" \/><\/td>\n<td style=\"width: 49.1934%;\">Listado de revistas incluidas en <a href=\"http:\/\/tls.search.proquest.com\/titlelist\/ProductSearch?productName=abi&amp;subject=0\" target=\"_blank\" rel=\"noopener\">ABI\/Inform Collection<\/a> (ProQuest)<\/p>\n<p>&nbsp;<\/td>\n<\/tr>\n<tr>\n<td style=\"width: 50%;\">Revistas incluidas en:<\/p>\n<p><a href=\"https:\/\/www.ebscohost.com\/academic\/academic-search-complete\" target=\"_blank\" rel=\"noopener\">Academic Search Complete<\/a><\/p>\n<p><a href=\"https:\/\/www.ebscohost.com\/academic\/business-source-complete\" target=\"_blank\" rel=\"noopener\">Business Source Complete<\/a><\/p>\n<p>&nbsp;<\/td>\n<td style=\"width: 49.1934%;\"><img loading=\"lazy\" decoding=\"async\" class=\"\" title=\"\" src=\"http:\/\/bibliotecas.unileon.es\/ciencias-economicas-empresariales\/files\/2016\/11\/ebsco.jpg\" alt=\"\" width=\"274\" height=\"36\" \/><\/td>\n<\/tr>\n<tr>\n<td style=\"width: 50%;\"><img loading=\"lazy\" decoding=\"async\" class=\"\" title=\"\" src=\"http:\/\/bibliotecas.unileon.es\/ciencias-economicas-empresariales\/files\/2016\/11\/econlit.jpg\" alt=\"\" width=\"270\" height=\"107\" \/><\/td>\n<td style=\"width: 49.1934%;\">Revistas incluidas en <a href=\"https:\/\/www.aeaweb.org\/econlit\/journal_list.php\" target=\"_blank\" rel=\"noopener\">EconLit<\/a><\/p>\n<p>&nbsp;<\/p>\n<p>&nbsp;<\/td>\n<\/tr>\n<tr>\n<td style=\"width: 50%;\"><a href=\"https:\/\/www.scopus.com\/sources?sortField=&amp;metricName=&amp;sortDirection=&amp;navTo=ALL&amp;offset=0&amp;displayAll=true&amp;sortPerformedState=&amp;sortDirectionMOne=&amp;sortDirectionMTwo=&amp;metricDisplayIndex=0&amp;subjectArea=&amp;typeFilter=&amp;subscriptionFilter=&amp;openAccessDisplay=&amp;tabName=browseSourceTab&amp;bMark=Y&amp;txGid=326fad90d1d20800ba916e39130da330\" target=\"_blank\" rel=\"noopener\">Listado de revistas<\/a> Scopus (Elsevier)<\/p>\n<p>&nbsp;<\/td>\n<td style=\"width: 49.1934%;\"><img loading=\"lazy\" decoding=\"async\" title=\"\" src=\"http:\/\/bibliotecas.unileon.es\/ciencias-economicas-empresariales\/files\/2016\/11\/scopus.jpg\" alt=\"\" width=\"173\" height=\"86\" \/><\/td>\n<\/tr>\n<tr>\n<td style=\"width: 50%;\"><img loading=\"lazy\" decoding=\"async\" class=\"\" title=\"\" src=\"http:\/\/bibliotecas.unileon.es\/ciencias-economicas-empresariales\/files\/2016\/11\/wos.jpg\" alt=\"\" width=\"273\" height=\"55\" \/><\/td>\n<td style=\"width: 49.1934%;\"><a href=\"https:\/\/mjl.clarivate.com\/home\" target=\"_blank\" rel=\"noopener\">Listado de revistas<\/a> incluidas en WOS<\/p>\n<p>Listado de libros : <a href=\"http:\/\/wokinfo.com\/mbl\/\" target=\"_blank\" rel=\"noopener\">Master Book List<\/a><\/p>\n<p>&nbsp;<\/td>\n<\/tr>\n<\/tbody>\n<\/table>\n<p>&nbsp;<\/p>\n<table style=\"width: 101.25%;\">\n<tbody>\n<tr>\n<td style=\"width: 52.9688%;\">\n<h3><strong><span style=\"color: #ff6600;\">Emerging Sources Citation Index<\/span><\/strong><\/h3>\n<\/td>\n<td style=\"width: 48.2348%;\">\u00a0\u00a0\u00a0\u00a0\u00a0\u00a0\u00a0\u00a0\u00a0\u00a0\u00a0\u00a0\u00a0\u00a0\u00a0\u00a0\u00a0\u00a0 <img loading=\"lazy\" decoding=\"async\" class=\"\" src=\"http:\/\/bibliotecas.unileon.es\/ciencias-economicas-empresariales\/files\/2016\/11\/wos.jpg\" width=\"233\" height=\"47\" \/><\/p>\n<p>&nbsp;<\/td>\n<\/tr>\n<tr>\n<td style=\"width: 101.204%;\" colspan=\"2\"><span style=\"color: #ff6600;\">Productor<\/span>: Thomson Reuters<br \/>\n<span style=\"color: #ff6600;\">Fuente de los datos<\/span>: <a href=\"https:\/\/buc-ule.primo.exlibrisgroup.com\/permalink\/34BUC_ULE\/cpikm1\/alma991005804089705772\" target=\"_blank\" rel=\"noopener\">Web of Science<\/a> \/ <a href=\"https:\/\/catoute.unileon.es\/permalink\/34BUC_ULE\/cpikm1\/alma991006100229705772\" target=\"_blank\" rel=\"noopener\">Journal Citation Reports<\/a><br \/>\n<span style=\"color: #ff6600;\">Cobertura<\/span>: desde 2015<br \/>\n<span style=\"color: #ff6600;\">Acceso<\/span>: Licencia Nacional Fecyt<br \/>\n<span style=\"color: #ff6600;\">Consulta<\/span>: a trav\u00e9s del cat\u00e1logo de la Biblioteca<\/p>\n<ul>\n<li>Desde el Campus: Si no ha creado una cuenta personal utilice la opci\u00f3n <em>Institutional Shibboleth<\/em> y en el desplegable seleccione <em>Federation of Spain by Fecyt<\/em>.<\/li>\n<li>Desde fuera del Campus: Consulte el <a href=\"http:\/\/biblioteca.unileon.es\/files\/WOK%20nuevo.pdf#overlay-context=ayuda-formacion\/guias-de-recusos-e\" class=\"mtli_attachment mtli_pdf\" target=\"_blank\" rel=\"noopener\">documento<\/a> elaborado por la Biblioteca.<\/li>\n<\/ul>\n<\/td>\n<\/tr>\n<tr>\n<td style=\"width: 101.204%;\" colspan=\"2\">&nbsp;<\/p>\n<p style=\"text-align: justify;\">Desde noviembre de 2015 la colecci\u00f3n principal de Web of Science incorpora a la licencia nacional el nuevo producto Emerging Sources Citation Index.<br \/>\nSe trata de una base de datos donde aparecen todas las revistas que en la pr\u00e1ctica est\u00e1n siendo evaluadas para formar parte de las bases de datos de Web of Science (Science Citation Index, Social Science Citation Index y Arts &amp; Humanities Citation Index). Ello a\u00f1ade transparencia al proceso de evaluaci\u00f3n y hace p\u00fablicas las m\u00e9tricas de estas revistas.<\/p>\n<p style=\"text-align: justify;\">ESCI sali\u00f3 a la luz con unas 1.500 revistas y en enero de 2022 incluye m\u00e1s de 7.200 t\u00edtulos. De ellas 132 pertenecen a la categor\u00eda tem\u00e1tica \u201cBusiness\u201d, 111 son de \u201cBusiness, Finance\u201d, 180 de \u201cEconomics\u201d, 72 de \u201cHospitality, leisure, sport &amp; tourism\u201d y 158de \u201cManagement\u201d.<br \/>\nPara formar parte de ESCI las revistas tienen que acreditar \u00a0revisi\u00f3n por pares, el cumplimiento de las pr\u00e1cticas de publicaci\u00f3n \u00e9ticas, tener contenidos de inter\u00e9s elevado para la comunidad cient\u00edfica o experta y cumplir \u00a0los requisitos t\u00e9cnicos de Thomson Reuters.<\/p>\n<p style=\"text-align: justify;\">Desde el punto de vista de la evaluaci\u00f3n, la presencia de una revista en ESCI puede ser utilizada como criterio de calidad. Desde 2021 estas revistas se incluyen en JCR aunque no tienen factor de impacto. JCR s\u00ed proporciona para ellas la m\u00e9trica JCI (Journal Citation Indicator)<\/p>\n<p style=\"text-align: justify;\">En el <a href=\"https:\/\/mjl.clarivate.com\/home\" target=\"_blank\" rel=\"noopener\">Master Journal List de Web of Science<\/a> (producto gratuito) se puede consultar el listado completo de las revistas Emerging, aplicando el filtro Web of Science <em>Coverage \/ Emerging Sources Citation Index<\/em>.<\/p>\n<p style=\"text-align: justify;\">Tambi\u00e9n se puede acceder al listado de revistas Emerging desde <a href=\"https:\/\/catoute.unileon.es\/permalink\/34BUC_ULE\/cpikm1\/alma991006100229705772\" target=\"_blank\" rel=\"noopener\">Journal Citation Reports<\/a> aplicando en la opci\u00f3n \u00abBrowse journals\u00bb el filtro <em>Citation Indexes\/Emerging Sources Citation Index (ESCI)<\/em><\/p>\n<\/td>\n<\/tr>\n<\/tbody>\n<\/table>\n<p>&nbsp;<\/p>\n<p>&nbsp;<\/p>\n","protected":false},"excerpt":{"rendered":"<p>&nbsp; Todas las bases de datos eval\u00faan la calidad de las revistas antes de incorporarlas. Por eso, estar presente en m\u00faltiples bases de datos, sobre todo en aquellas espec\u00edficas de la disciplina y que requieren criterios de inclusi\u00f3n muy selectivos, &hellip; <a href=\"https:\/\/bibliotecas.unileon.es\/ciencias-economicas-empresariales\/buscar-en-que-base-de-datos-esta-una-revista\/\">Sigue leyendo <span class=\"meta-nav\">&rarr;<\/span><\/a><\/p>\n","protected":false},"author":22,"featured_media":0,"parent":0,"menu_order":0,"comment_status":"closed","ping_status":"closed","template":"","meta":{"_bbp_topic_count":0,"_bbp_reply_count":0,"_bbp_total_topic_count":0,"_bbp_total_reply_count":0,"_bbp_voice_count":0,"_bbp_anonymous_reply_count":0,"_bbp_topic_count_hidden":0,"_bbp_reply_count_hidden":0,"_bbp_forum_subforum_count":0,"footnotes":""},"class_list":["post-1331","page","type-page","status-publish","hentry"],"_links":{"self":[{"href":"https:\/\/bibliotecas.unileon.es\/ciencias-economicas-empresariales\/wp-json\/wp\/v2\/pages\/1331","targetHints":{"allow":["GET"]}}],"collection":[{"href":"https:\/\/bibliotecas.unileon.es\/ciencias-economicas-empresariales\/wp-json\/wp\/v2\/pages"}],"about":[{"href":"https:\/\/bibliotecas.unileon.es\/ciencias-economicas-empresariales\/wp-json\/wp\/v2\/types\/page"}],"author":[{"embeddable":true,"href":"https:\/\/bibliotecas.unileon.es\/ciencias-economicas-empresariales\/wp-json\/wp\/v2\/users\/22"}],"replies":[{"embeddable":true,"href":"https:\/\/bibliotecas.unileon.es\/ciencias-economicas-empresariales\/wp-json\/wp\/v2\/comments?post=1331"}],"version-history":[{"count":1,"href":"https:\/\/bibliotecas.unileon.es\/ciencias-economicas-empresariales\/wp-json\/wp\/v2\/pages\/1331\/revisions"}],"predecessor-version":[{"id":1382,"href":"https:\/\/bibliotecas.unileon.es\/ciencias-economicas-empresariales\/wp-json\/wp\/v2\/pages\/1331\/revisions\/1382"}],"wp:attachment":[{"href":"https:\/\/bibliotecas.unileon.es\/ciencias-economicas-empresariales\/wp-json\/wp\/v2\/media?parent=1331"}],"curies":[{"name":"wp","href":"https:\/\/api.w.org\/{rel}","templated":true}]}}