{"id":1346,"date":"2016-11-22T14:20:50","date_gmt":"2016-11-22T13:20:50","guid":{"rendered":"http:\/\/bibliotecas.unileon.es\/ciencias-economicas-empresariales\/?page_id=1346"},"modified":"2022-12-21T08:54:31","modified_gmt":"2022-12-21T07:54:31","slug":"buscar-las-citas-recibidas-por-un-articulo","status":"publish","type":"page","link":"https:\/\/bibliotecas.unileon.es\/ciencias-economicas-empresariales\/buscar-las-citas-recibidas-por-un-articulo\/","title":{"rendered":"Buscar las citas recibidas por un trabajo"},"content":{"rendered":"<p>&nbsp;<\/p>\n<p>En los procesos de evaluaci\u00f3n y acreditaci\u00f3n los art\u00edculos presentados se valoran en funci\u00f3n de la posici\u00f3n que en un determinado ranking (JCR, SJR, JSM\u2026) ocupa la revista en la que se publican, o de la posici\u00f3n que en un listado de editores (SPI) ocupe el editor si se trata de una monograf\u00eda.<br \/>\nNo obstante, estos criterios de calidad relativos no son determinantes y siempre se complementan con los indicios espec\u00edficos disponibles para cada aportaci\u00f3n concreta en forma de citas recibidas. As\u00ed pues, conocer las citas que ha recibido un determinado trabajo es imprescindible para evaluar su calidad.<\/p>\n<p>&nbsp;<\/p>\n<table>\n<tbody>\n<tr>\n<td style=\"text-align: center;\"><span style=\"color: #ff6600;\"><em>JCR (Journal Citation Reports) y SJR (Scimago Journal &amp; Country Rank) sirven para evaluar revistas pero no art\u00edculos ni autores<\/em><\/span><\/td>\n<\/tr>\n<\/tbody>\n<\/table>\n<p>&nbsp;<\/p>\n<p>Son varios los productos que permiten conocer las citas recibidas por un documento. Desde las bases de datos accesibles mediante costosas suscripciones como Web of Science y Scopus a otros productos gratuitos de uso generalizado y mucho m\u00e1s accesibles como Google Scholar.<\/p>\n<p>Existen adem\u00e1s productos espec\u00edficos para el \u00e1mbito de la econom\u00eda y los negocios que permiten localizar las citas recibidas por un determinado trabajo o autor como <a href=\"http:\/\/citec.repec.org\/\" target=\"_blank\" rel=\"noopener\">CitEc<\/a>, que basa sus resultados en la informaci\u00f3n contenida en RepEc,\u00a0 o <a href=\"http:\/\/www.harzing.com\/resources\/publish-or-perish\" target=\"_blank\" rel=\"noopener\">Publish or Perish<\/a> que se basa en la informaci\u00f3n recogida en Google Acad\u00e9mico. Al ser productos parciales se recomienda usar directamente Google Acad\u00e9mico porque ofrece resultados m\u00e1s completos.<\/p>\n<p>&nbsp;<\/p>\n<table>\n<tbody>\n<tr>\n<td style=\"text-align: center;\"><em><span style=\"color: #ff6600;\"> La mayor\u00eda de las bases de datos especializadas incluyen informaci\u00f3n sobre el n\u00famero de citas que por parte del resto de las revistas indexadas en el mismo producto han recibido los trabajos en ellas publicados.<\/span><\/em><\/td>\n<\/tr>\n<\/tbody>\n<\/table>\n<p>&nbsp;<\/p>\n<p>Es habitual que todas las grandes bases de datos especializadas indiquen el n\u00famero de citas que han recibido los art\u00edculos que se publican dentro de las revistas que indexan. <strong><span style=\"color: #ff6600;\">El problema es conocer las citas que ha recibido un documento que no se publica en una revista de primer nivel incluida en una base de datos internacional. <\/span><\/strong><\/p>\n<p>En este sentido es bueno saber que algunos productores indexan no s\u00f3lo los art\u00edculos sino tambi\u00e9n\u00a0 la bibliograf\u00eda incluida en cada uno de esos art\u00edculos lo cual permite la b\u00fasqueda por\u00a0 referencia citada. De esta forma, aunque la revista en la que se public\u00f3 una contribuci\u00f3n no sea muy relevante sus indicios de calidad mejorar\u00e1n mucho si ha recibido muchas citas y \u00e9stas proceden de revistas de primer nivel incluidas en importantes bases de datos y rankings internacionales.<\/p>\n<p>&nbsp;<\/p>\n<p>Para aprender a buscar las citas recibidas por un trabajo consulte las entradas<\/p>\n<p><a href=\"http:\/\/bibliotecas.unileon.es\/ciencias-economicas-empresariales\/buscar-citas-en-web-of-science\/\" target=\"_blank\" rel=\"noopener\">Buscar citas en Web of Science<\/a><\/p>\n<p><a href=\"http:\/\/bibliotecas.unileon.es\/ciencias-economicas-empresariales\/buscar-citas-en-scopus\/\" target=\"_blank\" rel=\"noopener\">Buscar citas en Scopus<\/a><\/p>\n<p><a href=\"http:\/\/bibliotecas.unileon.es\/ciencias-economicas-empresariales\/buscar-citas-en-google-academico\/\" target=\"_blank\" rel=\"noopener\">Buscar citas en Google Acad\u00e9mico<\/a>.<\/p>\n<p><a href=\"https:\/\/bibliotecas.unileon.es\/ciencias-economicas-empresariales\/buscar-citas-en-citationchaser\/\" target=\"_blank\" rel=\"noopener\">Buscar citas en Citation Chaser<\/a><\/p>\n<p>&nbsp;<\/p>\n","protected":false},"excerpt":{"rendered":"<p>&nbsp; En los procesos de evaluaci\u00f3n y acreditaci\u00f3n los art\u00edculos presentados se valoran en funci\u00f3n de la posici\u00f3n que en un determinado ranking (JCR, SJR, JSM\u2026) ocupa la revista en la que se publican, o de la posici\u00f3n que en &hellip; <a href=\"https:\/\/bibliotecas.unileon.es\/ciencias-economicas-empresariales\/buscar-las-citas-recibidas-por-un-articulo\/\">Sigue leyendo <span class=\"meta-nav\">&rarr;<\/span><\/a><\/p>\n","protected":false},"author":22,"featured_media":0,"parent":0,"menu_order":0,"comment_status":"closed","ping_status":"closed","template":"","meta":{"_bbp_topic_count":0,"_bbp_reply_count":0,"_bbp_total_topic_count":0,"_bbp_total_reply_count":0,"_bbp_voice_count":0,"_bbp_anonymous_reply_count":0,"_bbp_topic_count_hidden":0,"_bbp_reply_count_hidden":0,"_bbp_forum_subforum_count":0,"footnotes":""},"class_list":["post-1346","page","type-page","status-publish","hentry"],"_links":{"self":[{"href":"https:\/\/bibliotecas.unileon.es\/ciencias-economicas-empresariales\/wp-json\/wp\/v2\/pages\/1346","targetHints":{"allow":["GET"]}}],"collection":[{"href":"https:\/\/bibliotecas.unileon.es\/ciencias-economicas-empresariales\/wp-json\/wp\/v2\/pages"}],"about":[{"href":"https:\/\/bibliotecas.unileon.es\/ciencias-economicas-empresariales\/wp-json\/wp\/v2\/types\/page"}],"author":[{"embeddable":true,"href":"https:\/\/bibliotecas.unileon.es\/ciencias-economicas-empresariales\/wp-json\/wp\/v2\/users\/22"}],"replies":[{"embeddable":true,"href":"https:\/\/bibliotecas.unileon.es\/ciencias-economicas-empresariales\/wp-json\/wp\/v2\/comments?post=1346"}],"version-history":[{"count":1,"href":"https:\/\/bibliotecas.unileon.es\/ciencias-economicas-empresariales\/wp-json\/wp\/v2\/pages\/1346\/revisions"}],"predecessor-version":[{"id":1422,"href":"https:\/\/bibliotecas.unileon.es\/ciencias-economicas-empresariales\/wp-json\/wp\/v2\/pages\/1346\/revisions\/1422"}],"wp:attachment":[{"href":"https:\/\/bibliotecas.unileon.es\/ciencias-economicas-empresariales\/wp-json\/wp\/v2\/media?parent=1346"}],"curies":[{"name":"wp","href":"https:\/\/api.w.org\/{rel}","templated":true}]}}