{"id":1386,"date":"2016-12-06T20:15:42","date_gmt":"2016-12-06T19:15:42","guid":{"rendered":"http:\/\/bibliotecas.unileon.es\/ciencias-economicas-empresariales\/?page_id=1386"},"modified":"2022-12-05T12:46:32","modified_gmt":"2022-12-05T11:46:32","slug":"buscar-citas-en-web-of-science","status":"publish","type":"page","link":"https:\/\/bibliotecas.unileon.es\/ciencias-economicas-empresariales\/buscar-citas-en-web-of-science\/","title":{"rendered":"Buscar citas en Web of Science"},"content":{"rendered":"<p style=\"text-align: center;\"><span style=\"color: #ffffff;\">.<\/span><\/p>\n<p style=\"text-align: center;\"><img loading=\"lazy\" decoding=\"async\" class=\"\" src=\" https:\/\/bibliotecas.unileon.es\/ciencias-economicas-empresariales\/files\/2022\/06\/logo-wos.jpg\" alt=\"\" width=\"308\" height=\"123\" \/><\/p>\n<p>&nbsp;<\/p>\n<table>\n<tbody>\n<tr>\n<td style=\"border-color: #ff6600;\"><span style=\"color: #ff6600;\"><strong>Productor<\/strong><\/span>:\u00a0 Clarivate<br \/>\n<span style=\"color: #ff6600;\"><strong>Cobertura<\/strong><\/span>: desde 1990<br \/>\n<span style=\"color: #ff6600;\"><strong>Acceso<\/strong><\/span>: Licencia Nacional FECYT<br \/>\n<span style=\"color: #ff6600;\"><strong>Consulta<\/strong><\/span>:\u00a0 A trav\u00e9s del <a href=\"https:\/\/catoute.unileon.es\/permalink\/34BUC_ULE\/1ekdeev\/alma991005804089705772\" target=\"_blank\" rel=\"noopener\">cat\u00e1logo de la Biblioteca<\/a><\/p>\n<ul>\n<li>Desde el Campus: Si no ha creado una cuenta personal utilice la opci\u00f3n <em>Institutional Shibboleth<\/em> y en el desplegable seleccione <em>Federation of Spain by Fecyt<\/em>.<\/li>\n<li>Desde fuera del Campus: Consulte el <a class=\"mtli_attachment mtli_pdf\" href=\"https:\/\/biblioteca.unileon.es\/ld.php?content_id=33572307\" target=\"_blank\" rel=\"noopener\">documento<\/a> elaborado por la Biblioteca.<\/li>\n<\/ul>\n<\/td>\n<\/tr>\n<\/tbody>\n<\/table>\n<p>&nbsp;<\/p>\n<p style=\"text-align: justify;\">Antes de buscar las citas recibidas por un trabajo en la WOS tenga en cuenta que la licencia nacional permite el acceso a la Colecci\u00f3n Principal (Web of Science Core Collection) y tambi\u00e9n a otras bases de datos. Si busca en la opci\u00f3n \u201cTodas las bases de datos\u201d recuperar\u00e1 las citas que el art\u00edculo haya recibido no s\u00f3lo en la Core Collection sino tambi\u00e9n en otras bases de datos como Korean Journal Database, Russian Science Citation Index o Scielo Citation Index.<br \/>\nNuestra recomendaci\u00f3n es que utilice para sus b\u00fasquedas la Colecci\u00f3n principal.<\/p>\n<p>&nbsp;<\/p>\n<p style=\"text-align: center;\"><img loading=\"lazy\" decoding=\"async\" class=\"\" src=\"https:\/\/bibliotecas.unileon.es\/ciencias-economicas-empresariales\/files\/2022\/06\/core-collection-wos.jpg\" alt=\"\" width=\"582\" height=\"385\" \/><\/p>\n<p>&nbsp;<\/p>\n<h3><strong><span style=\"color: #ff6600;\">Buscar las citas recibidas por art\u00edculos publicados en la Web of Science<\/span><\/strong><\/h3>\n<p style=\"text-align: justify;\">Si su art\u00edculo ha sido publicado en una revista indexada en la Web of Science podr\u00e1 completar los indicios de calidad indicando las veces\u00a0 que ese art\u00edculo ha sido citado por el resto de las revistas incluidas en WOS.<br \/>\nPara ello haga una b\u00fasqueda por cualquiera de los campos conocidos o combine varios de ellos (autor, t\u00edtulo del art\u00edculo \u2013entre comillas- , t\u00edtulo de la revista en la que se public\u00f3, a\u00f1o de publicaci\u00f3n, etc.). Una vez haya localizado el documento en la parte derecha de la pantalla tendr\u00e1 la informaci\u00f3n sobre el n\u00famero de veces que ese art\u00edculo ha sido citado en la Colecci\u00f3n principal de Web of Science.<\/p>\n<p style=\"text-align: center;\"><img loading=\"lazy\" decoding=\"async\" class=\"\" src=\"https:\/\/bibliotecas.unileon.es\/ciencias-economicas-empresariales\/files\/2022\/06\/citas-recibidas-wos.jpg\" alt=\"\" width=\"586\" height=\"141\" \/><\/p>\n<p>&nbsp;<\/p>\n<h3><span style=\"color: #ff6600;\"><strong>Buscar por referencia citada (para trabajos no publicados en revistas indexadas en WOS)<\/strong><\/span><\/h3>\n<p style=\"text-align: justify;\">Esta opci\u00f3n le permitir\u00e1 conocer las veces que aparece citado en la WOS \u00a0cualquier art\u00edculo de revista o libro aunque no forme parte de las publicaciones indexadas en WOS. Tambi\u00e9n podr\u00e1 recuperar citas de documentos publicados en la WOS que no son tenidas en cuenta en el apartado anterior por contener errores.<\/p>\n<p style=\"text-align: justify;\">En las opciones de b\u00fasqueda deber\u00e1 seleccionar \u201cReferencias citadas\u201d <em>(Cited references). <\/em>En el siguiente ejemplo se muestra la b\u00fasqueda para conocer las citas que un art\u00edculo publicado en Pecunia (no indexada en Web of Science) ha recibido por parte de las revistas incluidas en WOS.<em><br \/>\n<\/em><\/p>\n<p style=\"text-align: center;\"><img loading=\"lazy\" decoding=\"async\" class=\"\" src=\"https:\/\/bibliotecas.unileon.es\/ciencias-economicas-empresariales\/files\/2022\/06\/referencia-citada-wos-1.jpg\" alt=\"\" width=\"582\" height=\"459\" \/><\/p>\n<p>&nbsp;<\/p>\n<p>Al hacer una b\u00fasqueda de este tipo tenga en cuenta lo siguiente:<\/p>\n<ul>\n<li>Podr\u00e1 buscar por autor citado, por el t\u00edtulo del trabajo citado o de la revista en la que se public\u00f3 o por el a\u00f1o de publicaci\u00f3n, volumen, n\u00famero o p\u00e1ginas.<\/li>\n<li>Si usa la opci\u00f3n de b\u00fasqueda por autor tenga en cuenta que deber\u00e1 buscar por el apellido o apellidos del primer autor que firme la obra (puede que no sea usted). Utilice truncamientos (*) y variantes del nombre. Busque por el primer apellido pero tambi\u00e9n por el segundo. Tenga en cuenta las posibles variantes que puedan haber sido utilizadas y \u00fanalas con el operador OR.<\/li>\n<li>Si usa la opci\u00f3n de b\u00fasqueda por \u201ct\u00edtulo citado\u201d ponga las primeras palabras del t\u00edtulo del trabajo (art\u00edculo o libro). Elimine los art\u00edculos.<\/li>\n<li>Si usa la opci\u00f3n de b\u00fasqueda por \u201ctrabajo citado\u201d ponga las primeras palabras del t\u00edtulo de la revista en la que se public\u00f3 su art\u00edculo y trunque con asteriscos. Puede utilizar el \u00edndice de revistas.<\/li>\n<li>Cuanto m\u00e1s abierta y amplia sea su b\u00fasqueda m\u00e1s probabilidades tendr\u00e1 de recuperar todas las citas existentes. Pruebe distintas opciones.<\/li>\n<\/ul>\n<p style=\"text-align: justify;\">Obtendr\u00e1 un listado en el que aparecer\u00e1n tanto las citas correctas o m\u00e1s completas como las incorrectas o incompletas. Frecuentemente los errores tipogr\u00e1ficos al redactar las citas ocasionan errores en el conteo final. Por lo com\u00fan los errores pueden\u00a0 aparecer en el a\u00f1o, el volumen o el rango de p\u00e1ginas.<\/p>\n<p style=\"text-align: center;\"><img loading=\"lazy\" decoding=\"async\" class=\"\" src=\"https:\/\/bibliotecas.unileon.es\/ciencias-economicas-empresariales\/files\/2022\/06\/resultados-busqueda-referencia-citada.jpg\" alt=\"\" width=\"591\" height=\"207\" \/><\/p>\n<p style=\"text-align: justify;\">Marque todas las citas, incluidas las err\u00f3neas o incompletas, y pinche en \u00abVer los resultados\u00bb para generar el informe final en el que podr\u00e1 ver la relaci\u00f3n de todos los documentos que citan al suyo.<\/p>\n<p>&nbsp;<\/p>\n<p>&nbsp;<\/p>\n","protected":false},"excerpt":{"rendered":"<p>. &nbsp; Productor:\u00a0 Clarivate Cobertura: desde 1990 Acceso: Licencia Nacional FECYT Consulta:\u00a0 A trav\u00e9s del cat\u00e1logo de la Biblioteca Desde el Campus: Si no ha creado una cuenta personal utilice la opci\u00f3n Institutional Shibboleth y en el desplegable seleccione Federation &hellip; <a href=\"https:\/\/bibliotecas.unileon.es\/ciencias-economicas-empresariales\/buscar-citas-en-web-of-science\/\">Sigue leyendo <span class=\"meta-nav\">&rarr;<\/span><\/a><\/p>\n","protected":false},"author":22,"featured_media":0,"parent":0,"menu_order":0,"comment_status":"closed","ping_status":"closed","template":"","meta":{"_bbp_topic_count":0,"_bbp_reply_count":0,"_bbp_total_topic_count":0,"_bbp_total_reply_count":0,"_bbp_voice_count":0,"_bbp_anonymous_reply_count":0,"_bbp_topic_count_hidden":0,"_bbp_reply_count_hidden":0,"_bbp_forum_subforum_count":0,"footnotes":""},"class_list":["post-1386","page","type-page","status-publish","hentry"],"_links":{"self":[{"href":"https:\/\/bibliotecas.unileon.es\/ciencias-economicas-empresariales\/wp-json\/wp\/v2\/pages\/1386","targetHints":{"allow":["GET"]}}],"collection":[{"href":"https:\/\/bibliotecas.unileon.es\/ciencias-economicas-empresariales\/wp-json\/wp\/v2\/pages"}],"about":[{"href":"https:\/\/bibliotecas.unileon.es\/ciencias-economicas-empresariales\/wp-json\/wp\/v2\/types\/page"}],"author":[{"embeddable":true,"href":"https:\/\/bibliotecas.unileon.es\/ciencias-economicas-empresariales\/wp-json\/wp\/v2\/users\/22"}],"replies":[{"embeddable":true,"href":"https:\/\/bibliotecas.unileon.es\/ciencias-economicas-empresariales\/wp-json\/wp\/v2\/comments?post=1386"}],"version-history":[{"count":1,"href":"https:\/\/bibliotecas.unileon.es\/ciencias-economicas-empresariales\/wp-json\/wp\/v2\/pages\/1386\/revisions"}],"predecessor-version":[{"id":1423,"href":"https:\/\/bibliotecas.unileon.es\/ciencias-economicas-empresariales\/wp-json\/wp\/v2\/pages\/1386\/revisions\/1423"}],"wp:attachment":[{"href":"https:\/\/bibliotecas.unileon.es\/ciencias-economicas-empresariales\/wp-json\/wp\/v2\/media?parent=1386"}],"curies":[{"name":"wp","href":"https:\/\/api.w.org\/{rel}","templated":true}]}}