{"id":1400,"date":"2016-12-06T20:33:00","date_gmt":"2016-12-06T19:33:00","guid":{"rendered":"http:\/\/bibliotecas.unileon.es\/ciencias-economicas-empresariales\/?page_id=1400"},"modified":"2023-07-13T11:49:13","modified_gmt":"2023-07-13T09:49:13","slug":"busca-un-libro-en-bases-de-datos","status":"publish","type":"page","link":"https:\/\/bibliotecas.unileon.es\/ciencias-economicas-empresariales\/busca-un-libro-en-bases-de-datos\/","title":{"rendered":"Buscar un libro en bases de datos"},"content":{"rendered":"<p>&nbsp;<\/p>\n<p style=\"text-align: justify;\">Aunque las monograf\u00edas no son el tipo de documento m\u00e1s presente en las bases de datos algunos productores como Thomson Reuters o Elsevier incluyen libros en sus productos m\u00e1s emblem\u00e1ticos (Book Citation Index de Web of Science, Scopus) aplicando criterios de selecci\u00f3n muy restrictivos. Por eso, estar presente en estas bases de datos puede ser aportado como criterio de calidad a la hora evaluar una monograf\u00eda.<\/p>\n<p>&nbsp;<\/p>\n<table>\n<tbody>\n<tr>\n<td width=\"288\">\n<h3><strong><span style=\"color: #ff6600;\">Book Citation Index<br \/>\n<\/span><\/strong><\/h3>\n<\/td>\n<td style=\"text-align: center;\" width=\"288\"><img loading=\"lazy\" decoding=\"async\" class=\"\" src=\"https:\/\/bibliotecas.unileon.es\/ciencias-economicas-empresariales\/files\/2023\/07\/book-citation-index.png\" alt=\"\" width=\"150\" height=\"150\" \/><\/td>\n<\/tr>\n<tr>\n<td colspan=\"2\" width=\"576\"><span style=\"color: #ff6600;\"><strong>Productor<\/strong><\/span>:\u00a0 Thomson Reuters<br \/>\n<span style=\"color: #ff6600;\"><strong>Acceso<\/strong><\/span>: Licencia Nacional FECYT<br \/>\n<span style=\"color: #ff6600;\"><strong>Consulta<\/strong><\/span>:\u00a0 A trav\u00e9s de Web of Science en el <a href=\"https:\/\/catoute.unileon.es\/permalink\/34BUC_ULE\/1ekdeev\/alma991005804089705772\" target=\"_blank\" rel=\"noopener\">cat\u00e1logo de la Biblioteca<\/a><\/p>\n<ul>\n<li style=\"text-align: justify;\">Desde el Campus: Si no ha creado una cuenta personal utilice la opci\u00f3n <em>Institutional Shibboleth<\/em> y en el desplegable seleccione <em>Federation of Spain by Fecyt<\/em>.<\/li>\n<li style=\"text-align: justify;\">Desde fuera del Campus: Si no ha creado una cuenta personal consulte el <a href=\"https:\/\/biblioteca.unileon.es\/ld.php?content_id=33572307\" target=\"_blank\" rel=\"noopener\">documento<\/a> elaborado por la Biblioteca (acceso a trav\u00e9s de RedIris).<\/li>\n<\/ul>\n<\/td>\n<\/tr>\n<tr>\n<td colspan=\"2\" width=\"576\">&nbsp;<\/p>\n<p>Book Citation Index forma parte de las bases de datos de la Colecci\u00f3n principal (Core Collection) de Web of Science. Est\u00e1 disponible en dos ediciones: Book Citation Index-Science y Book Citation Index-Social Sciences &amp; Humanities.<\/p>\n<p>&nbsp;<\/p>\n<p style=\"text-align: center;\"><img loading=\"lazy\" decoding=\"async\" class=\"\" src=\"https:\/\/bibliotecas.unileon.es\/ciencias-economicas-empresariales\/files\/2023\/07\/Book-citation-Index.jpg\" alt=\"\" width=\"562\" height=\"260\" \/><\/p>\n<p>&nbsp;<\/p>\n<p>Los libros incluidos aportan informaci\u00f3n sobre el n\u00famero de citas recibidas que puede ser aportada como un indicador de impacto<\/p>\n<p>&nbsp;<\/p>\n<p><img loading=\"lazy\" decoding=\"async\" class=\"\" src=\"https:\/\/bibliotecas.unileon.es\/ciencias-economicas-empresariales\/files\/2023\/07\/citas-en-book-citation-index.jpg\" alt=\"\" width=\"591\" height=\"179\" \/><\/p>\n<p style=\"text-align: justify;\">Thomson Reuters publica tanto los \u00a0<a href=\"https:\/\/clarivate.com\/products\/scientific-and-academic-research\/research-discovery-and-workflow-solutions\/web-of-science\/core-collection\/editorial-selection-process\/\" target=\"_blank\" rel=\"noopener\">criterios de selecci\u00f3n<\/a> para las monograf\u00edas como el listado de libros incluidos en la WOS (<a href=\"http:\/\/wokinfo.com\/mbl\/?utm_source=false&amp;utm_medium=false&amp;utm_campaign=false\" target=\"_blank\" rel=\"noopener\">Master Book List<\/a>)<\/p>\n<\/td>\n<\/tr>\n<\/tbody>\n<\/table>\n<p>&nbsp;<\/p>\n<table>\n<tbody>\n<tr>\n<td width=\"288\">\n<h3><span style=\"color: #ff6600;\"><strong>Scopus<\/strong><\/span><\/h3>\n<\/td>\n<td width=\"288\">\u00a0<img loading=\"lazy\" decoding=\"async\" title=\"\" src=\"http:\/\/bibliotecas.unileon.es\/ciencias-economicas-empresariales\/files\/2016\/11\/scopus.jpg\" alt=\"\" width=\"173\" height=\"86\" \/><\/td>\n<\/tr>\n<tr>\n<td colspan=\"2\" width=\"576\"><span style=\"color: #ff6600;\"><strong>Productor<\/strong><\/span>:\u00a0Elsevier<br \/>\n<span style=\"color: #ff6600;\"><strong>Acceso<\/strong><\/span>: Licencia Nacional FECYT<br \/>\n<span style=\"color: #ff6600;\"><strong>Consulta<\/strong><\/span>:\u00a0 A trav\u00e9s del <a href=\"https:\/\/clarivate.com\/products\/scientific-and-academic-research\/research-discovery-and-workflow-solutions\/web-of-science\/core-collection\/editorial-selection-process\/\" target=\"_blank\" rel=\"noopener\">cat\u00e1logo de la Biblioteca<\/a><\/p>\n<ul>\n<li style=\"text-align: justify;\">Desde fuera del Campus. Si no ha creado una cuenta personal desde un ordenador de la ULE consulte el <a href=\"http:\/\/biblioteca.unileon.es\/files\/SCOPUS_1.pdf#overlay-context=ayuda-formacion\/guias-de-recusos-e\" class=\"mtli_attachment mtli_pdf\" target=\"_blank\" rel=\"noopener\">documento\u00a0 <\/a>elaborado por la Biblioteca (Acceso a trav\u00e9s de RedIris).<\/li>\n<\/ul>\n<\/td>\n<\/tr>\n<tr>\n<td colspan=\"2\" width=\"576\">&nbsp;<\/p>\n<p style=\"text-align: justify;\">Elsevier publica el Listado de <a href=\"https:\/\/www.elsevier.com\/solutions\/scopus\/content\" target=\"_blank\" rel=\"noopener\">libros contenidos en Scopus<\/a> que contiene \u00a0unos 120.000 t\u00edtulos<\/p>\n<\/td>\n<\/tr>\n<\/tbody>\n<\/table>\n<p>&nbsp;<\/p>\n<p style=\"text-align: justify;\">Otras bases de datos tambi\u00e9n indexan libros y cap\u00edtulos de libros como Springer Link (223.000, 22.000 de CC. Sociales) o Wiley Interscience (20.000).<\/p>\n<p style=\"text-align: justify;\">Consulte las bases de datos y colecciones de revistas contratadas por la Biblioteca en los apartados <a href=\"http:\/\/bibliotecas.unileon.es\/ciencias-economicas-empresariales\/bases-de-datos\/\" target=\"_blank\" rel=\"noopener\"><em>Recursos electronicos para econom\u00eda y empresa\/Bases de datos suscritas<\/em><\/a> y <a href=\"http:\/\/bibliotecas.unileon.es\/ciencias-economicas-empresariales\/revistas-electronicas\/\" target=\"_blank\" rel=\"noopener\"><em>Recursos electr\u00f3nicos para econom\u00eda y empresa\/Revistas electr\u00f3nicas<\/em><\/a> de esta web<\/p>\n<p>&nbsp;<\/p>\n","protected":false},"excerpt":{"rendered":"<p>&nbsp; Aunque las monograf\u00edas no son el tipo de documento m\u00e1s presente en las bases de datos algunos productores como Thomson Reuters o Elsevier incluyen libros en sus productos m\u00e1s emblem\u00e1ticos (Book Citation Index de Web of Science, Scopus) aplicando &hellip; <a href=\"https:\/\/bibliotecas.unileon.es\/ciencias-economicas-empresariales\/busca-un-libro-en-bases-de-datos\/\">Sigue leyendo <span class=\"meta-nav\">&rarr;<\/span><\/a><\/p>\n","protected":false},"author":22,"featured_media":0,"parent":0,"menu_order":0,"comment_status":"closed","ping_status":"closed","template":"","meta":{"_bbp_topic_count":0,"_bbp_reply_count":0,"_bbp_total_topic_count":0,"_bbp_total_reply_count":0,"_bbp_voice_count":0,"_bbp_anonymous_reply_count":0,"_bbp_topic_count_hidden":0,"_bbp_reply_count_hidden":0,"_bbp_forum_subforum_count":0,"footnotes":""},"class_list":["post-1400","page","type-page","status-publish","hentry"],"_links":{"self":[{"href":"https:\/\/bibliotecas.unileon.es\/ciencias-economicas-empresariales\/wp-json\/wp\/v2\/pages\/1400","targetHints":{"allow":["GET"]}}],"collection":[{"href":"https:\/\/bibliotecas.unileon.es\/ciencias-economicas-empresariales\/wp-json\/wp\/v2\/pages"}],"about":[{"href":"https:\/\/bibliotecas.unileon.es\/ciencias-economicas-empresariales\/wp-json\/wp\/v2\/types\/page"}],"author":[{"embeddable":true,"href":"https:\/\/bibliotecas.unileon.es\/ciencias-economicas-empresariales\/wp-json\/wp\/v2\/users\/22"}],"replies":[{"embeddable":true,"href":"https:\/\/bibliotecas.unileon.es\/ciencias-economicas-empresariales\/wp-json\/wp\/v2\/comments?post=1400"}],"version-history":[{"count":1,"href":"https:\/\/bibliotecas.unileon.es\/ciencias-economicas-empresariales\/wp-json\/wp\/v2\/pages\/1400\/revisions"}],"predecessor-version":[{"id":1406,"href":"https:\/\/bibliotecas.unileon.es\/ciencias-economicas-empresariales\/wp-json\/wp\/v2\/pages\/1400\/revisions\/1406"}],"wp:attachment":[{"href":"https:\/\/bibliotecas.unileon.es\/ciencias-economicas-empresariales\/wp-json\/wp\/v2\/media?parent=1400"}],"curies":[{"name":"wp","href":"https:\/\/api.w.org\/{rel}","templated":true}]}}