{"id":1546,"date":"2017-12-01T10:53:21","date_gmt":"2017-12-01T09:53:21","guid":{"rendered":"http:\/\/bibliotecas.unileon.es\/ciencias-economicas-empresariales\/?page_id=1546"},"modified":"2023-01-17T09:19:01","modified_gmt":"2023-01-17T08:19:01","slug":"busca-las-citas-recibidas-por-un-autor-el-indice-h","status":"publish","type":"page","link":"https:\/\/bibliotecas.unileon.es\/ciencias-economicas-empresariales\/busca-las-citas-recibidas-por-un-autor-el-indice-h\/","title":{"rendered":"Buscar las citas recibidas por un autor. El \u00cdndice h"},"content":{"rendered":"<p>A partir del an\u00e1lisis de las citas es posible valorar la importancia de un trabajo o de una revista. Se dice que un trabajo es m\u00e1s influyente si ha recibido muchas citas y las revistas de mayor impacto son aquellas en las que se han publicado los art\u00edculos m\u00e1s citados.<\/p>\n<p>De la misma forma, a partir del an\u00e1lisis de citas se concluye que los autores cuyos trabajos han recibido m\u00e1s citas son m\u00e1s relevantes.<\/p>\n<p>&nbsp;<\/p>\n<table style=\"border-color: #ff6600;\">\n<tbody>\n<tr>\n<td>\n<h5 style=\"text-align: center;\">Para que el recuento de citas sea m\u00e1s fiable es muy importante que los investigadores j\u00f3venes tomen conciencia de la importancia de firmar sus trabajos siempre de la misma forma. Variaciones en la firma a lo largo tiempo originan p\u00e9rdida de citas en el recuento y distorsiones en las m\u00e9tricas asociadas a un investigador. Para evitarlo es imprescindible seguir las <a href=\"https:\/\/biblioteca.unileon.es\/files\/Normalizaci%C3%B3n%20de%20la%20firma_0.pdf#overlay-context=servicios\/servicios-para-profesores\/acreditacion-y-sexenios\/perfil-investigador\" class=\"mtli_attachment mtli_pdf\" target=\"_blank\" rel=\"noopener\">Pautas para la Normalizaci\u00f3n de la Firma<\/a> aprobadas por el Consejo de Gobierno de la ULE en marzo de 2017.<\/h5>\n<\/td>\n<\/tr>\n<\/tbody>\n<\/table>\n<p>&nbsp;<\/p>\n<p style=\"text-align: center;\"><em><span style=\"color: #ff6600;\">El indicador que mide el impacto de un autor a partir del recuento de las citas que han recibido sus trabajos es el \u00cdndice h. Su c\u00e1lculo fue desarrollado por el Profesor Jorge Hirsh de la Universidad de California en el a\u00f1o 2005.<\/span><\/em><\/p>\n<p>&nbsp;<\/p>\n<p><span style=\"color: #ff6600;\">\u00bfC\u00f3mo se calcula el \u00cdndice h?<\/span><\/p>\n<p>Gran parte del \u00e9xito de este indicador radica en su facilidad de c\u00e1lculo.<\/p>\n<ol>\n<li>Si un autor desea calcular su \u00cdndice h primero tendr\u00e1 que saber cu\u00e1ntas citas han recibido sus trabajos (ver el apartado \u201c<a href=\"http:\/\/bibliotecas.unileon.es\/ciencias-economicas-empresariales\/buscar-las-citas-recibidas-por-un-articulo\/\" target=\"_blank\" rel=\"noopener\">Buscar las citas recibidas por un trabajo<\/a>\u201d de esta web)<\/li>\n<li>A continuaci\u00f3n hay que ordenar los trabajos por el n\u00famero de citas recibidas en orden descendente. Indique a la derecha del art\u00edculo el n\u00famero de citas recibidas y a la izquierda el n\u00famero de orden que ocupa en la lista. El trabajo con m\u00e1s citas ser\u00e1 el n\u00famero 1, el siguiente el n\u00famero 2, etc.<\/li>\n<li>Trace una l\u00ednea en el punto en el que el n\u00famero de citas recibidas sea igual o mayor al n\u00famero de orden. El n\u00famero de orden que identifique el trabajo que se encuentra justo por encima de la l\u00ednea es el \u00cdndice h del investigador.<\/li>\n<\/ol>\n<p style=\"text-align: center;\"><img loading=\"lazy\" decoding=\"async\" class=\"\" src=\"http:\/\/bibliotecas.unileon.es\/ciencias-economicas-empresariales\/files\/2017\/12\/tabla-indice-h.jpg\" alt=\"\" width=\"423\" height=\"187\" \/><\/p>\n<p>Si un investigador tiene un \u00cdndice h de 5 significa que de todos los trabajos que ha publicado al menos 5 de ellos han recibido como m\u00ednimo 5 citas cada uno.<\/p>\n<p>&nbsp;<\/p>\n<p><span style=\"color: #ff6600;\">Puntos fuertes y d\u00e9biles del \u00cdndice h<\/span><\/p>\n<ul>\n<li>El \u00cdndice h refleja el impacto de un investigador dentro su comunidad cient\u00edfica. Permite comparar cient\u00edficos pero siempre que pertenezcan a la misma rama del conocimiento pues es sabido que los patrones de citaci\u00f3n var\u00edan mucho de unos campos a otros.<\/li>\n<li>Correlaciona el n\u00famero del citas de un autor con su producci\u00f3n global, es decir, mide simult\u00e1neamente la calidad (n\u00famero de citas) y la cantidad (n\u00famero de art\u00edculos). El hecho de que un \u00fanico trabajo haya recibido muchas citas no es importante para el c\u00e1lculo de este \u00cdndice. Lo relevante es que el n\u00famero de citas se reparta entre m\u00faltiples trabajos.<\/li>\n<li>Los investigadores j\u00f3venes o con pocos trabajos publicados obtienen puntuaciones inferiores a aquellos otros con una larga trayectoria a pesar de que sus trabajos sean muy relevantes.<\/li>\n<li>Los autores son evaluados por las citas que reciben sus trabajos, no por la relevancia de las revistas en las que \u00e9stos se publican. Los sistemas de evaluaci\u00f3n en Espa\u00f1a tienden a valorar a los investigadores en funci\u00f3n del cuartil que ocupan las revistas en las que publican sus trabajos. Sin embargo en el c\u00e1lculo del \u00cdndice h todas las citas recibidas pesan lo mismo independientemente de si la revista en la que se haya publicado el trabajo ocupa posiciones relevantes, o no, en un ranking determinado (JCR, SJR, etc.).<\/li>\n<li>Finalmente, algunos piensan que el \u00cdndice h da m\u00e1s importancia a la cantidad que a la calidad de las publicaciones. No obstante lo cierto es que un autor con 20 art\u00edculos citados 20 veces cada uno tiene el mismo \u00cdndice h que otro con 200 art\u00edculos citados 20 veces cada uno.<\/li>\n<\/ul>\n<p>&nbsp;<\/p>\n<p><span style=\"color: #ff6600;\">\u00bfD\u00f3nde se consulta el \u00cdndice h?<\/span><\/p>\n<p style=\"text-align: justify;\">Productos comerciales como las bases de datos Web of Science y Scopus ofrecen el c\u00e1lculo del \u00cdndice h de los investigadores entre sus m\u00e9tricas. Pero hay que tener en cuenta lo siguiente:<\/p>\n<ul style=\"text-align: justify;\">\n<li>Los trabajos tienen que haber sido publicados en una revista incluida en la base de datos. No se tienen en cuenta los trabajos publicados en otras revistas.<\/li>\n<li>Las citas que se contabilizan son las que ese trabajo ha recibido por parte del resto de las revistas incluidas en la base de datos. No se contabilizan las citas procedentes de\u00a0 trabajos publicados en otras revistas no indexadas.<\/li>\n<\/ul>\n<p style=\"text-align: justify;\">Frente a ello, algunos productos como Google Scholar Citations permiten recuperar m\u00e1s citas porque rastrean un volumen mucho mayor de informaci\u00f3n (toda la disponible en Google Acad\u00e9mico) pero a cambio es necesario crear y mantener un perfil de autor en Google.<\/p>\n<p style=\"text-align: justify;\">Para m\u00e1s informaci\u00f3n consulte las siguientes entradas:<\/p>\n<p><a href=\"http:\/\/bibliotecas.unileon.es\/ciencias-economicas-empresariales\/calculo-del-indice-h-en-la-web-of-science\/\" target=\"_blank\" rel=\"noopener\">Buscar el \u00cdndice h en la Web of Science<\/a><br \/>\n<a href=\"http:\/\/bibliotecas.unileon.es\/ciencias-economicas-empresariales\/calculo-del-indice-h-en-scopus\/\" target=\"_blank\" rel=\"noopener\">Buscar el \u00cdndice h en Scopus<\/a><br \/>\n<a href=\"http:\/\/bibliotecas.unileon.es\/ciencias-economicas-empresariales\/1565-2\/\" target=\"_blank\" rel=\"noopener\">Buscar el \u00cdndice h en Google Acad\u00e9mico<\/a><\/p>\n<p>&nbsp;<\/p>\n","protected":false},"excerpt":{"rendered":"<p>A partir del an\u00e1lisis de las citas es posible valorar la importancia de un trabajo o de una revista. Se dice que un trabajo es m\u00e1s influyente si ha recibido muchas citas y las revistas de mayor impacto son aquellas &hellip; <a href=\"https:\/\/bibliotecas.unileon.es\/ciencias-economicas-empresariales\/busca-las-citas-recibidas-por-un-autor-el-indice-h\/\">Sigue leyendo <span class=\"meta-nav\">&rarr;<\/span><\/a><\/p>\n","protected":false},"author":22,"featured_media":0,"parent":0,"menu_order":0,"comment_status":"closed","ping_status":"closed","template":"","meta":{"_bbp_topic_count":0,"_bbp_reply_count":0,"_bbp_total_topic_count":0,"_bbp_total_reply_count":0,"_bbp_voice_count":0,"_bbp_anonymous_reply_count":0,"_bbp_topic_count_hidden":0,"_bbp_reply_count_hidden":0,"_bbp_forum_subforum_count":0,"footnotes":""},"class_list":["post-1546","page","type-page","status-publish","hentry"],"_links":{"self":[{"href":"https:\/\/bibliotecas.unileon.es\/ciencias-economicas-empresariales\/wp-json\/wp\/v2\/pages\/1546","targetHints":{"allow":["GET"]}}],"collection":[{"href":"https:\/\/bibliotecas.unileon.es\/ciencias-economicas-empresariales\/wp-json\/wp\/v2\/pages"}],"about":[{"href":"https:\/\/bibliotecas.unileon.es\/ciencias-economicas-empresariales\/wp-json\/wp\/v2\/types\/page"}],"author":[{"embeddable":true,"href":"https:\/\/bibliotecas.unileon.es\/ciencias-economicas-empresariales\/wp-json\/wp\/v2\/users\/22"}],"replies":[{"embeddable":true,"href":"https:\/\/bibliotecas.unileon.es\/ciencias-economicas-empresariales\/wp-json\/wp\/v2\/comments?post=1546"}],"version-history":[{"count":1,"href":"https:\/\/bibliotecas.unileon.es\/ciencias-economicas-empresariales\/wp-json\/wp\/v2\/pages\/1546\/revisions"}],"predecessor-version":[{"id":1548,"href":"https:\/\/bibliotecas.unileon.es\/ciencias-economicas-empresariales\/wp-json\/wp\/v2\/pages\/1546\/revisions\/1548"}],"wp:attachment":[{"href":"https:\/\/bibliotecas.unileon.es\/ciencias-economicas-empresariales\/wp-json\/wp\/v2\/media?parent=1546"}],"curies":[{"name":"wp","href":"https:\/\/api.w.org\/{rel}","templated":true}]}}