{"id":181,"date":"2012-12-10T09:49:44","date_gmt":"2012-12-10T07:49:44","guid":{"rendered":"http:\/\/bibliotecas.unileon.es\/ciencias-economicas-empresariales\/?page_id=181"},"modified":"2026-04-08T14:46:02","modified_gmt":"2026-04-08T12:46:02","slug":"formacion","status":"publish","type":"page","link":"https:\/\/bibliotecas.unileon.es\/ciencias-economicas-empresariales\/formacion\/","title":{"rendered":"Calendario de formaciones"},"content":{"rendered":"<p>En este apartado podr\u00e1s conocer el calendario de las sesiones de formaci\u00f3n programadas para las pr\u00f3ximas semanas, as\u00ed como las formaciones ya impartidas\u00a0a lo largo del curso.<\/p>\n<p><span style=\"color: #ff6600;\"><strong>Abril 2026<\/strong><\/span><\/p>\n<ul>\n<li>D\u00eda 9 de abril, de 10:00 a 14:00 (Aula 13). Aspectos formales y b\u00fasqueda de informaci\u00f3n para el TFG y los trabajos de clase<\/li>\n<\/ul>\n<p><span style=\"color: #ff6600;\"><strong>Marzo 2026<\/strong><\/span><\/p>\n<ul>\n<li>D\u00eda 26 de marzo, de 10:00 a 14:00 (Aula 13). Redacci\u00f3n de referencias bibliogr\u00e1ficas en APA 7th con Mendeley<\/li>\n<li>D\u00eda 25 de marzo, de 16:00 a 20:00 (Aula 13). Redacci\u00f3n de referencias bibliogr\u00e1ficas en APA 7th con Mendeley (Cancelado)<\/li>\n<li>D\u00eda 20 de marzo, de 10:00 a 14:00 (Aula 13). Aspectos formales y b\u00fasqueda de informaci\u00f3n para el TFG y los trabajos de clase (Cancelado)<\/li>\n<li>D\u00eda 19 de marzo, de 16:00 a 20:00 (Aula 13). Aspectos formales y b\u00fasqueda de informaci\u00f3n para el TFG y los trabajos de clase<\/li>\n<\/ul>\n<p><span style=\"color: #ff6600;\"><strong>Noviembre 2025<\/strong><\/span><\/p>\n<ul>\n<li>D\u00eda 10 de noviembre, de 16:00 a 20:00 (Aula 13). Redacci\u00f3n de referencias bibliogr\u00e1ficas en APA 7th con Mendeley<\/li>\n<li>D\u00eda 6 de noviembre, de 10:00 a 14:00 (Aula 13). Redacci\u00f3n de referencias bibliogr\u00e1ficas en APA 7th con Mendeley<\/li>\n<li>D\u00eda 3 de noviembre, de 16:00 a 20:00 (Aula 13). Aspectos formales y b\u00fasqueda de informaci\u00f3n para el TFG y los trabajos de clase<\/li>\n<\/ul>\n<p>&nbsp;<\/p>\n<p><strong><span style=\"color: #ff6600;\">Octubre 2025<\/span><\/strong><\/p>\n<ul style=\"list-style-type: square;\">\n<li>D\u00eda 30 de octubre, de 10:00 a 14:00 (Aula 13). Aspectos formales y b\u00fasqueda de informaci\u00f3n para el TFG y los trabajos de clase<\/li>\n<li>D\u00eda 9 de octubre, de 10:30 a 12:00 (Aula 2). Servicios b\u00e1sicos de la Biblioteca y b\u00fasqueda en el cat\u00e1logo (alumnos 1\u00ba ADE-Ma\u00f1anas).<\/li>\n<li>D\u00eda 1, de 17:00 a 18:30 (Aula 2). Servicios b\u00e1sicos de la Biblioteca y b\u00fasqueda en el cat\u00e1logo (alumnos 1\u00ba ADE-Tardes).<\/li>\n<\/ul>\n<p><strong><span style=\"color: #ff6600;\">Septiembre 2025<\/span><\/strong><\/p>\n<ul>\n<li>D\u00eda 29, de 9:00 a 10:30 (Aula 4). Servicios b\u00e1sicos de la Biblioteca y b\u00fasqueda en el cat\u00e1logo (alumnos 1\u00ba Comercio Internacional).<\/li>\n<li>D\u00eda 26, de 9:00 a 10:30 (Aula 17).\u00a0 Servicios b\u00e1sicos de la Biblioteca y b\u00fasqueda en el cat\u00e1logo (alumnos 1\u00ba Finanzas).<\/li>\n<li>D\u00eda 25, de 10:30 a 12:00 (Aula 20). Servicios b\u00e1sicos de la Biblioteca y b\u00fasqueda en el cat\u00e1logo (alumnos 1\u00ba Econom\u00eda)<\/li>\n<li>D\u00eda 24 , de 9:00 a 10:30 (Aula 11). Servicios b\u00e1sicos de la Biblioteca y b\u00fasqueda en el cat\u00e1logo (alumnos 1\u00ba Turismo).<\/li>\n<li>D\u00eda 15 , de 9:00 a 10:30 (Aula 5). Servicios b\u00e1sicos de la Biblioteca y b\u00fasqueda en el cat\u00e1logo (alumnos 1\u00ba Marketing).<span id=\"page3R_mcid2\" class=\"markedContent\"><span dir=\"ltr\" role=\"presentation\"><br \/>\n<\/span><\/span><\/li>\n<\/ul>\n<p>La Jornada de acogida para el curso 2025\/2026 se celebr\u00f3 el d\u00eda 8 de septiembre y asistieron unos 340 alumnos de primer curso de todos los Grados de la Facultad.<\/p>\n<p><a href=\"https:\/\/bibliotecas.unileon.es\/ciencias-economicas-empresariales\/files\/2025\/10\/Resumen-por-curso-academico-2024-25-para-el-blog.pdf\" class=\"mtli_attachment mtli_pdf\" target=\"_blank\" rel=\"noopener\">Formaciones impartidas en en Curso 2024\/2025<\/a><\/p>\n<p><a href=\"https:\/\/bibliotecas.unileon.es\/ciencias-economicas-empresariales\/files\/2024\/09\/Resumen-por-curso-academico-para-el-blog-2023-24.pdf\" class=\"mtli_attachment mtli_pdf\" target=\"_blank\" rel=\"noopener\">Formaciones impartidas en el Curso 2023\/2024<\/a><\/p>\n<p><a href=\"https:\/\/bibliotecas.unileon.es\/ciencias-economicas-empresariales\/files\/2023\/09\/Resumen-por-curso-academico-2022-23-para-el-blog.pdf\" class=\"mtli_attachment mtli_pdf\" target=\"_blank\" rel=\"noopener\">Formaciones impartidas en el Curso 2022\/2023<\/a><\/p>\n<p><a href=\"https:\/\/bibliotecas.unileon.es\/ciencias-economicas-empresariales\/files\/2022\/10\/Resumen-por-curso-academico-2021-22-para-el-blog2.pdf\" class=\"mtli_attachment mtli_pdf\" target=\"_blank\" rel=\"noopener\">Formaciones impartidas en el Cuso 2021\/2022<\/a><\/p>\n<p><a href=\"https:\/\/bibliotecas.unileon.es\/ciencias-economicas-empresariales\/files\/2022\/10\/Resumen-por-curso-academico-2020-21-para-el-blog2.pdf\" class=\"mtli_attachment mtli_pdf\" target=\"_blank\" rel=\"noopener\">Formaciones impartidas en el Curso 2020\/2021<\/a><\/p>\n<p><a href=\"https:\/\/bibliotecas.unileon.es\/ciencias-economicas-empresariales\/files\/2020\/05\/Resumen-por-curso-academico-2019-20-para-el-blog.pdf\" class=\"mtli_attachment mtli_pdf\" target=\"_blank\" rel=\"noopener noreferrer\">Formaciones impartidas en el Curso 2019\/2020<\/a><\/p>\n<p><a href=\"https:\/\/bibliotecas.unileon.es\/ciencias-economicas-empresariales\/files\/2019\/10\/Resumen-por-curso-academico-2018-19-para-el-blog.pdf\" class=\"mtli_attachment mtli_pdf\" target=\"_blank\" rel=\"noopener noreferrer\">Formaciones impartidas en el Curso 2018\/2019<\/a><\/p>\n<p><span style=\"color: #ff6600;\"><span style=\"color: #000080;\"><a style=\"color: #000080;\" href=\"http:\/\/bibliotecas.unileon.es\/ciencias-economicas-empresariales\/files\/2018\/10\/Resumen-por-curso-academico-2017-18-para-el-blog.pdf\" class=\"mtli_attachment mtli_pdf\" target=\"_blank\" rel=\"noopener noreferrer\"><span style=\"color: #0000ff;\">Formaciones impartidas en el Curso 2017\/2018<\/span><\/a><\/span><br \/>\n<\/span><\/p>\n<p><span style=\"color: #0000ff;\"><a style=\"color: #0000ff;\" href=\"http:\/\/bibliotecas.unileon.es\/ciencias-economicas-empresariales\/files\/2017\/10\/Resumen-por-curso-academico-2016-17-para-el-blog.pdf\" class=\"mtli_attachment mtli_pdf\" target=\"_blank\" rel=\"noopener noreferrer\">Formaciones impartidas en el Curso 2016\/2017<\/a><\/span><\/p>\n<p><span style=\"color: #0000ff;\"><a style=\"color: #0000ff;\" href=\"http:\/\/bibliotecas.unileon.es\/ciencias-economicas-empresariales\/files\/2016\/10\/Resumen-por-curso-academico-2015-16-para-el-blog.pdf\" class=\"mtli_attachment mtli_pdf\" target=\"_blank\" rel=\"noopener noreferrer\">Formaciones impartidas en el Curso 2015\/2016<\/a><\/span><\/p>\n<p><span style=\"color: #0000ff;\"><a style=\"color: #0000ff;\" href=\"http:\/\/bibliotecas.unileon.es\/ciencias-economicas-empresariales\/files\/2015\/09\/formaciones-curso-solo-Facultad-14-15-blog.pdf\" class=\"mtli_attachment mtli_pdf\">Formaciones impartidas en el Curso 2014\/2015<\/a><\/span><\/p>\n<p><span style=\"color: #0000ff;\"><a style=\"color: #0000ff;\" href=\"http:\/\/bibliotecas.unileon.es\/ciencias-economicas-empresariales\/files\/2014\/09\/Formaciones-solo-Facultad-curso-2013-14-blog.pdf\" class=\"mtli_attachment mtli_pdf\" target=\"_blank\" rel=\"noopener noreferrer\">Formaciones impartidas en el Curso 2013\/2014<\/a><\/span><\/p>\n<p><span style=\"color: #0000ff;\"><a style=\"color: #0000ff;\" href=\"http:\/\/bibliotecas.unileon.es\/ciencias-economicas-empresariales\/files\/2013\/09\/Formaciones-curso-2012-13.pdf\" class=\"mtli_attachment mtli_pdf\" target=\"_blank\" rel=\"noopener noreferrer\">Formaciones impartidas en el Curso 2012\/2013<\/a><\/span><\/p>\n<p><strong><span style=\"color: #ff6600;\">\u00a0<\/span><\/strong><\/p>\n","protected":false},"excerpt":{"rendered":"<p>En este apartado podr\u00e1s conocer el calendario de las sesiones de formaci\u00f3n programadas para las pr\u00f3ximas semanas, as\u00ed como las formaciones ya impartidas\u00a0a lo largo del curso. Abril 2026 D\u00eda 9 de abril, de 10:00 a 14:00 (Aula 13). Aspectos &hellip; <a href=\"https:\/\/bibliotecas.unileon.es\/ciencias-economicas-empresariales\/formacion\/\">Sigue leyendo <span class=\"meta-nav\">&rarr;<\/span><\/a><\/p>\n","protected":false},"author":22,"featured_media":0,"parent":0,"menu_order":0,"comment_status":"open","ping_status":"open","template":"","meta":{"_bbp_topic_count":0,"_bbp_reply_count":0,"_bbp_total_topic_count":0,"_bbp_total_reply_count":0,"_bbp_voice_count":0,"_bbp_anonymous_reply_count":0,"_bbp_topic_count_hidden":0,"_bbp_reply_count_hidden":0,"_bbp_forum_subforum_count":0,"footnotes":""},"class_list":["post-181","page","type-page","status-publish","hentry"],"_links":{"self":[{"href":"https:\/\/bibliotecas.unileon.es\/ciencias-economicas-empresariales\/wp-json\/wp\/v2\/pages\/181","targetHints":{"allow":["GET"]}}],"collection":[{"href":"https:\/\/bibliotecas.unileon.es\/ciencias-economicas-empresariales\/wp-json\/wp\/v2\/pages"}],"about":[{"href":"https:\/\/bibliotecas.unileon.es\/ciencias-economicas-empresariales\/wp-json\/wp\/v2\/types\/page"}],"author":[{"embeddable":true,"href":"https:\/\/bibliotecas.unileon.es\/ciencias-economicas-empresariales\/wp-json\/wp\/v2\/users\/22"}],"replies":[{"embeddable":true,"href":"https:\/\/bibliotecas.unileon.es\/ciencias-economicas-empresariales\/wp-json\/wp\/v2\/comments?post=181"}],"version-history":[{"count":27,"href":"https:\/\/bibliotecas.unileon.es\/ciencias-economicas-empresariales\/wp-json\/wp\/v2\/pages\/181\/revisions"}],"predecessor-version":[{"id":2361,"href":"https:\/\/bibliotecas.unileon.es\/ciencias-economicas-empresariales\/wp-json\/wp\/v2\/pages\/181\/revisions\/2361"}],"wp:attachment":[{"href":"https:\/\/bibliotecas.unileon.es\/ciencias-economicas-empresariales\/wp-json\/wp\/v2\/media?parent=181"}],"curies":[{"name":"wp","href":"https:\/\/api.w.org\/{rel}","templated":true}]}}