{"id":452,"date":"2013-02-22T14:14:46","date_gmt":"2013-02-22T13:14:46","guid":{"rendered":"http:\/\/bibliotecas.unileon.es\/ciencias-economicas-empresariales\/?page_id=452"},"modified":"2026-04-08T15:13:51","modified_gmt":"2026-04-08T13:13:51","slug":"materiales-de-formacion","status":"publish","type":"page","link":"https:\/\/bibliotecas.unileon.es\/ciencias-economicas-empresariales\/materiales-de-formacion\/","title":{"rendered":"Materiales de formaci\u00f3n general"},"content":{"rendered":"<p>Desde aqu\u00ed podr\u00e1s consultar y descargar materiales elaborados por la Biblioteca que utilizamos para impartir nuestras sesiones de formaci\u00f3n.<\/p>\n<p>&nbsp;<\/p>\n<h3><span style=\"color: #ff6600;\"><strong>Jornada de acogida para alumnos de nuevo ingreso<\/strong><\/span><\/h3>\n<p>En el Curso 2025\/2026 recibimos a los nuevos alumnos el d\u00eda 9 de septiembre con <a href=\"https:\/\/bibliotecas.unileon.es\/ciencias-economicas-empresariales\/files\/2024\/09\/jornada-de-acogida-2024.pdf\" class=\"mtli_attachment mtli_pdf\" target=\"_blank\" rel=\"noopener\">esta presentaci\u00f3n en PowerPoint<\/a><\/p>\n<p>&nbsp;<\/p>\n<h3><span style=\"color: #ff6600;\"><strong>Alumnos de Primer Curso<\/strong><\/span><\/h3>\n<p style=\"text-align: justify;\">No dejes de consultar la Gu\u00eda titulada <a href=\"https:\/\/biblioteca.unileon.es\/primerospasos\" target=\"_blank\" rel=\"noopener\">Primeros pasos<\/a>. En ella encontrar\u00e1s todo lo que debes saber para empezar a utilizar la Biblioteca.<\/p>\n<p style=\"text-align: justify;\">Impartimos tambi\u00e9n formaci\u00f3n presencial en el aula en la que aprender\u00e1s qu\u00e9 secciones hay en la Biblioteca, c\u00f3mo se ordenan los libros en las estanter\u00edas, todo lo relativo al pr\u00e9stamo (tipos de pr\u00e9stamo, renovaci\u00f3n y reservas a trav\u00e9s de Internet), c\u00f3mo buscar informaci\u00f3n en el cat\u00e1logo y los recursos electr\u00f3nicos disponibles.<\/p>\n<ul style=\"text-align: justify;\">\n<li style=\"list-style-type: none;\">\n<ul>\n<li><a href=\"https:\/\/biblioteca.unileon.es\/catalogobib\" target=\"_blank\" rel=\"noopener\">Gu\u00eda sobre el cat\u00e1logo<\/a> disponible en la web de la Biblioteca Universitaria y el <a href=\"https:\/\/bibliotecas.unileon.es\/ciencias-economicas-empresariales\/files\/2024\/09\/consulta-discovery-color-web.pdf\" class=\"mtli_attachment mtli_pdf\" target=\"_blank\" rel=\"noopener\">Folleto sobre consulta del cat\u00e1logo<\/a> elaborado por la Biblioteca de la Facultad (hay copias impresas en el mostrador de la Biblioteca)<\/li>\n<li><a href=\"https:\/\/bibliotecas.unileon.es\/ciencias-economicas-empresariales\/files\/2020\/10\/esquema-topografico-color-web.pdf\" class=\"mtli_attachment mtli_pdf\" target=\"_blank\" rel=\"noopener noreferrer\">Folleto sobre la distribuci\u00f3n de los libros en las estanter\u00edas<\/a><\/li>\n<li><a href=\"https:\/\/biblioteca.unileon.es\/prestamo\" target=\"_blank\" rel=\"noopener\">Gu\u00eda de pr\u00e9stamo<\/a> disponible en la web de la Biblioteca Universitaria y el <a href=\"https:\/\/bibliotecas.unileon.es\/ciencias-economicas-empresariales\/files\/2024\/09\/prestamo-color-web.pdf\" class=\"mtli_attachment mtli_pdf\" target=\"_blank\" rel=\"noopener\">Folleto sobre pr\u00e9stamo,\u00a0 renovaciones y reservas por Internet<\/a> elaborado por la Biblioteca de la Facultad (hay copias impresas en el mostrador de la Biblioteca)<\/li>\n<li><a href=\"https:\/\/biblioteca.unileon.es\/grial\" target=\"_blank\" rel=\"noopener\">Gu\u00eda de uso de GRIAL<\/a> (Plataforma de pr\u00e9stamo de libros-e)<\/li>\n<\/ul>\n<\/li>\n<\/ul>\n<p style=\"text-align: justify;\">No dejes de consultar la <a href=\"https:\/\/bibliotecas.unileon.es\/ciencias-economicas-empresariales\/guia-rapida-para-alumnos-de-primer-curso\/\" target=\"_blank\" rel=\"noopener\">Gu\u00eda tem\u00e1tica<\/a> correspondiente a tu Grado y el <a href=\"https:\/\/bibliotecas.unileon.es\/ciencias-economicas-empresariales\/formacion\/\" target=\"_blank\" rel=\"noopener\">Calendario de formaciones<\/a><\/p>\n<h3><span style=\"color: #ff6600;\"><strong>Alumnos de Trabajo de Fin de Grado<br \/>\n<\/strong><\/span><\/h3>\n<p><span style=\"color: #ff6600;\">1.<\/span> <span style=\"color: #ff6600;\">Buscar informaci\u00f3n m\u00e1s all\u00e1 de Google<\/span><\/p>\n<table>\n<tbody>\n<tr>\n<td>\u00a0<img loading=\"lazy\" decoding=\"async\" class=\"\" title=\"\" src=\"http:\/\/bibliotecas.unileon.es\/ciencias-economicas-empresariales\/files\/2017\/03\/MARCO-4.jpg\" alt=\"\" width=\"217\" height=\"217\" \/><\/td>\n<td>&nbsp;<\/p>\n<p style=\"text-align: justify;\"><span style=\"text-decoration: underline; color: #000000;\">Contenidos<\/span><\/p>\n<p style=\"text-align: justify;\">Evaluaci\u00f3n de la informaci\u00f3n en Internet.<\/p>\n<p style=\"text-align: justify;\">Google Acad\u00e9mico.<\/p>\n<p style=\"text-align: justify;\">Localizaci\u00f3n en el cat\u00e1logo y acceso desde fuera del Campus a los recursos-e para Ciencias Econ\u00f3micas y Empresariales disponibles en la Biblioteca de la Universidad.<\/p>\n<p style=\"text-align: justify;\">Pr\u00e1cticas con Dialnet, ABI\/Inform Complete,\u00a0 Web of Science y Statista.<\/p>\n<p style=\"text-align: justify;\"><span style=\"text-decoration: underline; color: #000000;\">Documentaci\u00f3n:<\/span><\/p>\n<ul style=\"list-style-type: square; text-align: justify;\">\n<li><a href=\"https:\/\/bibliotecas.unileon.es\/ciencias-economicas-empresariales\/files\/2026\/04\/recursos-electronicos-color.pdf\" class=\"mtli_attachment mtli_pdf\" target=\"_blank\" rel=\"noopener\">Folleto sobre recursos electr\u00f3nicos<\/a> espec\u00edficos para CC. Econ\u00f3micas y Empresariales<\/li>\n<li><a href=\"http:\/\/bibliotecas.unileon.es\/ciencias-economicas-empresariales\/files\/2018\/02\/consejos-de-busqueda-en-bdds-color-web.pdf\" class=\"mtli_attachment mtli_pdf\" target=\"_blank\" rel=\"noopener noreferrer\">C\u00f3mo consultar una base de datos<\/a>: diez consejos pr\u00e1cticos. Folleto elaborado por la Biblioteca de la Facultad<\/li>\n<li><a href=\"https:\/\/biblioteca.unileon.es\/catalogobib\" target=\"_blank\" rel=\"noopener\">Gu\u00eda sobre el cat\u00e1logo<\/a> disponible en la web de la Biblioteca Universitaria y el <a href=\"https:\/\/bibliotecas.unileon.es\/ciencias-economicas-empresariales\/files\/2024\/09\/consulta-discovery-color-web.pdf\" class=\"mtli_attachment mtli_pdf\" target=\"_blank\" rel=\"noopener\">Folleto sobre consulta del cat\u00e1logo<\/a> elaborado por la Biblioteca de la Facultad (hay copias impresas en el mostrador de la Biblioteca)<\/li>\n<li><a href=\"https:\/\/bibliotecas.unileon.es\/ciencias-economicas-empresariales\/files\/2026\/03\/ejercicios-buscar-info-tfg-marzo26.pdf\" class=\"mtli_attachment mtli_pdf\" target=\"_blank\" rel=\"noopener\">Ejercicios<\/a><\/li>\n<\/ul>\n<p style=\"text-align: justify;\">M\u00e1s informaci\u00f3n en el apartado \u00abRecursos electr\u00f3nicos para econom\u00eda y empresa\u00bb de esta web y en la <a href=\"https:\/\/bibliotecas.unileon.es\/ciencias-economicas-empresariales\/guia-rapida-para-alumnos-de-primer-curso\/\" target=\"_blank\" rel=\"noopener\">Gu\u00eda tem\u00e1tica<\/a> correspondiente a cada Grado.<\/p>\n<\/td>\n<\/tr>\n<\/tbody>\n<\/table>\n<p>&nbsp;<\/p>\n<p><span style=\"color: #ff6600;\">2. Formaci\u00f3n b\u00e1sica sobre Mendeley<br \/>\n<\/span><\/p>\n<p style=\"text-align: justify;\"><span style=\"text-decoration: underline; color: #000000;\">Contenidos:<\/span><\/p>\n<p style=\"text-align: justify;\"><span style=\"color: #ff6600;\"><span style=\"color: #333333;\">&#8211; Creaci\u00f3n de una cuenta personal y adhesi\u00f3n al grupo institucional de la ULE.<br \/>\n&#8211; Creaci\u00f3n manual de referencias, creaci\u00f3n de referencias a partir de los metadatos de archivos PDF, incorporaci\u00f3n directa de referencias a trav\u00e9s de la herramienta Web Importer.<br \/>\n&#8211; Gesti\u00f3n b\u00e1sica de referencias y carpetas.<br \/>\n&#8211; Instalaci\u00f3n del formato American Psychological Association-APA 7th (no ampersand)<br \/>\n&#8211; Inserci\u00f3n de citas en un documento con Mendeley Cite.<br \/>\n&#8211; Elaboraci\u00f3n autom\u00e1tica de la lista final de referencias en APA 7th<\/span><br \/>\n<\/span><\/p>\n<p style=\"text-align: justify;\"><span style=\"text-decoration: underline; color: #000000;\">Documentaci\u00f3n:<\/span><\/p>\n<ul>\n<li style=\"text-align: justify;\"><a href=\"https:\/\/biblioteca.unileon.es\/mendeley-reference-manager\" target=\"_blank\" rel=\"noopener\">Bibliogu\u00eda sobre Mendeley Reference Manager<\/a> elaborada por la Biblioteca de la Facultad.<\/li>\n<li style=\"text-align: justify;\"><a href=\"https:\/\/bibliotecas.unileon.es\/ciencias-economicas-empresariales\/files\/2026\/03\/Ejercicios-curso-Mendeley-TFG-marzo26.pdf\" class=\"mtli_attachment mtli_pdf\" target=\"_blank\" rel=\"noopener\">Ejercicios<\/a> utilizados en la formaci\u00f3n.<\/li>\n<\/ul>\n<p>&nbsp;<\/p>\n<p>&nbsp;<\/p>\n<p>&nbsp;<\/p>\n<p>&nbsp;<\/p>\n<p>&nbsp;<\/p>\n<p>&nbsp;<\/p>\n<p><span style=\"font-size: large;\"><strong><span style=\"color: #ff6600;\">\u00a0<\/span><\/strong><\/span><\/p>\n<p>&nbsp;<\/p>\n<p>&nbsp;<\/p>\n<p>&nbsp;<\/p>\n<p>&nbsp;<\/p>\n<p><span style=\"font-size: large;\"><strong><span style=\"color: #ff6600;\">\u00a0<\/span><\/strong><\/span><\/p>\n","protected":false},"excerpt":{"rendered":"<p>Desde aqu\u00ed podr\u00e1s consultar y descargar materiales elaborados por la Biblioteca que utilizamos para impartir nuestras sesiones de formaci\u00f3n. &nbsp; Jornada de acogida para alumnos de nuevo ingreso En el Curso 2025\/2026 recibimos a los nuevos alumnos el d\u00eda 9 &hellip; <a href=\"https:\/\/bibliotecas.unileon.es\/ciencias-economicas-empresariales\/materiales-de-formacion\/\">Sigue leyendo <span class=\"meta-nav\">&rarr;<\/span><\/a><\/p>\n","protected":false},"author":22,"featured_media":0,"parent":0,"menu_order":0,"comment_status":"open","ping_status":"open","template":"","meta":{"_bbp_topic_count":0,"_bbp_reply_count":0,"_bbp_total_topic_count":0,"_bbp_total_reply_count":0,"_bbp_voice_count":0,"_bbp_anonymous_reply_count":0,"_bbp_topic_count_hidden":0,"_bbp_reply_count_hidden":0,"_bbp_forum_subforum_count":0,"footnotes":""},"class_list":["post-452","page","type-page","status-publish","hentry"],"_links":{"self":[{"href":"https:\/\/bibliotecas.unileon.es\/ciencias-economicas-empresariales\/wp-json\/wp\/v2\/pages\/452","targetHints":{"allow":["GET"]}}],"collection":[{"href":"https:\/\/bibliotecas.unileon.es\/ciencias-economicas-empresariales\/wp-json\/wp\/v2\/pages"}],"about":[{"href":"https:\/\/bibliotecas.unileon.es\/ciencias-economicas-empresariales\/wp-json\/wp\/v2\/types\/page"}],"author":[{"embeddable":true,"href":"https:\/\/bibliotecas.unileon.es\/ciencias-economicas-empresariales\/wp-json\/wp\/v2\/users\/22"}],"replies":[{"embeddable":true,"href":"https:\/\/bibliotecas.unileon.es\/ciencias-economicas-empresariales\/wp-json\/wp\/v2\/comments?post=452"}],"version-history":[{"count":11,"href":"https:\/\/bibliotecas.unileon.es\/ciencias-economicas-empresariales\/wp-json\/wp\/v2\/pages\/452\/revisions"}],"predecessor-version":[{"id":456,"href":"https:\/\/bibliotecas.unileon.es\/ciencias-economicas-empresariales\/wp-json\/wp\/v2\/pages\/452\/revisions\/456"}],"wp:attachment":[{"href":"https:\/\/bibliotecas.unileon.es\/ciencias-economicas-empresariales\/wp-json\/wp\/v2\/media?parent=452"}],"curies":[{"name":"wp","href":"https:\/\/api.w.org\/{rel}","templated":true}]}}