{"id":466,"date":"2013-02-25T09:36:43","date_gmt":"2013-02-25T08:36:43","guid":{"rendered":"http:\/\/bibliotecas.unileon.es\/ciencias-economicas-empresariales\/?page_id=466"},"modified":"2026-03-20T11:26:56","modified_gmt":"2026-03-20T10:26:56","slug":"bases-de-datos","status":"publish","type":"page","link":"https:\/\/bibliotecas.unileon.es\/ciencias-economicas-empresariales\/bases-de-datos\/","title":{"rendered":"Bases de datos suscritas"},"content":{"rendered":"<p>De inter\u00e9s para las Ciencias econ\u00f3micas y empresariales, la Biblioteca de la ULE tiene suscripci\u00f3n a los siguientes productos. Su uso es exclusivo para miembros de la comunidad universitaria.<\/p>\n<h6><\/h6>\n<p>&nbsp;<\/p>\n<p><span style=\"color: #ff6600; text-decoration: underline;\"><span style=\"font-size: large;\"><strong><span style=\"text-decoration: underline;\">BASES DE DATOS BIBLIOGR\u00c1FICAS<br \/>\n<\/span><\/strong><\/span><\/span><\/p>\n<p>Las bases de datos bibliogr\u00e1ficas contienen art\u00edculos publicados en revistas de tem\u00e1tica variada (multidisciplinares) o relacionadas con un tema concreto (especializadas). Por otra parte, pueden permitir el acceso al texto completo del documento o contener s\u00f3lo la referencia bibliogr\u00e1fica del mismo.<br \/>\nSi la base de datos s\u00f3lo proporciona la referencia bibliogr\u00e1fica del documento consulta <a href=\"http:\/\/catoute.unileon.es\" target=\"_blank\" rel=\"noopener noreferrer\">el cat\u00e1logo de la Biblioteca\u00a0<\/a> para comprobar si la revista en la que se ha publicado el art\u00edculo est\u00e1 disponible en la ULE. Puede estar en formato impreso o como revista electr\u00f3nica dentro de cualquiera de las colecciones suscritas. (Recuerda que en el cat\u00e1logo de la Biblioteca has de buscar el t\u00edtulo de la revista, no el t\u00edtulo del art\u00edculo).<br \/>\nSi la revista no estuviera disponible entre nuestros fondos (impresos o\u00a0electr\u00f3nicos)\u00a0solicita el documento mediante <a href=\"http:\/\/biblioteca.unileon.es\/servicios\/prestamo-interbibliotecario\" target=\"_blank\" rel=\"noopener noreferrer\">pr\u00e9stamo interbibliotecario\u00a0<\/a>\u00a0(servicio restringido a usuarios de la Universidad de Le\u00f3n).<\/p>\n<p>&nbsp;<\/p>\n<table style=\"width: 640px;\" border=\"1\" cellspacing=\"0\" cellpadding=\"0\">\n<tbody>\n<tr>\n<td style=\"width: 73px;\" valign=\"top\">\n<p align=\"center\"><span style=\"color: #ff6600;\"><b>Nombre<br \/>\n(pinchar para acceder)<\/b><\/span><\/p>\n<\/td>\n<td style=\"width: 258px;\" valign=\"top\">\n<p align=\"center\"><span style=\"color: #ff6600;\"><b>Productor<\/b><\/span><\/p>\n<p align=\"center\"><span style=\"color: #ff6600;\"><b>Contenido<\/b><\/span><\/p>\n<\/td>\n<td style=\"width: 160px;\" valign=\"top\">\n<p align=\"center\"><span style=\"color: #ff6600;\"><b>Acceso, Gu\u00edas de uso y Mendeley<br \/>\n<\/b><\/span><\/p>\n<\/td>\n<\/tr>\n<tr>\n<td style=\"width: 73px;\" valign=\"top\">\n<p align=\"center\"><a href=\"https:\/\/buc-ule.primo.exlibrisgroup.com\/permalink\/34BUC_ULE\/1ekdeev\/alma991009317349505772\" target=\"_blank\" rel=\"noopener noreferrer\"><b><br \/>\n<img loading=\"lazy\" decoding=\"async\" class=\"\" src=\"https:\/\/bibliotecas.unileon.es\/ciencias-economicas-empresariales\/files\/2026\/02\/logo-proquest-one-business-1.jpg\" alt=\"\" width=\"182\" height=\"117\" \/><\/b><\/a><\/p>\n<\/td>\n<td style=\"width: 258px;\" valign=\"top\">ProQuest. M\u00e1s de 9.000 publicaciones especializadas en econom\u00eda, marketing, finanzas, gesti\u00f3n, etc., casi 7.300 a texto completo. Incluye tambi\u00e9n tesis doctorales, peri\u00f3dicos, informes por sectores (Business Monitor International) y pa\u00edses (Economist Intelligenece Unit) y documentos de trabajo.<\/td>\n<td style=\"width: 160px;\" valign=\"top\">\n<p align=\"center\"><a href=\"https:\/\/videos.unileon.es\/video\/5eb92df08f420857528b457b\" target=\"_blank\" rel=\"noopener noreferrer\">Acceso desde casa. Videotutorial<\/a><\/p>\n<p align=\"center\"><a href=\"https:\/\/proquest.libguides.com\/abiinformcollection_es\" target=\"_blank\" rel=\"noopener\">Gu\u00eda b\u00e1sica en espa\u00f1ol<\/a><\/p>\n<p align=\"center\">\n<\/td>\n<\/tr>\n<tr>\n<td style=\"width: 73px; text-align: center;\"><a href=\"https:\/\/catoute.unileon.es\/permalink\/34BUC_ULE\/fj2rcr\/alma991009231072405772\" target=\"_blank\" rel=\"noopener\"><img loading=\"lazy\" decoding=\"async\" class=\"aligncenter\" src=\"https:\/\/bibliotecas.unileon.es\/ciencias-economicas-empresariales\/files\/2025\/10\/Business-Source-Elite.jpg\" width=\"173\" height=\"86\" \/><\/a><\/td>\n<td style=\"width: 258px;\">Ebsco<\/p>\n<p>1800 revistas en lengua inglesa sobre econom\u00eda, empresa, finanzas, comercio, marketing, recursos humanos, administraci\u00f3n, informaci\u00f3n. M\u00e1s de 900 incluyen el texto completo<\/td>\n<td style=\"width: 160px;\">\n<p align=\"center\"><a href=\"https:\/\/connect.ebsco.com\/s\/article\/Recursos-en-Espa%C3%B1ol?language=en_US#ehost\" target=\"_blank\" rel=\"noopener\">Gu\u00eda en espa\u00f1ol sobre la plataforma EbscoHost<\/a><\/p>\n<\/td>\n<\/tr>\n<tr>\n<td style=\"width: 73px;\" valign=\"top\">&nbsp;<\/p>\n<p>&nbsp;<\/p>\n<p style=\"text-align: center;\"><a href=\"http:\/\/dialnet.unirioja.es\/\" target=\"_blank\" rel=\"noopener noreferrer\"><img loading=\"lazy\" decoding=\"async\" class=\"aligncenter\" src=\"http:\/\/bibliotecas.unileon.es\/ciencias-economicas-empresariales\/files\/2015\/03\/DIALNET-PLUS.jpg\" alt=\"\" width=\"202\" height=\"53\" \/><\/a><\/p>\n<\/td>\n<td style=\"width: 258px;\" valign=\"top\">Universidad de La Rioja. Sumarios de m\u00e1s de 11.000 revistas, mayoritariamente en espa\u00f1ol, casi 5.000 de ellas a texto completo. De acceso gratuito pero con grandes ventajas para usuarios de la ULE y registrados (somos instituci\u00f3n colaboradora en el Proyecto Dialnet) Posibilidad de suscribir alertas y guardar b\u00fasquedas.<\/p>\n<p><a href=\"https:\/\/dialnet.unirioja.es\/servlet\/alta\" target=\"_blank\" rel=\"noopener noreferrer\">Registro<\/a> <span style=\"color: #ff6600;\">\u00a1imprescindible desde un ordenador de la ULE y con un correo de la ULE!<\/span><\/td>\n<td style=\"width: 160px;\" valign=\"top\">\n<p align=\"center\"><a href=\"http:\/\/dialnet.unirioja.es\/info\/ayuda\/indice\" target=\"_blank\" rel=\"noopener noreferrer\"><br \/>\nTutoriales en la web del editor<\/a><\/p>\n<p align=\"center\"><a href=\"http:\/\/dialnet.unirioja.es\/publico\/anexos\/info_Dialnet_Plus.pdf\" class=\"mtli_attachment mtli_pdf\" target=\"_blank\" rel=\"noopener noreferrer\">DialnetPlus<\/a><\/p>\n<p align=\"center\">\n<\/td>\n<\/tr>\n<tr>\n<td style=\"width: 73px;\" valign=\"top\">\n<p align=\"center\"><a href=\"https:\/\/catoute.unileon.es\/discovery\/fulldisplay?docid=alma991004569129705772&amp;context=L&amp;vid=34BUC_ULE:VU1&amp;search_scope=MyInstitution&amp;tab=LibraryCatalog&amp;lang=es\" target=\"_blank\" rel=\"noopener noreferrer\"><img loading=\"lazy\" decoding=\"async\" class=\"\" src=\"http:\/\/bibliotecas.unileon.es\/ciencias-economicas-empresariales\/files\/2018\/11\/indices-csic.png\" alt=\"\" width=\"163\" height=\"79\" \/><\/a><\/p>\n<h6 align=\"center\"><strong>Portal \u00cdnDICES-CSIC (Informaci\u00f3n y Documentaci\u00f3n de la Ciencia en Espa\u00f1a)<br \/>\n<\/strong><\/h6>\n<p align=\"center\">\n<\/td>\n<td style=\"width: 258px;\" valign=\"top\">CSIC. Referencias bibliogr\u00e1ficas de trabajos cient\u00edficos editados en revistas espa\u00f1olas.<br \/>\nSe recomienda <a href=\"http:\/\/biblioteca.unileon.es\/files\/%C3%8DnDICEs_Guia%20de%20registro.pdf#overlay-context=content\/gu%25C3%25ADas-de-recursos-e\" class=\"mtli_attachment mtli_pdf\" target=\"_blank\" rel=\"noopener noreferrer\">registrarse<\/a> para acceder a mayores prestaciones<\/td>\n<td style=\"text-align: center; width: 160px;\" valign=\"top\">M\u00e1s opciones de b\u00fasqueda si se accede como usuario registrado<br \/>\n<a href=\"http:\/\/biblioteca.unileon.es\/files\/%C3%8DnDICEs_Guia%20de%20registro.pdf#overlay-context=content\/gu%25C3%25ADas-de-recursos-e\" class=\"mtli_attachment mtli_pdf\" target=\"_blank\" rel=\"noopener noreferrer\">(Gu\u00eda para registrarse)<\/a><a href=\"http:\/\/8085-bddoc.csic.es.catoute.unileon.es\/ayuda.html;jsessionid=D737E24A9833665164F247055281CEC0\" target=\"_blank\" rel=\"noopener noreferrer\"><br \/>\n<\/a><\/td>\n<\/tr>\n<tr>\n<td style=\"text-align: center; width: 73px;\" valign=\"top\">\n<h6><a href=\"https:\/\/catoute.unileon.es\/discovery\/fulldisplay?docid=alma991000073539705772&amp;context=L&amp;vid=34BUC_ULE:VU1&amp;search_scope=MyInstitution&amp;tab=LibraryCatalog&amp;lang=es\" target=\"_blank\" rel=\"noopener noreferrer\"><img loading=\"lazy\" decoding=\"async\" class=\"\" src=\"http:\/\/bibliotecas.unileon.es\/ciencias-economicas-empresariales\/files\/2018\/04\/scopus.png\" alt=\"\" width=\"160\" height=\"46\" \/><\/a><\/h6>\n<h6><strong>Scopus<\/strong><\/h6>\n<\/td>\n<td style=\"width: 258px;\" valign=\"top\">Elsevier. Licencia nacional (FECyT). Referencias bibliogr\u00e1ficas y res\u00famenes de m\u00e1s de 17.000 revistas. Sirve de base para elaborar el indicador SJR (Scimago Journal and Country Rank).<\/td>\n<td style=\"width: 160px;\" valign=\"top\">\n<p align=\"center\"><a href=\"https:\/\/videos.unileon.es\/video\/5eb930378f420898538b456b\" target=\"_blank\" rel=\"noopener noreferrer\">Acceso desde casa. Videotutoria<\/a>l<\/p>\n<p align=\"center\"><a href=\"https:\/\/www.recursoscientificos.fecyt.es\/sites\/default\/files\/guia-del-usuario.pdf\" class=\"mtli_attachment mtli_pdf\" target=\"_blank\" rel=\"noopener noreferrer\">Gu\u00eda de referencia r\u00e1pida<\/a><\/p>\n<p align=\"center\"><a href=\"https:\/\/elsevier.libguides.com\/Scopus\" target=\"_blank\" rel=\"noopener\">LibGuide de Elsevier<\/a> (en ingl\u00e9s)<\/p>\n<p align=\"center\"><a href=\"https:\/\/www.recursoscientificos.fecyt.es\/servicios\/formacion\/material\" target=\"_blank\" rel=\"noopener noreferrer\">Formaciones grabadas.<\/a><\/p>\n<p align=\"center\">\n<\/td>\n<\/tr>\n<tr>\n<td style=\"width: 73px;\" valign=\"top\">\n<p align=\"center\"><b><br \/>\n<img loading=\"lazy\" decoding=\"async\" class=\"\" src=\"https:\/\/bibliotecas.unileon.es\/ciencias-economicas-empresariales\/files\/2023\/06\/Journal-Citation-Reports-2021.jpg\" alt=\"\" width=\"143\" height=\"57\" \/><br \/>\n<\/b><\/p>\n<h6 align=\"center\"><strong>JCR<\/strong><\/h6>\n<\/td>\n<td style=\"width: 258px;\" valign=\"top\">Clarivate Analytics (antes Thomson Reuters). Licencia nacional (FECyT).<br \/>\nJCR permite conocer el factor de impacto de una revista.<br \/>\nDisponible en la pesta\u00f1a \u201cJournal Citation Reports\u201d de la Web of Science.<\/td>\n<td style=\"width: 160px;\" valign=\"top\">\n<p align=\"center\"><a href=\"http:\/\/biblioteca.unileon.es\/files\/JCR.pdf#overlay-context=content\/gu%25C3%25ADas-de-recursos-e\" class=\"mtli_attachment mtli_pdf\" target=\"_blank\" rel=\"noopener noreferrer\">Acceso desde fuera de la ULE<\/a><br \/>\n(con los datos del correo-e)<\/p>\n<p align=\"center\"><a href=\"https:\/\/clarivate.libguides.com\/jcr\" target=\"_blank\" rel=\"noopener\">Gu\u00eda r\u00e1pida<\/a><\/p>\n<p align=\"center\"><a href=\"https:\/\/www.recursoscientificos.fecyt.es\/servicios\/formacion\/material\" target=\"_blank\" rel=\"noopener noreferrer\">Tutoriales y formaciones grabadas.\u00a0<\/a><\/p>\n<\/td>\n<\/tr>\n<tr>\n<td style=\"width: 73px;\" valign=\"top\">\n<p align=\"center\"><b><a href=\"https:\/\/catoute.unileon.es\/permalink\/34BUC_ULE\/fj2rcr\/alma991005804089705772\" target=\"_blank\" rel=\"noopener\"><img loading=\"lazy\" decoding=\"async\" class=\"\" src=\"https:\/\/bibliotecas.unileon.es\/ciencias-economicas-empresariales\/files\/2023\/06\/web-of-science-nuevo.jpg\" alt=\"\" width=\"141\" height=\"75\" \/><\/a><br \/>\n<\/b><\/p>\n<h6 align=\"center\"><strong>Web of Science<br \/>\n<\/strong><\/h6>\n<p align=\"center\">\n<\/td>\n<td style=\"width: 258px;\" valign=\"top\">Clarivate Analytics (antes Thomson Reuters). Licencia nacional (FECyT).<br \/>\n\u00cdndice de citas elaborado sobre publicaciones de alto impacto.Tres series: Science Citation Index, Social Sciences Citation Index y Arts &amp; Humanities Citation Index.<\/td>\n<td style=\"width: 160px;\" valign=\"top\">\n<p align=\"center\"><a href=\"https:\/\/videos.unileon.es\/video\/5eb92b588f420857528b456d\" target=\"_blank\" rel=\"noopener noreferrer\">Acceso desde casa. Videotutorial<\/a><\/p>\n<p align=\"center\"><a href=\"http:\/\/wokinfo.com\/media\/pdf\/wos-corecoll_qrc_es.pdf\" class=\"mtli_attachment mtli_pdf\" target=\"_blank\" rel=\"noopener noreferrer\">Gu\u00eda r\u00e1pida<\/a><\/p>\n<p align=\"center\"><a href=\"https:\/\/webofscience.help.clarivate.com\/es-es\/Content\/home.htm\" target=\"_blank\" rel=\"noopener\">Manual completo<\/a><\/p>\n<p align=\"center\"><a href=\"https:\/\/www.recursoscientificos.fecyt.es\/servicios\/formacion\/material\" target=\"_blank\" rel=\"noopener noreferrer\">Tutoriales y formaciones<\/a><br \/>\ngrabadas.<\/p>\n<\/td>\n<\/tr>\n<\/tbody>\n<\/table>\n<p>&nbsp;<\/p>\n<p><span style=\"font-size: large; color: #ff6600;\"><strong><span style=\"text-decoration: underline;\"><span style=\"text-decoration: underline;\">BASES DE DATOS FINANCIEROS<\/span><\/span><\/strong><\/span><\/p>\n<p>&nbsp;<\/p>\n<table style=\"width: 100%; height: 648px;\" border=\"1\" cellspacing=\"0\" cellpadding=\"0\">\n<tbody>\n<tr style=\"height: 136px;\">\n<td style=\"height: 136px; width: 34.8438%;\" valign=\"top\" width=\"192\">\n<p align=\"center\"><span style=\"color: #ff6600;\"><b>T\u00edtulo<\/b><\/span><\/p>\n<p align=\"center\"><span style=\"color: #ff6600;\"><b>(pinchar para acceder)<\/b><\/span><\/p>\n<\/td>\n<td style=\"height: 136px; width: 33.2813%;\" valign=\"top\" width=\"192\">\n<p align=\"center\"><span style=\"color: #ff6600;\"><b>Productor<\/b><\/span><\/p>\n<p align=\"center\"><span style=\"color: #ff6600;\"><b>Contenido<\/b><\/span><\/p>\n<\/td>\n<td style=\"height: 136px; width: 31.5625%;\" valign=\"top\" width=\"192\">\n<p align=\"center\"><span style=\"color: #ff6600;\"><b>Acceso y<br \/>\nGu\u00edas de uso<\/b><\/span><\/p>\n<\/td>\n<\/tr>\n<tr style=\"height: 448px;\">\n<td style=\"height: 448px; width: 34.8438%;\" valign=\"top\" width=\"192\">&nbsp;<\/p>\n<p style=\"text-align: center;\"><a href=\"https:\/\/catoute.unileon.es\/discovery\/fulldisplay?docid=alma991002082519705772&amp;context=L&amp;vid=34BUC_ULE:VU1&amp;search_scope=MyInstitution&amp;tab=LibraryCatalog&amp;lang=es\" target=\"_blank\" rel=\"noopener noreferrer\"><img loading=\"lazy\" decoding=\"async\" src=\"http:\/\/bibliotecas.unileon.es\/ciencias-economicas-empresariales\/files\/2015\/03\/sabi.png\" alt=\"\" width=\"141\" height=\"95\" \/><\/a><\/p>\n<h6 style=\"text-align: center;\" align=\"center\"><strong>SABI<\/strong><br \/>\n(Sistema de An\u00e1lisis de Balances Ib\u00e9ricos)<\/h6>\n<h6><strong>(Suscripci\u00f3n cancelada desde marzo de 2026)<\/strong><\/h6>\n<\/td>\n<td style=\"height: 448px; width: 33.2813%;\" valign=\"top\" width=\"192\">Informa. Datos financieros de 2.500.000 empresas espa\u00f1olas. Permite realizar b\u00fasquedas por nombres de empresas, NIF, empleados, datos financieros, etc. Exportaci\u00f3n en diversos formatos e informes personalizados.<\/p>\n<p>Desde 2019 la suscripci\u00f3n incluye el acceso al M\u00f3dulo de Fortaleza Financiera<\/td>\n<td style=\"height: 448px; width: 31.5625%;\" valign=\"top\" width=\"192\">\n<p style=\"text-align: center;\"><span style=\"color: #ff0000;\"><a href=\"http:\/\/biblioteca.unileon.es\/files\/Sabi_0.pdf#overlay-context=content\/gu%25C3%25ADas-de-recursos-e\" class=\"mtli_attachment mtli_pdf\" target=\"_blank\" rel=\"noopener noreferrer\">Con los datos del correo-e tanto dentro como fuera del Campus<\/a><br \/>\n<\/span><\/p>\n<p align=\"center\"><a href=\"https:\/\/bibliotecas.unileon.es\/ciencias-economicas-empresariales\/files\/2021\/03\/guia_rapida_SABI2021.pdf\" class=\"mtli_attachment mtli_pdf\" target=\"_blank\" rel=\"noopener noreferrer\">Gu\u00eda r\u00e1pida<\/a><\/p>\n<p align=\"center\"><a href=\"https:\/\/help.bvdinfo.com\/mergedProjects\/122_ES\/Home.htm\" target=\"_blank\" rel=\"noopener noreferrer\">Manual avanzado<\/a><\/p>\n<p align=\"center\"><a href=\"https:\/\/www.youtube.com\/watch?v=FZ1e22AWvRs&amp;t=5s\" target=\"_blank\" rel=\"noopener\">V\u00eddeo formaci\u00f3n UAM-Nivel b\u00e1sico (2021)<\/a><\/p>\n<p align=\"center\"><a href=\"https:\/\/www.youtube.com\/watch?v=aVecfIAGkMw\" target=\"_blank\" rel=\"noopener\">V\u00eddeo formaci\u00f3n UAM-Avanzado (2021)<\/a><\/p>\n<\/td>\n<\/tr>\n<\/tbody>\n<\/table>\n<p>&nbsp;<\/p>\n<p><span style=\"color: #0000ff;\"><strong><span style=\"font-size: large;\"><span style=\"text-decoration: underline; color: #ff6600;\">BASES DE DATOS ESTAD\u00cdSTICOS<\/span><br \/>\n<\/span><\/strong><\/span><\/p>\n<p>&nbsp;<\/p>\n<table border=\"1\" cellspacing=\"0\" cellpadding=\"0\">\n<tbody>\n<tr>\n<td valign=\"top\" width=\"192\">\n<p align=\"center\"><span style=\"color: #ff6600;\"><b>Nombre<\/b><\/span><\/p>\n<p align=\"center\"><span style=\"color: #ff6600;\"><b>(pinchar para acceder)<\/b><\/span><\/p>\n<\/td>\n<td valign=\"top\" width=\"192\">\n<p align=\"center\"><span style=\"color: #ff6600;\"><b>Productor<\/b><\/span><\/p>\n<p align=\"center\"><span style=\"color: #ff6600;\"><b>Contenido<\/b><\/span><\/p>\n<\/td>\n<td valign=\"top\" width=\"192\">\n<p align=\"center\"><span style=\"color: #ff6600;\"><b>Acceso y<br \/>\nGu\u00edas de uso<\/b><\/span><\/p>\n<\/td>\n<\/tr>\n<tr>\n<td><a href=\"https:\/\/catoute.unileon.es\/discovery\/fulldisplay?docid=alma991007787929705772&amp;context=L&amp;vid=34BUC_ULE:VU1&amp;search_scope=MyInstitution&amp;tab=LibraryCatalog&amp;lang=es\" target=\"_blank\" rel=\"noopener noreferrer\"><img loading=\"lazy\" decoding=\"async\" class=\"\" src=\"http:\/\/bibliotecas.unileon.es\/ciencias-economicas-empresariales\/files\/2018\/11\/statista.png\" alt=\"\" width=\"183\" height=\"183\" \/><\/a><\/p>\n<h6><strong>(Suscripci\u00f3n temporalmente cesada)<\/strong><\/h6>\n<\/td>\n<td>Statista GmbH (Hamburgo).<br \/>\nPortal estad\u00edstico de acceso a 1 mill\u00f3n de estad\u00edsticas, con previsiones, estudios de mercado e informes sectoriales. Los datos se obtienen de fuentes p\u00fablicas y privadas. Tambi\u00e9n hay contenido de elaboraci\u00f3n propia.<\/td>\n<td>Acceso desde casa con los datos del carn\u00e9 universitario (nombre y c\u00f3digo de barras)<\/p>\n<p><a href=\"http:\/\/bibliotecas.unileon.es\/ciencias-economicas-empresariales\/2018\/11\/26\/acceso-a-la-base-de-datos-statista\/\" target=\"_blank\" rel=\"noopener noreferrer\">Entrada en el blog de la Biblioteca sobre Statista<\/a><\/p>\n<p><a href=\"https:\/\/es.statista.com\/portal-estadistico\/#how-to\" target=\"_blank\" rel=\"noopener noreferrer\">Videotutoriales <\/a><\/p>\n<p><a href=\"https:\/\/www.youtube.com\/playlist?list=PLpV7l7rprSPtPqMxTHWtrHVP6eLjIbaF-\" target=\"_blank\" rel=\"noopener\">Canal de Statista en Youtube<\/a><\/p>\n<p><a href=\"http:\/\/biblioteca.uoc.edu\/es\/recursos\/recurso\/web-ex-grabado-sobre-statista\" target=\"_blank\" rel=\"noopener noreferrer\">Videotutorial en espa\u00f1ol<\/a> (grabado para usuarios de la Universitat Oberta de Catalunya)<\/p>\n<p><a href=\"https:\/\/www.statista.com\/download\/Statista-Company-Brochure.pdf\" class=\"mtli_attachment mtli_pdf\" target=\"_blank\" rel=\"noopener noreferrer\">Manual de contenido<\/a><\/td>\n<\/tr>\n<\/tbody>\n<\/table>\n<p><span style=\"color: #ff0000;\"><strong>Gratis en Internet:<\/strong><\/span><\/p>\n<p><strong><a href=\"http:\/\/www.ine.es\/inebmenu\/indice.htm\" target=\"_blank\" rel=\"noopener noreferrer\">INEBase<\/a>\u00a0<\/strong>: Todas las operaciones\u00a0del Instituto Nacional de Estad\u00edstica clasificadas por temas. Imprescindible disponer del visualizador <a href=\"http:\/\/www.ine.es\/ss\/Satellite?L=0&amp;c=Page&amp;cid=1254735116596&amp;p=1254735116596&amp;pagename=ProductosYServicios%2FPYSLayout\" target=\"_blank\" rel=\"noopener noreferrer\">PC-Axis <\/a>para la descarga de datos. Esta base de datos est\u00e1 disponible adem\u00e1s en soporte CD-Rom en la Biblioteca de la Facultad.<\/p>\n<p><strong><a href=\"http:\/\/ec.europa.eu\/eurostat\/data\/database\" target=\"_blank\" rel=\"noopener noreferrer\">Portal EUROSTAT<\/a><\/strong> : Todas las estad\u00edsticas de la Uni\u00f3n Europea por temas<\/p>\n<p>&nbsp;<\/p>\n<p><span style=\"text-decoration: underline; color: #ff6600;\"><span style=\"font-size: large;\"><strong><span style=\"text-decoration: underline;\"><span style=\"text-decoration: underline;\">BASES DE DATOS DE LEGISLACI\u00d3N<\/span><\/span><\/strong><\/span><\/span><\/p>\n<p>&nbsp;<\/p>\n<table border=\"1\" cellspacing=\"0\" cellpadding=\"0\">\n<tbody>\n<tr>\n<td valign=\"top\" width=\"192\">\n<p align=\"center\"><span style=\"color: #ff6600;\"><b>Nombre<\/b><\/span><\/p>\n<p align=\"center\"><span style=\"color: #ff6600;\"><b>(pinchar para acceder)<\/b><\/span><\/p>\n<\/td>\n<td valign=\"top\" width=\"192\">\n<p align=\"center\"><span style=\"color: #ff6600;\"><b>Productor<\/b><\/span><\/p>\n<p align=\"center\"><span style=\"color: #ff6600;\"><b>Contenido<\/b><\/span><\/p>\n<\/td>\n<td valign=\"top\" width=\"192\">\n<p align=\"center\"><span style=\"color: #ff6600;\"><b>Acceso y<br \/>\nGu\u00edas de uso<\/b><\/span><\/p>\n<\/td>\n<\/tr>\n<tr>\n<td valign=\"top\" width=\"192\"><a href=\"https:\/\/catoute.unileon.es\/discovery\/dbfulldisplay?docid=alma991004332299705772&amp;context=L&amp;vid=34BUC_ULE:VU1&amp;lang=es\" target=\"_blank\" rel=\"noopener noreferrer\"><img loading=\"lazy\" decoding=\"async\" class=\" aligncenter\" src=\"http:\/\/bibliotecas.unileon.es\/ciencias-economicas-empresariales\/files\/2015\/03\/Aranzadi-digital.jpg\" alt=\"\" width=\"165\" height=\"56\" \/><\/a><\/p>\n<h6 style=\"text-align: center;\"><strong>\u00a0Aranzadi Instituciones<\/strong><\/h6>\n<p>&nbsp;<\/td>\n<td valign=\"top\" width=\"192\">Thomson Reuters. Legislaci\u00f3n estatal desde 1930 con texto completo desde 1978, legislaci\u00f3n auton\u00f3mica completa, Jurisprudencia del Tribunal Supremo desde 1979 y del Constitucional desde 1981. Selecci\u00f3n de resoluciones de otros Tribunales. Selecci\u00f3n de disposiciones comunitarias<\/td>\n<td style=\"text-align: center;\" valign=\"top\" width=\"192\"><a href=\"http:\/\/biblioteca.unileon.es\/files\/Aranzadi.pdf#overlay-context=content\/gu%25C3%25ADas-de-recursos-e\" class=\"mtli_attachment mtli_pdf\" target=\"_blank\" rel=\"noopener noreferrer\">Aceso desde fuera de la ULE <\/a><br \/>\n(a trav\u00e9s de datos del carnet universitario)<br \/>\n<a href=\"https:\/\/videos.unileon.es\/video\/5eb92ff48f420880538b4568\" target=\"_blank\" rel=\"noopener noreferrer\">Acceso desde casa. Videotutorial<\/a><\/p>\n<p align=\"center\"><a href=\"http:\/\/biblioteca.unileon.es\/files\/GUIA%20DE%20USO.pdf#overlay-context=ayuda-formacion\/guias-de-recusos-e\" class=\"mtli_attachment mtli_pdf\" target=\"_blank\" rel=\"noopener noreferrer\">Gu\u00eda de uso<\/a><\/p>\n<p align=\"center\"><a href=\"http:\/\/biblioteca.unileon.es\/files\/Guia%20trucos%20Servicios%20Aranzadi%20.pdf#overlay-context=ayuda-formacion\/guias-de-recusos-e\" class=\"mtli_attachment mtli_pdf\" target=\"_blank\" rel=\"noopener noreferrer\">Consejos de b\u00fasqueda<\/a><\/p>\n<\/td>\n<\/tr>\n<\/tbody>\n<\/table>\n<p>&nbsp;<\/p>\n<p><a href=\"https:\/\/bibliotecas.unileon.es\/ciencias-economicas-empresariales\/files\/2025\/10\/recursos-electronicos-color.pdf\" class=\"mtli_attachment mtli_pdf\" target=\"_blank\" rel=\"noopener\">Folleto resumen elaborado por la Biblioteca<\/a><\/p>\n<p><a href=\"http:\/\/bibliotecas.unileon.es\/ciencias-economicas-empresariales\/files\/2017\/02\/consejos-de-busqueda-en-bdds-color-web.pdf\" class=\"mtli_attachment mtli_pdf\" target=\"_blank\" rel=\"noopener noreferrer\">C\u00f3mo consultar una base de datos bibliogr\u00e1fica<\/a> (folleto elaborado por la Biblioteca)<\/p>\n<p>&nbsp;<\/p>\n<p>&nbsp;<\/p>\n<p>&nbsp;<\/p>\n<p>&nbsp;<\/p>\n","protected":false},"excerpt":{"rendered":"<p>De inter\u00e9s para las Ciencias econ\u00f3micas y empresariales, la Biblioteca de la ULE tiene suscripci\u00f3n a los siguientes productos. Su uso es exclusivo para miembros de la comunidad universitaria. &nbsp; BASES DE DATOS BIBLIOGR\u00c1FICAS Las bases de datos bibliogr\u00e1ficas contienen &hellip; <a href=\"https:\/\/bibliotecas.unileon.es\/ciencias-economicas-empresariales\/bases-de-datos\/\">Sigue leyendo <span class=\"meta-nav\">&rarr;<\/span><\/a><\/p>\n","protected":false},"author":22,"featured_media":0,"parent":0,"menu_order":0,"comment_status":"open","ping_status":"open","template":"","meta":{"_bbp_topic_count":0,"_bbp_reply_count":0,"_bbp_total_topic_count":0,"_bbp_total_reply_count":0,"_bbp_voice_count":0,"_bbp_anonymous_reply_count":0,"_bbp_topic_count_hidden":0,"_bbp_reply_count_hidden":0,"_bbp_forum_subforum_count":0,"footnotes":""},"class_list":["post-466","page","type-page","status-publish","hentry"],"_links":{"self":[{"href":"https:\/\/bibliotecas.unileon.es\/ciencias-economicas-empresariales\/wp-json\/wp\/v2\/pages\/466","targetHints":{"allow":["GET"]}}],"collection":[{"href":"https:\/\/bibliotecas.unileon.es\/ciencias-economicas-empresariales\/wp-json\/wp\/v2\/pages"}],"about":[{"href":"https:\/\/bibliotecas.unileon.es\/ciencias-economicas-empresariales\/wp-json\/wp\/v2\/types\/page"}],"author":[{"embeddable":true,"href":"https:\/\/bibliotecas.unileon.es\/ciencias-economicas-empresariales\/wp-json\/wp\/v2\/users\/22"}],"replies":[{"embeddable":true,"href":"https:\/\/bibliotecas.unileon.es\/ciencias-economicas-empresariales\/wp-json\/wp\/v2\/comments?post=466"}],"version-history":[{"count":49,"href":"https:\/\/bibliotecas.unileon.es\/ciencias-economicas-empresariales\/wp-json\/wp\/v2\/pages\/466\/revisions"}],"predecessor-version":[{"id":2069,"href":"https:\/\/bibliotecas.unileon.es\/ciencias-economicas-empresariales\/wp-json\/wp\/v2\/pages\/466\/revisions\/2069"}],"wp:attachment":[{"href":"https:\/\/bibliotecas.unileon.es\/ciencias-economicas-empresariales\/wp-json\/wp\/v2\/media?parent=466"}],"curies":[{"name":"wp","href":"https:\/\/api.w.org\/{rel}","templated":true}]}}