{"id":826,"date":"2013-09-17T13:48:12","date_gmt":"2013-09-17T11:48:12","guid":{"rendered":"http:\/\/bibliotecas.unileon.es\/ciencias-economicas-empresariales\/?page_id=826"},"modified":"2026-02-25T10:37:31","modified_gmt":"2026-02-25T09:37:31","slug":"guia-rapida-para-alumnos-de-primer-curso","status":"publish","type":"page","link":"https:\/\/bibliotecas.unileon.es\/ciencias-economicas-empresariales\/guia-rapida-para-alumnos-de-primer-curso\/","title":{"rendered":"Gu\u00edas tem\u00e1ticas"},"content":{"rendered":"<p style=\"text-align: center;\"><a href=\"https:\/\/biblioteca.unileon.es\/ADE\" target=\"_blank\" rel=\"noopener\">Gu\u00eda tem\u00e1tica del Grado en Administraci\u00f3n y Direcci\u00f3n de Empresas<\/a><\/p>\n<p style=\"text-align: center;\"><a href=\"https:\/\/biblioteca.unileon.es\/Economia\" target=\"_blank\" rel=\"noopener\">Gu\u00eda tem\u00e1tica del Grado en Econom\u00eda<\/a><\/p>\n<p style=\"text-align: center;\"><a href=\"https:\/\/biblioteca.unileon.es\/Comercio\" target=\"_blank\" rel=\"noopener\">Gu\u00eda tem\u00e1tica del Grado en Comercio Internacional<\/a><\/p>\n<p style=\"text-align: center;\"><a href=\"https:\/\/biblioteca.unileon.es\/Finanzas\" target=\"_blank\" rel=\"noopener\">Gu\u00eda tem\u00e1tica del Grado en Finanzas<\/a><\/p>\n<p style=\"text-align: center;\"><a href=\"https:\/\/biblioteca.unileon.es\/Marketing\" target=\"_blank\" rel=\"noopener\">Gu\u00eda tem\u00e1tica del Grado en Marketing e Investigaci\u00f3n de Mercados<\/a><\/p>\n<p style=\"text-align: center;\"><a href=\"https:\/\/biblioteca.unileon.es\/Turismo\" target=\"_blank\" rel=\"noopener\">Gu\u00eda tem\u00e1tica del Grado en Turismo<\/a><\/p>\n<p style=\"text-align: justify;\">Hemos elaborado una serie de Gu\u00edas tem\u00e1ticas en las que te mostramos todos los recursos de informaci\u00f3n que puedes consultar en\u00a0 la Biblioteca, tanto impresos como electr\u00f3nicos , y la forma de acceder a ellos. En ellas encontrar\u00e1s informaci\u00f3n de calidad para completar tus apuntes de clase y para la realizaci\u00f3n de trabajos acad\u00e9micos, incluido el TFG.<\/p>\n<p style=\"text-align: center;\"><span style=\"color: #ff6600;\"><strong>Nuestro objetivo es que Google no sea el primero\u00a0 ni el \u00fanico\u00a0\u00fanico lugar donde buscar informaci\u00f3n.<\/strong><\/span><\/p>\n<p style=\"text-align: justify;\">Utiliza las Gu\u00edas tem\u00e1ticas para conocer los libros, diccionarios, TFGs, la prensa econ\u00f3mica disponible as\u00ed como las colecciones de revistas y bases de datos en las que encontrar art\u00edculos, v\u00eddeos, datos estad\u00edsticos o informaci\u00f3n financiera. Y para saber c\u00f3mo localizar todos estos recursos en el cat\u00e1logo y en las estanter\u00edas.<\/p>\n<p style=\"text-align: justify;\">Son muchas las instituciones acad\u00e9micas, organismos oficiales y entidades de todo tipo que publican informaci\u00f3n de calidad en la red. Por ello, en cada Gu\u00eda tambi\u00e9n hemos incluido un apartado sobre Recursos en Internet de acceso abierto, libre y gratuito donde hemos recopilado sitios que ofrecen informaci\u00f3n acad\u00e9mica de calidad contrastada, fiable y\u00a0\u00a0actualizada.<\/p>\n<p>Si necesitas m\u00e1s ayuda pregunta en el despacho de la Biblioteca.<\/p>\n<p>&nbsp;<\/p>\n<p>&nbsp;<\/p>\n","protected":false},"excerpt":{"rendered":"<p>Gu\u00eda tem\u00e1tica del Grado en Administraci\u00f3n y Direcci\u00f3n de Empresas Gu\u00eda tem\u00e1tica del Grado en Econom\u00eda Gu\u00eda tem\u00e1tica del Grado en Comercio Internacional Gu\u00eda tem\u00e1tica del Grado en Finanzas Gu\u00eda tem\u00e1tica del Grado en Marketing e Investigaci\u00f3n de Mercados Gu\u00eda &hellip; <a href=\"https:\/\/bibliotecas.unileon.es\/ciencias-economicas-empresariales\/guia-rapida-para-alumnos-de-primer-curso\/\">Sigue leyendo <span class=\"meta-nav\">&rarr;<\/span><\/a><\/p>\n","protected":false},"author":22,"featured_media":0,"parent":0,"menu_order":0,"comment_status":"open","ping_status":"open","template":"","meta":{"_bbp_topic_count":0,"_bbp_reply_count":0,"_bbp_total_topic_count":0,"_bbp_total_reply_count":0,"_bbp_voice_count":0,"_bbp_anonymous_reply_count":0,"_bbp_topic_count_hidden":0,"_bbp_reply_count_hidden":0,"_bbp_forum_subforum_count":0,"footnotes":""},"class_list":["post-826","page","type-page","status-publish","hentry"],"_links":{"self":[{"href":"https:\/\/bibliotecas.unileon.es\/ciencias-economicas-empresariales\/wp-json\/wp\/v2\/pages\/826","targetHints":{"allow":["GET"]}}],"collection":[{"href":"https:\/\/bibliotecas.unileon.es\/ciencias-economicas-empresariales\/wp-json\/wp\/v2\/pages"}],"about":[{"href":"https:\/\/bibliotecas.unileon.es\/ciencias-economicas-empresariales\/wp-json\/wp\/v2\/types\/page"}],"author":[{"embeddable":true,"href":"https:\/\/bibliotecas.unileon.es\/ciencias-economicas-empresariales\/wp-json\/wp\/v2\/users\/22"}],"replies":[{"embeddable":true,"href":"https:\/\/bibliotecas.unileon.es\/ciencias-economicas-empresariales\/wp-json\/wp\/v2\/comments?post=826"}],"version-history":[{"count":4,"href":"https:\/\/bibliotecas.unileon.es\/ciencias-economicas-empresariales\/wp-json\/wp\/v2\/pages\/826\/revisions"}],"predecessor-version":[{"id":830,"href":"https:\/\/bibliotecas.unileon.es\/ciencias-economicas-empresariales\/wp-json\/wp\/v2\/pages\/826\/revisions\/830"}],"wp:attachment":[{"href":"https:\/\/bibliotecas.unileon.es\/ciencias-economicas-empresariales\/wp-json\/wp\/v2\/media?parent=826"}],"curies":[{"name":"wp","href":"https:\/\/api.w.org\/{rel}","templated":true}]}}