{"id":986,"date":"2014-10-15T13:01:27","date_gmt":"2014-10-15T11:01:27","guid":{"rendered":"http:\/\/bibliotecas.unileon.es\/ciencias-economicas-empresariales\/?page_id=986"},"modified":"2025-02-18T09:28:23","modified_gmt":"2025-02-18T08:28:23","slug":"el-formato-bibliografico-apa","status":"publish","type":"page","link":"https:\/\/bibliotecas.unileon.es\/ciencias-economicas-empresariales\/el-formato-bibliografico-apa\/","title":{"rendered":"El formato bibliogr\u00e1fico APA"},"content":{"rendered":"<p style=\"text-align: justify;\">En su origen el estilo APA es un conjunto de especificaciones elaborado por la American Psychological Association que tiene como objetivo la normalizaci\u00f3n de los trabajos presentados en revistas editadas por la Asociaci\u00f3n. El estilo APA se plasma en un Manual que orienta a los autores sobre cuestiones relacionadas con el estilo de redacci\u00f3n, el formato de presentaci\u00f3n del texto, su estructura y contenido, la redacci\u00f3n de t\u00edtulos y encabezados, la inserci\u00f3n de im\u00e1genes, tablas, vi\u00f1etas, etc. Y, por supuesto, tambi\u00e9n la redacci\u00f3n de referencias bibliogr\u00e1ficas.<\/p>\n<p style=\"text-align: justify;\">Por lo que respecta a la redacci\u00f3n de referencias bibliogr\u00e1ficas, el modelo APA se ha extendido por todo el mundo.\u00a0 Es habitualmente aceptado por las Ciencias Sociales y muy frecuente en publicaciones de Econom\u00eda, Gesti\u00f3n\u00a0 y Negocios. Por ello <strong>ha sido adoptado como est\u00e1ndar para la redacci\u00f3n de las referencias bibliogr\u00e1ficas incluidas en todos los Trabajos de Fin de Grado de nuestra Facultad.<\/strong><\/p>\n<p>&nbsp;<\/p>\n<h3><span style=\"color: #ff6600;\"><strong>El Manual de Publicaciones de APA <\/strong><\/span><\/h3>\n<p>&nbsp;<\/p>\n<table style=\"width: 100%;\">\n<tbody>\n<tr>\n<td style=\"width: 46.7188%;\" width=\"432\">\u00a0<a href=\"https:\/\/catoute.unileon.es\/permalink\/34BUC_ULE\/4pbkoc\/alma991008728063005772\" target=\"_blank\" rel=\"noopener noreferrer\"><img loading=\"lazy\" decoding=\"async\" class=\"\" src=\"https:\/\/bibliotecas.unileon.es\/ciencias-economicas-empresariales\/files\/2020\/02\/manual-apa7th.png\" alt=\"\" width=\"172\" height=\"245\" \/><\/a><\/td>\n<td style=\"width: 53.2812%;\" width=\"432\">\n<p style=\"text-align: justify;\">Si quieres redactar correctamente tus citas y referencias en formato APA es imprescindible\u00a0 que consultes los cap\u00edtulos 8, 9 y 10 del\u00a0 <a href=\"https:\/\/catoute.unileon.es\/permalink\/34BUC_ULE\/4pbkoc\/alma991007529229705772\" target=\"_blank\" rel=\"noopener noreferrer\">Manual de Publicaciones de APA<\/a>, disponible en la Biblioteca de la Facultad. La \u00faltima edici\u00f3n (en ingl\u00e9s) es la 7\u00aa publicada en 2019.<\/p>\n<p style=\"text-align: justify;\">M\u00e1s informaci\u00f3n sobre APA 7th en el <a href=\"https:\/\/apastyle.apa.org\/blog\" target=\"_blank\" rel=\"noopener noreferrer\">Blog Oficial de APA<\/a><\/p>\n<\/td>\n<\/tr>\n<\/tbody>\n<\/table>\n<p>&nbsp;<\/p>\n<table style=\"width: 100%; border-collapse: collapse; border-color: #ff6600; border-style: double;\">\n<tbody>\n<tr>\n<td style=\"width: 100%;\">\n<h4 style=\"text-align: center;\">Para conocer las novedades introducidas en la nueva edici\u00f3n puedes consultar nuestra entrada en el blog titulada<br \/>\n<a href=\"https:\/\/bibliotecas.unileon.es\/ciencias-economicas-empresariales\/2020\/02\/26\/que-hay-de-nuevo-en-apa-7th-sobre-citas-y-referencias\/\" target=\"_blank\" rel=\"noopener noreferrer\">\u00bfQu\u00e9 hay de nuevo en APA 7th?<\/a><\/h4>\n<\/td>\n<\/tr>\n<\/tbody>\n<\/table>\n<p>&nbsp;<\/p>\n<p style=\"text-align: justify;\">Como una norma que es, se trata de un documento complejo pues tiene que recoger una casu\u00edstica muy amplia. Ten en cuenta que la forma de las citas y las referencias var\u00eda en funci\u00f3n de:<\/p>\n<ul style=\"text-align: justify;\">\n<li>El tipo de documento de que se trate. No tiene los mismos elementos una referencia de un libro que una de un cap\u00edtulo de libro, art\u00edculo de revista, ponencia de Congreso, Tesis doctoral, p\u00e1gina web, etc. El orden de los elementos y otras cuestiones como la tipograf\u00eda y los signos de puntuaci\u00f3n que los separan se definen tambi\u00e9n en el Manual.<\/li>\n<li>El n\u00famero de autores que tenga la obra. En funci\u00f3n del n\u00famero de autores var\u00eda tanto la forma de expresar la cita dentro del texto como la referencia final<\/li>\n<li>El tipo de autores. El autor de una obra puede ser una persona pero tambi\u00e9n una entidad. Incluso la obra puede no tener autores.<\/li>\n<li>El soporte. Para referenciar documentos electr\u00f3nicos es necesario hacer constar ciertos elementos imprescindibles como URLs, DOIs o fechas de consulta.<\/li>\n<\/ul>\n<p style=\"text-align: justify;\">Adem\u00e1s, una vez sepas c\u00f3mo se redacta una referencia tendr\u00e1s que elaborar todas las que incluyas en tu trabajo de una en una, insertarlas en el texto en forma de cita y ordenarlas alfab\u00e9ticamente al final del mismo.<\/p>\n<p style=\"text-align: justify;\">Puedes consultar otras <a href=\"https:\/\/catoute.unileon.es\/discovery\/search?query=any,contains,apa%20AND%20manual&amp;tab=LibraryCatalog&amp;search_scope=MyInstitution&amp;vid=34BUC_ULE:VU1&amp;lang=es&amp;offset=0\" target=\"_blank\" rel=\"noopener noreferrer\">Publicaciones sobre APA en la Biblioteca de la Universidad<\/a><\/p>\n<p>&nbsp;<\/p>\n<h3><\/h3>\n<h3><strong><span style=\"color: #ff6600;\">Ejemplos de referencias en APA 7th\u00a0<\/span> <\/strong><\/h3>\n<p style=\"text-align: justify;\">En el nuevo Manual de APA figuran <a href=\"https:\/\/apastyle.apa.org\/style-grammar-guidelines\/references\/examples\" target=\"_blank\" rel=\"noopener noreferrer\">m\u00e1s de 100 ejemplos de referencias<\/a> de distintos tipos de documentos que se pueden consultar tambi\u00e9n en el Blog oficial de APA (<a href=\"https:\/\/apastyle.apa.org\/blog\" target=\"_blank\" rel=\"noopener noreferrer\">APA Style Blog<\/a>). Puedes consultar tambi\u00e9n una <a href=\"https:\/\/apastyle.apa.org\/instructional-aids\/reference-examples.pdf\" class=\"mtli_attachment mtli_pdf\" target=\"_blank\" rel=\"noopener\">selecci\u00f3n de los ejemplos m\u00e1s habituales.<\/a><\/p>\n<p style=\"text-align: justify;\">Hay muchos sitios de inter\u00e9s con ejemplos:<\/p>\n<p style=\"text-align: justify;\"><a href=\"https:\/\/guiasbus.us.es\/ld.php?content_id=20512221\" target=\"_blank\" rel=\"noopener\">APA para citas y referencias<\/a>, elaborado por la Biblioteca de la Universidad de Sevilla<\/p>\n<p id=\"s-lg-guide-name\" style=\"text-align: justify;\"><a href=\"https:\/\/uc3m.libguides.com\/guias_tematicas\/citas_bibliograficas\/estilo-apa\" target=\"_blank\" rel=\"noopener noreferrer\">Gu\u00eda tem\u00e1tica sobre citas bibliogr\u00e1ficas UC3M: APA<\/a> en la web de la Biblioteca de la Universidad Carlos III de Madrid<\/p>\n<p id=\"s-lg-guide-name\" style=\"text-align: justify;\"><a href=\"https:\/\/biblioguias.unav.edu\/psicologia\/CitasyEstilo-APA\" target=\"_blank\" rel=\"noopener noreferrer\">Citas y plagio: APA<\/a> elaborado por la Biblioteca de la Universidad de Navarra<\/p>\n<p id=\"s-lg-guide-name\" style=\"text-align: justify;\"><a href=\"https:\/\/aut.ac.nz.libguides.com\/APA7th\" target=\"_blank\" rel=\"noopener noreferrer\">APA 7th Referencing Style Guide<\/a> elaborado por la Aucklan University Technology (Nueva Zelanda)<\/p>\n<p id=\"s-lg-guide-name\" style=\"text-align: justify;\"><a href=\"https:\/\/libraryguides.vu.edu.au\/apa-referencing\/7GettingStarted\" target=\"_blank\" rel=\"noopener noreferrer\">APA 7th Referencing: Getting Started in APA 7th<\/a> elaborado por la Victoria University en Melbourne<\/p>\n<p id=\"s-lg-guide-name\" style=\"text-align: justify;\"><a href=\"https:\/\/libguides.library.curtin.edu.au\/apa-7\" target=\"_blank\" rel=\"noopener noreferrer\">APA 7th referencing guid<\/a>e elaborado por la Curtin University (Australia)<\/p>\n<p style=\"text-align: justify;\"><a href=\"https:\/\/normas-apa.org\/introduccion\/normas-apa-en-espanol\/\" target=\"_blank\" rel=\"noopener\">Normas APA 2020<\/a>(en espa\u00f1ol).<\/p>\n<p style=\"text-align: justify;\"><a href=\"https:\/\/www.javerianacali.edu.co\/sites\/default\/files\/2022-06\/Manual%20de%20Normas%20APA%207ma%20edicio%CC%81n.pdf\" class=\"mtli_attachment mtli_pdf\" target=\"_blank\" rel=\"noopener\">Manual de Normas APA, 7\u00aa edici\u00f3n<\/a> elaborado por el Centro de Escritura Javeriano de la Pontificia Universidad Javeriana (Colombia).<\/p>\n<h3><strong><span style=\"color: #ff6600;\">Citar legislaci\u00f3n en APA<\/span><br \/>\n<\/strong><\/h3>\n<p style=\"text-align: justify;\">Para citar legislaci\u00f3n las especificaciones de APA, elaboradas por una entidad americana, no se adaptan bien al entorno jur\u00eddico espa\u00f1ol. Por ello, se recomienda redactar las referencias bibliogr\u00e1ficas siguiendo las pautas generales establecidas por la norma ISO 690. Se recomienda considerar las leyes como si fueran art\u00edculos publicados en el <a href=\"http:\/\/www.boe.es\/legislacion\/legislacion.php\" target=\"_blank\" rel=\"noopener noreferrer\">Bolet\u00edn Oficial del Estado<\/a> indicando el n\u00famero de BOE, las p\u00e1ginas y, en su caso, la URL. Como autor, el \u00e1rea jurisdiccional (Espa\u00f1a) y, si procede, el organismo responsable de su elaboraci\u00f3n (Ministerio). No obstante consulta con tu Profesor pues algunos prefieren no incluir en el texto las citas de legislaci\u00f3n e ir a\u00f1adiendo notas a pie de p\u00e1gina e incluir un Anexo final con toda la legislaci\u00f3n utilizada. Puedes consultar la <a href=\"http:\/\/uc3m.libguides.com\/guias_tematicas\/citas_bibliograficas\/legislacion\" target=\"_blank\" rel=\"noopener noreferrer\">Gu\u00eda tem\u00e1tica sobre citas bibliogr\u00e1ficas de legislaci\u00f3n y jurisprudencia<\/a> elaborada por la Biblioteca de la Universidad Carlos III de Madrid.<\/p>\n<p>&nbsp;<\/p>\n<h3><span style=\"color: #ff6600;\"><strong>M\u00e1s f\u00e1cil con un programa de gesti\u00f3n de referencias bibliogr\u00e1ficas<\/strong><\/span><\/h3>\n<p style=\"text-align: justify;\">Si quieres automatizar el proceso te invitamos a que utilices un programa de gesti\u00f3n de referencias bibliogr\u00e1ficas como Mendeley que te permitir\u00e1:<\/p>\n<ul style=\"text-align: justify;\">\n<li>Almacenar en una base de datos las referencias bibliogr\u00e1ficas de todos los documentos que hayas consultado para hacer tu trabajo.<\/li>\n<li>Insertar citas a medida que escribes un documento seg\u00fan las especificaciones de APA.<\/li>\n<li>Generar de forma autom\u00e1tica la lista final de referencias en formato APA.<\/li>\n<\/ul>\n<p style=\"text-align: justify;\">Esto supone un enorme ahorro de tiempo y esfuerzo y te evitar\u00e1 tener que memorizar las normas APA y redactar manualmente las citas y la bibliograf\u00eda de tus trabajos.<\/p>\n<p style=\"text-align: center;\"><span style=\"color: #ff6600;\">An\u00edmate a utilizar Mendeley. Es r\u00e1pido y sencillo<\/span><\/p>\n<p>&nbsp;<\/p>\n","protected":false},"excerpt":{"rendered":"<p>En su origen el estilo APA es un conjunto de especificaciones elaborado por la American Psychological Association que tiene como objetivo la normalizaci\u00f3n de los trabajos presentados en revistas editadas por la Asociaci\u00f3n. El estilo APA se plasma en un &hellip; <a href=\"https:\/\/bibliotecas.unileon.es\/ciencias-economicas-empresariales\/el-formato-bibliografico-apa\/\">Sigue leyendo <span class=\"meta-nav\">&rarr;<\/span><\/a><\/p>\n","protected":false},"author":22,"featured_media":0,"parent":0,"menu_order":0,"comment_status":"open","ping_status":"open","template":"","meta":{"_bbp_topic_count":0,"_bbp_reply_count":0,"_bbp_total_topic_count":0,"_bbp_total_reply_count":0,"_bbp_voice_count":0,"_bbp_anonymous_reply_count":0,"_bbp_topic_count_hidden":0,"_bbp_reply_count_hidden":0,"_bbp_forum_subforum_count":0,"footnotes":""},"class_list":["post-986","page","type-page","status-publish","hentry"],"_links":{"self":[{"href":"https:\/\/bibliotecas.unileon.es\/ciencias-economicas-empresariales\/wp-json\/wp\/v2\/pages\/986","targetHints":{"allow":["GET"]}}],"collection":[{"href":"https:\/\/bibliotecas.unileon.es\/ciencias-economicas-empresariales\/wp-json\/wp\/v2\/pages"}],"about":[{"href":"https:\/\/bibliotecas.unileon.es\/ciencias-economicas-empresariales\/wp-json\/wp\/v2\/types\/page"}],"author":[{"embeddable":true,"href":"https:\/\/bibliotecas.unileon.es\/ciencias-economicas-empresariales\/wp-json\/wp\/v2\/users\/22"}],"replies":[{"embeddable":true,"href":"https:\/\/bibliotecas.unileon.es\/ciencias-economicas-empresariales\/wp-json\/wp\/v2\/comments?post=986"}],"version-history":[{"count":1,"href":"https:\/\/bibliotecas.unileon.es\/ciencias-economicas-empresariales\/wp-json\/wp\/v2\/pages\/986\/revisions"}],"predecessor-version":[{"id":1019,"href":"https:\/\/bibliotecas.unileon.es\/ciencias-economicas-empresariales\/wp-json\/wp\/v2\/pages\/986\/revisions\/1019"}],"wp:attachment":[{"href":"https:\/\/bibliotecas.unileon.es\/ciencias-economicas-empresariales\/wp-json\/wp\/v2\/media?parent=986"}],"curies":[{"name":"wp","href":"https:\/\/api.w.org\/{rel}","templated":true}]}}