{"id":219,"date":"2014-05-26T11:07:12","date_gmt":"2014-05-26T09:07:12","guid":{"rendered":"http:\/\/bibliotecas.unileon.es\/ciencias-salud\/?page_id=219"},"modified":"2019-11-05T13:41:37","modified_gmt":"2019-11-05T11:41:37","slug":"revistas-a-texto-completo","status":"publish","type":"page","link":"https:\/\/bibliotecas.unileon.es\/ciencias-salud\/revistas-a-texto-completo\/","title":{"rendered":"Revistas a texto completo"},"content":{"rendered":"<p>Selecci\u00f3n de revistas a texto completo:<\/p>\n<ul>\n<li><a title=\"Acceso a la revista AVANCES EN ENFERMER\u00cdA\" href=\"https:\/\/buc-ule.primo.exlibrisgroup.com\/permalink\/34BUC_ULE\/4pbkoc\/alma991003244879705772\" target=\"_blank\" rel=\"noopener noreferrer\">AVANCES EN ENFERMER\u00cdA<\/a>: publica contribuciones originales sobre enfermer\u00eda y otras disciplinas relacionadas con la salud.<\/li>\n<\/ul>\n<ul>\n<li><a title=\"Acceso a la revista CULTURA DE LOS CUIDADOS\" href=\"https:\/\/buc-ule.primo.exlibrisgroup.com\/permalink\/34BUC_ULE\/4pbkoc\/alma991001881159705772\" target=\"_blank\" rel=\"noopener noreferrer\">CULTURA DE LOS CUIDADOS<\/a>: revista orientada al desarrollo del conocimiento hist\u00f3rico, antropol\u00f3gico, fenomenol\u00f3gico y te\u00f3rico en cuidados enfermeros.<\/li>\n<\/ul>\n<ul>\n<li><a title=\"Acceso a la revista DESARROLLO CIENT\u00cdFICO DE ENFERMER\u00cdA\" href=\"https:\/\/buc-ule.primo.exlibrisgroup.com\/permalink\/34BUC_ULE\/jlb2a8\/alma991003379029705772\" target=\"_blank\" rel=\"noopener noreferrer\">DESARROLLO CIENT\u00cdFICO DE ENFERMER\u00cdA<\/a>: se trata de la revista mexicana con mayor influencia en Am\u00e9rica Latina. De contenido cient\u00edfico, incluye art\u00edculos de enfermer\u00eda en todas sus \u00e1reas de conocimiento.<\/li>\n<\/ul>\n<ul>\n<li><a title=\"Acceso a la revista ENE\" href=\"https:\/\/buc-ule.primo.exlibrisgroup.com\/permalink\/34BUC_ULE\/jlb2a8\/alma991003242739705772\" target=\"_blank\" rel=\"noopener noreferrer\">ENE<\/a>: revista electr\u00f3nica de enfermer\u00eda, de contenido cient\u00edfico independiente. Incluye art\u00edculos de tem\u00e1tica general y en \u00e1reas especializadas de la Enfermer\u00eda.<\/li>\n<\/ul>\n<ul>\n<li><a title=\"Acceso a la revista ENFERMER\u00cdA COMUNITARIA\" href=\"https:\/\/buc-ule.primo.exlibrisgroup.com\/permalink\/34BUC_ULE\/jlb2a8\/alma991003239189705772\" target=\"_blank\" rel=\"noopener noreferrer\">ENFERMER\u00cdA COMUNITARIA<\/a>: revista digital especializada en cuidados de salud familiar y comunitaria, de \u00e1mbito internacional y aparici\u00f3n semestral.<\/li>\n<\/ul>\n<ul>\n<li><a title=\"Acceso a la revista ENFERMER\u00cdA DOCENTE\" href=\"https:\/\/buc-ule.primo.exlibrisgroup.com\/permalink\/34BUC_ULE\/jlb2a8\/alma991003261969705772\" target=\"_blank\" rel=\"noopener noreferrer\">ENFERMER\u00cdA DOCENTE<\/a>: revista de formaci\u00f3n continua y cl\u00ednica. Ofrece actualizaciones sobre cuidados profesionales e innovaciones en diversos campos de la enfermer\u00eda.<\/li>\n<\/ul>\n<ul>\n<li><a title=\"Acceso a la revista ENFERMER\u00cdA UNIVERSITARIA\" href=\"https:\/\/buc-ule.primo.exlibrisgroup.com\/permalink\/34BUC_ULE\/jlb2a8\/alma991003239349705772\" target=\"_blank\" rel=\"noopener noreferrer\">ENFERMER\u00cdA UNIVERSITARIA<\/a>: revista editada por la Escuela Nacional de Enfermer\u00eda y Obstetricia de la Universidad Nacional Aut\u00f3noma de M\u00e9xico. Est\u00e1 dirigida a difundir aportaciones en materia de investigaci\u00f3n en salud, educativa y pr\u00e1ctica profesional de M\u00e9xico y otros pa\u00edses de habla hispana.<\/li>\n<\/ul>\n<ul>\n<li><a title=\"Acceso a la revista \u00c9TICA DE LOS CUIDADOS\" href=\"https:\/\/buc-ule.primo.exlibrisgroup.com\/permalink\/34BUC_ULE\/jlb2a8\/alma991003239219705772\" target=\"_blank\" rel=\"noopener noreferrer\">\u00c9TICA DE LOS CUIDADOS<\/a>: revista digital especializada en bio\u00e9tica, tanto desde la perspectiva m\u00e1s global como desde la m\u00e1s estrictamente cl\u00ednica, pasando por la \u00e9tica de las organizaciones sanitarias o la \u00e9tica de las pol\u00edticas de salud.<\/li>\n<\/ul>\n<ul>\n<li><a title=\"Acceso a la revista EVIDENTIA\" href=\"https:\/\/buc-ule.primo.exlibrisgroup.com\/permalink\/34BUC_ULE\/jlb2a8\/alma991003235759705772\" target=\"_blank\" rel=\"noopener noreferrer\">EVIDENTIA<\/a>: revista de enfermer\u00eda cl\u00ednica con una orientaci\u00f3n aplicada. Est\u00e1 especializada en la b\u00fasqueda y resumen de evidencias cl\u00ednicas relevantes para la prestaci\u00f3n de cuidados de calidad. Se trata de una publicaci\u00f3n destinada a impulsar el movimiento de la Enfermer\u00eda Basada en Evidencias.<\/li>\n<\/ul>\n<ul>\n<li><a title=\"Acceso a la revista INDEX DE ENFERMER\u00cdA\" href=\"https:\/\/buc-ule.primo.exlibrisgroup.com\/permalink\/34BUC_ULE\/jlb2a8\/alma991000305249705772\" target=\"_blank\" rel=\"noopener noreferrer\">INDEX DE ENFERMER\u00cdA<\/a>: se trata de la revista de enfermer\u00eda iberoamericana con mayor impacto internacional y posiblemente la revista enfermera en espa\u00f1ol m\u00e1s le\u00edda del mundo. Publica trabajos relacionados con la investigaci\u00f3n en cuidados de salud desde una pluralidad de perspectivas: cl\u00ednico-asistencial, socio-cultural e hist\u00f3rica.<\/li>\n<\/ul>\n<ul>\n<li><a title=\"Acceso a la revista INQUIETUDES\" href=\"https:\/\/buc-ule.primo.exlibrisgroup.com\/permalink\/34BUC_ULE\/jlb2a8\/alma991003273389705772\" target=\"_blank\" rel=\"noopener noreferrer\">INQUIETUDES<\/a>: revista cuatrimestral editada por el Complejo Hospitalario de Ja\u00e9n.<\/li>\n<\/ul>\n<ul>\n<li><a href=\"https:\/\/buc-ule.primo.exlibrisgroup.com\/permalink\/34BUC_ULE\/jlb2a8\/alma991005181239705772\" target=\"_blank\" rel=\"noopener noreferrer\">INVESTIGACI\u00d3N &amp; CUIDADOS<\/a>: revista de enfermer\u00eda, de periodicidad cuatrimestral, editada por el Consejo de Enfermer\u00eda de la Comunidad Valenciana (CECOVA).\u00a0Se trata de una publicaci\u00f3n de car\u00e1cter cient\u00edfico abierta a todos aquellos trabajos de investigaci\u00f3n que contribuyen al desarrollo de la Enfermer\u00eda en todas sus vertientes: asistencial, docente, gesti\u00f3n e investigaci\u00f3n.<\/li>\n<\/ul>\n<ul>\n<li><a href=\"https:\/\/buc-ule.primo.exlibrisgroup.com\/permalink\/34BUC_ULE\/jlb2a8\/alma991005181519705772\" target=\"_blank\" rel=\"noopener noreferrer\">INVESTIGACI\u00d3N EN ENFERMER\u00cdA<\/a>:\u00a0revista semestral editada por la Facultad de Enfermer\u00eda de la Pontificia Universidad Javeriana (Colombia). Tiene como objetivo principal servir como medio de divulgaci\u00f3n de la producci\u00f3n intelectual originada en la asistencia, docencia, investigaci\u00f3n y consultor\u00eda de profesionales de las ciencias de la Salud y ciencias sociales.<\/li>\n<\/ul>\n<ul>\n<li><a title=\"Acceso a la revista PRESENCIA\" href=\"https:\/\/buc-ule.primo.exlibrisgroup.com\/discovery\/fulldisplay?docid=alma991003237439705772&amp;context=L&amp;vid=34BUC_ULE:VU1&amp;lang=es&amp;search_scope=MyInstitution&amp;adaptor=Local%20Search%20Engine&amp;tab=LibraryCatalog&amp;query=any,contains,Presencia%20:%20revista%20de%20enfermer%C3%ADa%20de%20salud%20mental&amp;offset=0\" target=\"_blank\" rel=\"noopener noreferrer\">PRESENCIA<\/a>: revista de enfermer\u00eda de salud mental. Publica trabajos que, dentro del marco general de las Ciencias de la Salud, contribuyan al desarrollo y a la formaci\u00f3n continuada de los profesionales de enfermer\u00eda en salud mental.<\/li>\n<\/ul>\n<ul>\n<li><a title=\"Acceso a la revista REFERENCIA\" href=\"https:\/\/buc-ule.primo.exlibrisgroup.com\/permalink\/34BUC_ULE\/jlb2a8\/alma991003250179705772\" target=\"_blank\" rel=\"noopener noreferrer\">REFERENCIA<\/a>: contiene fundamentalmente art\u00edculos cient\u00edficos procedentes de la investigaci\u00f3n emp\u00edrica y de inter\u00e9s pedag\u00f3gico, cient\u00edfico e hist\u00f3rico para la Enfermer\u00eda y las Ciencias de la Salud en general.<\/li>\n<\/ul>\n<ul>\n<li><a title=\"Acceso a la REVISTA DE PESQUISA\" href=\"https:\/\/buc-ule.primo.exlibrisgroup.com\/permalink\/34BUC_ULE\/jlb2a8\/alma991003379119705772\" target=\"_blank\" rel=\"noopener noreferrer\">REVISTA DE PESQUISA<\/a>: revista trimestral editada por el Programa de Posgrado en Enfermer\u00eda &#8211; M\u00e1ster de la Universidad Federal del Estado de R\u00edo de Janeiro (Brasil). Pretende la divulgaci\u00f3n de art\u00edculos originales e in\u00e9ditos de autores nacionales e internacionales que puedan contribuir al desarrollo de la Enfermer\u00eda, las Ciencias de la salud y otras ciencias afines.<\/li>\n<\/ul>\n<ul>\n<li><a title=\"Acceso a la REVISTA MEXICANA DE ENFERMER\u00cdA CARDIOL\u00d3GICA\" href=\"https:\/\/buc-ule.primo.exlibrisgroup.com\/permalink\/34BUC_ULE\/jlb2a8\/alma991003256179705772\" target=\"_blank\" rel=\"noopener noreferrer\">REVISTA MEXICANA DE ENFERMER\u00cdA CARDIOL\u00d3GICA<\/a>: revista especializada en cuidados de enfermer\u00eda cardiol\u00f3gicos. Editada por la Sociedad Mexicana de Cardiolog\u00eda y su Vocal\u00eda de Enfermeras.<\/li>\n<\/ul>\n<ul>\n<li><a title=\"Acceso a la revista TEMPERAMENTUM\" href=\"https:\/\/buc-ule.primo.exlibrisgroup.com\/permalink\/34BUC_ULE\/jlb2a8\/alma991003235839705772\" target=\"_blank\" rel=\"noopener noreferrer\">TEMPERAMENTUM<\/a>: revista cient\u00edfica digital especializada en historia y pensamiento enfermero. Su misi\u00f3n es divulgar conocimiento sobre el pasado de la enfermer\u00eda y la historia de los cuidados desde una m\u00faltiple perspectiva.<\/li>\n<\/ul>\n<ul>\n<li><a title=\"Acceso a la revista TESELA\" href=\"https:\/\/buc-ule.primo.exlibrisgroup.com\/permalink\/34BUC_ULE\/jlb2a8\/alma991003237569705772\" target=\"_blank\" rel=\"noopener noreferrer\">TESELA<\/a>: revista de la Asociaci\u00f3n Nacional de Directivos de Enfermer\u00eda, est\u00e1 orientada a promover conocimiento \u00fatil para la ayuda en la toma de decisiones de la enfermera gestora y administradora.<\/li>\n<\/ul>\n<ul>\n<li><a title=\"Acceso a la revista TEXTO &amp; CONTEXTO EMFERMAGEM\" href=\"https:\/\/buc-ule.primo.exlibrisgroup.com\/permalink\/34BUC_ULE\/jlb2a8\/alma991003244749705772\" target=\"_blank\" rel=\"noopener noreferrer\">TEXTO &amp; CONTEXTO EMFERMAGEM<\/a>: publicaci\u00f3n internacional sobre enfermer\u00eda, editada por el Programa de Posgrado en Enfermer\u00eda de la Universidad Federal de Santa Catarina (Brasil).<\/li>\n<\/ul>\n<p>Se puede acceder a muchas m\u00e1s revistas a texto completo a trav\u00e9s del <a title=\"Acceso al portal MEDIGRAPHIC\" href=\"http:\/\/www.medigraphic.com\/cgi-bin\/new\/medigraphic.cgi\" target=\"_blank\" rel=\"noopener noreferrer\">\u00cdndice de Revistas M\u00e9dicas Latinoamericanas MEDIGRAPHIC<\/a>.<\/p>\n\n<!-- This is the start of the WP Twitter Button code -->\n<div id=\"rk_wp_twitter_button\" style=\"margin: 0px 0px 0px 0px; float: left\"><a href=\"http:\/\/twitter.com\/share\" class=\"twitter-share-button\" data-url=\"https:\/\/bibliotecas.unileon.es\/ciencias-salud\/revistas-a-texto-completo\/\" data-count=\"horizontal\">Tweet<\/a><script type=\"text\/javascript\" src=\"http:\/\/platform.twitter.com\/widgets.js\"><\/script><\/div>\n<!-- This is the end of the WP Twitter Button code -->\n\n","protected":false},"excerpt":{"rendered":"<p>Selecci\u00f3n de revistas a texto completo: AVANCES EN ENFERMER\u00cdA: publica contribuciones originales sobre enfermer\u00eda y otras disciplinas relacionadas con la salud. CULTURA DE LOS CUIDADOS: revista orientada al desarrollo del conocimiento hist\u00f3rico, antropol\u00f3gico, fenomenol\u00f3gico y te\u00f3rico en cuidados enfermeros. DESARROLLO &hellip; <a href=\"https:\/\/bibliotecas.unileon.es\/ciencias-salud\/revistas-a-texto-completo\/\">Sigue leyendo <span class=\"meta-nav\">&rarr;<\/span><\/a><\/p>\n","protected":false},"author":71,"featured_media":0,"parent":0,"menu_order":0,"comment_status":"open","ping_status":"open","template":"","meta":{"_bbp_topic_count":0,"_bbp_reply_count":0,"_bbp_total_topic_count":0,"_bbp_total_reply_count":0,"_bbp_voice_count":0,"_bbp_anonymous_reply_count":0,"_bbp_topic_count_hidden":0,"_bbp_reply_count_hidden":0,"_bbp_forum_subforum_count":0,"footnotes":""},"class_list":["post-219","page","type-page","status-publish","hentry"],"_links":{"self":[{"href":"https:\/\/bibliotecas.unileon.es\/ciencias-salud\/wp-json\/wp\/v2\/pages\/219","targetHints":{"allow":["GET"]}}],"collection":[{"href":"https:\/\/bibliotecas.unileon.es\/ciencias-salud\/wp-json\/wp\/v2\/pages"}],"about":[{"href":"https:\/\/bibliotecas.unileon.es\/ciencias-salud\/wp-json\/wp\/v2\/types\/page"}],"author":[{"embeddable":true,"href":"https:\/\/bibliotecas.unileon.es\/ciencias-salud\/wp-json\/wp\/v2\/users\/71"}],"replies":[{"embeddable":true,"href":"https:\/\/bibliotecas.unileon.es\/ciencias-salud\/wp-json\/wp\/v2\/comments?post=219"}],"version-history":[{"count":1,"href":"https:\/\/bibliotecas.unileon.es\/ciencias-salud\/wp-json\/wp\/v2\/pages\/219\/revisions"}],"predecessor-version":[{"id":221,"href":"https:\/\/bibliotecas.unileon.es\/ciencias-salud\/wp-json\/wp\/v2\/pages\/219\/revisions\/221"}],"wp:attachment":[{"href":"https:\/\/bibliotecas.unileon.es\/ciencias-salud\/wp-json\/wp\/v2\/media?parent=219"}],"curies":[{"name":"wp","href":"https:\/\/api.w.org\/{rel}","templated":true}]}}