{"id":1226,"date":"2016-08-22T11:06:35","date_gmt":"2016-08-22T09:06:35","guid":{"rendered":"http:\/\/bibliotecas.unileon.es\/derecho\/?page_id=1226"},"modified":"2018-07-10T09:47:17","modified_gmt":"2018-07-10T07:47:17","slug":"unidad-prevencion-riesgos-laborales","status":"publish","type":"page","link":"https:\/\/bibliotecas.unileon.es\/derecho\/unidad-prevencion-riesgos-laborales\/","title":{"rendered":"Unidad de Prevenci\u00f3n de Riesgos Laborales"},"content":{"rendered":"<p>Enlace a la p\u00e1gina de la <a href=\"http:\/\/servicios.unileon.es\/unidad-prevencion-riesgos-laborales\/\" target=\"_blank\" rel=\"noopener\">Unidad de prevenci\u00f3n de riesgos laborales<\/a> de la Universidad de Le\u00f3n. En ella figura, entre otras, la normativa sobre <a href=\"http:\/\/servicios.unileon.es\/unidad-prevencion-riesgos-laborales\/agentes-biologicos\/\" target=\"_blank\" rel=\"noopener\">agentes biol\u00f3gicos<\/a> y su prevenci\u00f3n,\u00a0 recomendada\u00a0 para la asignatura \u00abAgentes biol\u00f3gicos\u00bb del <a href=\"https:\/\/www.unileon.es\/estudiantes\/estudiantes-master\/oferta-titulaciones\/mu-gestion-prevencion-riesgos-laborales\" target=\"_blank\" rel=\"noopener\">Master Universitario de Gesti\u00f3n de Prevenci\u00f3n de Riesgos Laborales<\/a>.<\/p>\n","protected":false},"excerpt":{"rendered":"<p>Enlace a la p\u00e1gina de la Unidad de prevenci\u00f3n de riesgos laborales de la Universidad de Le\u00f3n. En ella figura, entre otras, la normativa sobre agentes biol\u00f3gicos y su prevenci\u00f3n,\u00a0 recomendada\u00a0 para la asignatura \u00abAgentes biol\u00f3gicos\u00bb del Master Universitario de &hellip; <a href=\"https:\/\/bibliotecas.unileon.es\/derecho\/unidad-prevencion-riesgos-laborales\/\">Sigue leyendo <span class=\"meta-nav\">&rarr;<\/span><\/a><\/p>\n","protected":false},"author":23,"featured_media":0,"parent":0,"menu_order":0,"comment_status":"closed","ping_status":"closed","template":"","meta":{"_bbp_topic_count":0,"_bbp_reply_count":0,"_bbp_total_topic_count":0,"_bbp_total_reply_count":0,"_bbp_voice_count":0,"_bbp_anonymous_reply_count":0,"_bbp_topic_count_hidden":0,"_bbp_reply_count_hidden":0,"_bbp_forum_subforum_count":0,"footnotes":""},"class_list":["post-1226","page","type-page","status-publish","hentry"],"_links":{"self":[{"href":"https:\/\/bibliotecas.unileon.es\/derecho\/wp-json\/wp\/v2\/pages\/1226","targetHints":{"allow":["GET"]}}],"collection":[{"href":"https:\/\/bibliotecas.unileon.es\/derecho\/wp-json\/wp\/v2\/pages"}],"about":[{"href":"https:\/\/bibliotecas.unileon.es\/derecho\/wp-json\/wp\/v2\/types\/page"}],"author":[{"embeddable":true,"href":"https:\/\/bibliotecas.unileon.es\/derecho\/wp-json\/wp\/v2\/users\/23"}],"replies":[{"embeddable":true,"href":"https:\/\/bibliotecas.unileon.es\/derecho\/wp-json\/wp\/v2\/comments?post=1226"}],"version-history":[{"count":1,"href":"https:\/\/bibliotecas.unileon.es\/derecho\/wp-json\/wp\/v2\/pages\/1226\/revisions"}],"predecessor-version":[{"id":1734,"href":"https:\/\/bibliotecas.unileon.es\/derecho\/wp-json\/wp\/v2\/pages\/1226\/revisions\/1734"}],"wp:attachment":[{"href":"https:\/\/bibliotecas.unileon.es\/derecho\/wp-json\/wp\/v2\/media?parent=1226"}],"curies":[{"name":"wp","href":"https:\/\/api.w.org\/{rel}","templated":true}]}}