{"id":157,"date":"2013-03-06T13:30:11","date_gmt":"2013-03-06T11:30:11","guid":{"rendered":"http:\/\/bibliotecas.unileon.es\/derecho\/?page_id=157"},"modified":"2020-04-21T12:03:51","modified_gmt":"2020-04-21T10:03:51","slug":"la-coleccion-bibliografica","status":"publish","type":"page","link":"https:\/\/bibliotecas.unileon.es\/derecho\/la-coleccion-bibliografica\/","title":{"rendered":"La colecci\u00f3n bibliogr\u00e1fica"},"content":{"rendered":"<p><span style=\"font-family: arial, helvetica, sans-serif;\">La colecci\u00f3n de la Biblioteca de Derecho y CC. del Trabajo est\u00e1 formada por:<\/span><\/p>\n<ul>\n<li><span style=\"font-family: arial, helvetica, sans-serif;\">Manuales, monograf\u00edas, leyes, c\u00f3digos, etc.<br \/>\n<\/span><\/li>\n<li><span style=\"font-family: arial, helvetica, sans-serif;\">Publicaciones peri\u00f3dicas<\/span><\/li>\n<li><span style=\"font-family: arial, helvetica, sans-serif;\">Bases de datos<\/span><\/li>\n<li><span style=\"font-family: arial, helvetica, sans-serif;\">Revistas electr\u00f3nicas<\/span><\/li>\n<li><span style=\"font-family: arial, helvetica, sans-serif;\">Trabajos de Fin de Grado<br \/>\n<\/span><\/li>\n<\/ul>\n<p><span style=\"font-family: arial, helvetica, sans-serif;\">En estos formatos:<\/span><\/p>\n<ul>\n<li><span style=\"font-family: arial, helvetica, sans-serif;\"><strong>Impreso<\/strong><\/span><\/li>\n<li><span style=\"font-family: arial, helvetica, sans-serif;\"><strong>Electr\u00f3nico<\/strong>: CD-ROM, DVD<\/span><\/li>\n<li><span style=\"font-family: arial, helvetica, sans-serif;\">Publicaciones electr\u00f3nicas en l\u00ednea:<\/span>\n<ul>\n<li><span style=\"font-family: arial, helvetica, sans-serif;\"><a href=\"http:\/\/bibliotecas.unileon.es\/derecho\/la-coleccion-bibliografica\/#BD\">bases de datos<\/a> de revistas<\/span><\/li>\n<li><span style=\"font-family: arial, helvetica, sans-serif;\">n\u00fameros de <a href=\"http:\/\/bibliotecas.unileon.es\/derecho\/la-coleccion-bibliografica\/#RE\">revistas electr\u00f3nicas<\/a>, con acceso a sus art\u00edculos<\/span><\/li>\n<li><span style=\"font-family: arial, helvetica, sans-serif;\"><a href=\"http:\/\/grial.unileon.es\/Search\/Results?join=AND&amp;bool0%5B%5D=AND&amp;lookfor0%5B%5D=34*+OR+32*&amp;type0%5B%5D=cdu-full&amp;sort=year\" target=\"_blank\" rel=\"noopener noreferrer\">libros electr\u00f3nicos<\/a><\/span><\/li>\n<\/ul>\n<\/li>\n<\/ul>\n<blockquote>\n<h2><strong><a id=\"Manuales\"><\/a><span style=\"font-family: arial black, sans-serif; color: #3366ff;\">Manuales, monograf\u00edas, leyes, c\u00f3digos, etc.<\/span><\/strong><\/h2>\n<\/blockquote>\n<p><span style=\"font-family: arial, helvetica, sans-serif;\">La Biblioteca cuenta en la actualidad con manuales, monograf\u00edas, leyes, c\u00f3digos, etc. distribuidos entre la Sala de Pr\u00e9stamo, Sala de lectura y el Dep\u00f3sito.<\/span><\/p>\n<h3><span style=\"font-family: arial black, sans-serif; font-size: 14pt;\"><strong>Sala de Pr\u00e9stamo<\/strong><\/span><\/h3>\n<p><span style=\"font-family: arial, helvetica, sans-serif;\">En la\u00a0<span style=\"font-family: arial black, sans-serif;\"><b>Sala<\/b><b> de Pr\u00e9stamo<\/b><\/span> est\u00e1n disponibles \u00a0en <strong>libre acceso<\/strong> las obras de la\u00a0 <a href=\"https:\/\/catoute.unileon.es\/discovery\/search?tab=cursos&amp;search_scope=CourseReserves&amp;vid=34BUC_ULE:VU1&amp;lang=es&amp;mode=advanced&amp;offset=0\" target=\"_blank\" rel=\"noopener noreferrer\">bibliograf\u00eda recomendada<\/a> por los profesores para la preparaci\u00f3n de las asignaturas. Son ediciones\u00a0 actualizadas que se pueden consultar libremente por los usuarios.<\/span><\/p>\n<p><span style=\"font-family: arial, helvetica, sans-serif;\">La colecci\u00f3n est\u00e1 distribuida en las siguientes <span style=\"font-family: arial black, sans-serif;\"><strong>secciones<\/strong>:<\/span><\/span><br \/>\n<span style=\"font-family: arial, helvetica, sans-serif;\"><img loading=\"lazy\" decoding=\"async\" title=\"Sala de pr\u00e9stamo (acceso abierto)\" src=\"http:\/\/bibliotecas.unileon.es\/derecho\/files\/2012\/12\/Foto4-300x225.jpg\" alt=\"Foto4\" width=\"263\" height=\"197\" align=\"right\" \/><\/span><\/p>\n<ul>\n<li style=\"list-style-type: none;\">\n<ul>\n<li><span style=\"font-family: arial, helvetica, sans-serif;\"><span style=\"font-family: arial black, sans-serif;\"><strong>Secci\u00f3n de Referencia<\/strong><\/span>: con tejuelo verde<\/span>\n<ul>\n<li><span style=\"font-family: arial, helvetica, sans-serif;\">enciclopedias y diccionarios jur\u00eddicos;<\/span><\/li>\n<li><span style=\"font-family: arial, helvetica, sans-serif;\">enciclopedias generales;<\/span><\/li>\n<li><span style=\"font-family: arial, helvetica, sans-serif;\">diccionarios \u00a0de distintos idiomas.<\/span><\/li>\n<\/ul>\n<\/li>\n<li><span style=\"font-family: arial black, sans-serif;\"><strong>Secci\u00f3n de Legislaci\u00f3n y Legislaci\u00f3n comentada:<\/strong><\/span>\n<ul>\n<li><span style=\"font-family: arial, helvetica, sans-serif;\">\u00faltimas ediciones de leyes, c\u00f3digos (tejuelo rosa);<\/span><\/li>\n<li><span style=\"font-family: arial, helvetica, sans-serif;\">legislaci\u00f3n comentada (tejuelo amarillo).<\/span><\/li>\n<\/ul>\n<\/li>\n<li><span style=\"font-family: arial black, sans-serif;\"><strong>Secci\u00f3n de Manuales y Monograf\u00edas:<\/strong><\/span>\n<ul>\n<li><span style=\"font-family: arial, helvetica, sans-serif;\">\u00faltimas ediciones de la bibliograf\u00eda recomendada (tejuelo blanco);<\/span><\/li>\n<li><span style=\"font-family: arial, helvetica, sans-serif;\">monograf\u00edas que se reciben por donaci\u00f3n (tejuelo azul);<\/span><\/li>\n<li><span style=\"font-family: arial, helvetica, sans-serif;\">una peque\u00f1a colecci\u00f3n de\u00a0 pel\u00edculas en DVD de tem\u00e1tica jur\u00eddica (tejuelo blanco letra roja).<\/span><\/li>\n<\/ul>\n<\/li>\n<\/ul>\n<\/li>\n<\/ul>\n<p><span style=\"font-family: arial, helvetica, sans-serif;\">Todas estas secciones est\u00e1n ordenadas seg\u00fan la <a href=\"http:\/\/www.udcsummary.info\/php\/index.php?lang=es&amp;pr=Y\" target=\"_blank\" rel=\"noopener noreferrer\">Clasificaci\u00f3n Decimal Universal<\/a>. Un esquema de la misma para ayudar al lector a localizar las obras, est\u00e1 colocado en los costados laterales de las estanter\u00edas.<\/span><\/p>\n<p><span style=\"font-family: arial black, sans-serif; font-size: 14pt;\"><strong>Dep\u00f3sito y Sala de lectura<\/strong><\/span><\/p>\n<p><span style=\"font-family: arial, helvetica, sans-serif;\">En el <span style=\"font-family: arial black, sans-serif;\"><strong>Dep\u00f3sito<\/strong><\/span> y en la <strong><span style=\"font-family: arial black, sans-serif;\">Sala de lectura<\/span>,<\/strong> en estanter\u00edas de<span style=\"font-family: arial black, sans-serif;\"> <strong>acceso cerrado<\/strong><\/span>, est\u00e1n ubicadas las ediciones menos recientes de manuales, monograf\u00edas y leyes, adem\u00e1s de colecciones de obras jur\u00eddicas recibidas por donaci\u00f3n. Para su consulta hay que dirigirse al \u00a0personal de la biblioteca<\/span>.<\/p>\n<p><img loading=\"lazy\" decoding=\"async\" title=\"Sala de lectura (acceso cerrado)\" src=\"http:\/\/bibliotecas.unileon.es\/derecho\/files\/2012\/12\/Foto2-300x225.jpg\" alt=\"Foto2\" width=\"257\" height=\"193\" align=\"right\" \/><\/p>\n<p><img loading=\"lazy\" decoding=\"async\" title=\"Sala de lectura: boxes\" src=\"http:\/\/bibliotecas.unileon.es\/derecho\/files\/2012\/12\/Foto1-300x225.jpg\" alt=\"Foto1\" width=\"255\" height=\"191\" \/><\/p>\n<p><span style=\"font-family: arial, helvetica, sans-serif;\">Tambi\u00e9n han de dirigirse al personal para la consulta de los CD-ROM o DVD que acompa\u00f1an al material bibliogr\u00e1fico o de monograf\u00edas en este soporte.<\/span><\/p>\n<p><span style=\"font-family: arial, helvetica, sans-serif;\">En las <span style=\"font-family: arial black, sans-serif; font-size: 14pt;\"><b>\u00c1reas Departamentales de la Facultad <\/b><\/span>existe una importante y rica\u00a0 colecci\u00f3n de<span style=\"font-family: arial black, sans-serif;\"> <strong>bibliograf\u00eda especializada<\/strong><\/span> en las distintas ramas del derecho.<\/span><\/p>\n<blockquote>\n<h2><strong><a id=\"Periodicas\"><\/a><span style=\"font-family: arial black, sans-serif; color: #3366ff;\">Publicaciones peri\u00f3dicas<\/span><\/strong><\/h2>\n<\/blockquote>\n<p><span style=\"font-family: arial, helvetica, sans-serif;\">La colecci\u00f3n de revistas esta ubicada entre la Hemeroteca, el Dep\u00f3sito y las \u00c1reas Departamentales de la Facultad<\/span><\/p>\n<p><span style=\"font-family: arial, helvetica, sans-serif;\"><img loading=\"lazy\" decoding=\"async\" title=\"Hemeroteca\" src=\"http:\/\/bibliotecas.unileon.es\/derecho\/files\/2012\/12\/Foto6-300x225.jpg\" alt=\"Foto6\" width=\"285\" height=\"214\" align=\"right\" \/><\/span><\/p>\n<p><span style=\"font-family: arial, helvetica, sans-serif;\"><span style=\"font-family: arial black, sans-serif;\"><b>En la <span style=\"font-size: 14pt;\">Hemeroteca <\/span><\/b><\/span>\u00a0se encuentran los<strong> \u00faltimos n\u00fameros de las revistas en curso<\/strong> colocadas en estantes de libre acceso. Se pueden consultar libremente por el usuario. Hay dos secciones:<\/span><\/p>\n<ul>\n<li><span style=\"font-family: arial, helvetica, sans-serif;\">Revistas jur\u00eddicas de car\u00e1cter general\u00a0suscritas por la Biblioteca o recibidas por donaci\u00f3n.<\/span><\/li>\n<li><span style=\"font-family: arial, helvetica, sans-serif;\">Revistas jur\u00eddicas especializadas suscritas por \u00c1reas Departamentales que\u00a0se ubican en la Hemeroteca.<\/span><\/li>\n<\/ul>\n<p><span style=\"font-family: arial, helvetica, sans-serif;\"><strong>En el<\/strong> <b><span style=\"font-family: arial black, sans-serif; font-size: 14pt;\">Dep\u00f3sito<\/span>\u00a0<\/b>est\u00e1n ubicados los <strong><span style=\"font-family: arial, helvetica, sans-serif;\">n\u00fameros antiguos de las revistas en curso y las\u00a0publicaciones canceladas<\/span>.<\/strong> Para su consulta hay que dirigirse al personal de la Biblioteca.<\/span><\/p>\n<p><span style=\"font-family: arial, helvetica, sans-serif;\"><span style=\"font-family: arial black, sans-serif;\"><strong>En las<\/strong> <span style=\"font-size: 14pt;\"><b>\u00c1reas Departamentales<\/b><\/span><\/span> est\u00e1n ubicadas las<span style=\"font-family: arial black, sans-serif;\"><strong> revistas jur\u00eddicas especializadas<\/strong><\/span> en las respectivas materias.<\/span><\/p>\n<blockquote>\n<h2><strong><a id=\"BD\"><\/a><span style=\"font-family: arial black, sans-serif; color: #3366ff;\">Bases de datos<\/span><\/strong><\/h2>\n<\/blockquote>\n<ul>\n<li><span style=\"font-family: arial, helvetica, sans-serif;\">Bases de datos jur\u00eddicas:<\/span>\n<ul>\n<li><span style=\"font-family: arial, helvetica, sans-serif;\"><a href=\"https:\/\/catoute.unileon.es\/permalink\/34BUC_ULE\/1ekdeev\/alma991004332299705772\" target=\"_blank\" rel=\"noopener noreferrer\">Aranzadi Instituciones<\/a><br \/>\n<\/span><\/li>\n<li><span style=\"font-family: arial, helvetica, sans-serif;\"><a href=\"https:\/\/catoute.unileon.es\/permalink\/34BUC_ULE\/1ekdeev\/alma991003680059705772\" target=\"_blank\" rel=\"noopener noreferrer\">Tirant online<\/a><\/span><\/li>\n<\/ul>\n<\/li>\n<\/ul>\n<p style=\"padding-left: 60px;\"><span style=\"font-family: arial, helvetica, sans-serif;\">Ambas \u00a0permiten localizar\u00a0 legislaci\u00f3n, jurisprudencia, formularios, casos pr\u00e1cticos, convenios colectivos, adem\u00e1s de referencias\u00a0y textos completos de libros\u00a0y revistas.<\/span><\/p>\n<ul>\n<li><span style=\"font-family: arial, helvetica, sans-serif;\">Otras bases de datos: <a href=\"https:\/\/catoute.unileon.es\/permalink\/34BUC_ULE\/cpikm1\/alma991004569129705772\" target=\"_blank\" rel=\"noopener noreferrer\">CSIC<\/a><\/span><\/li>\n<\/ul>\n<p style=\"padding-left: 60px;\"><span style=\"font-family: arial, helvetica, sans-serif;\">Permite localizar art\u00edculos de revistas jur\u00eddicas y de forma selectiva: actas de congresos, series, compilaciones, informes y monograf\u00edas.<\/span><\/p>\n<blockquote>\n<h2><strong><a id=\"RE\"><\/a><span style=\"font-family: arial black, sans-serif; color: #3366ff;\">Revistas electr\u00f3nicas<\/span><\/strong><\/h2>\n<\/blockquote>\n<p><span style=\"font-family: arial, helvetica, sans-serif;\">Desde el <a href=\"https:\/\/catoute.unileon.es\/discovery\/search?vid=34BUC_ULE:VU1&amp;lang=es\" target=\"_blank\" rel=\"noopener noreferrer\"><span style=\"color: #3366ff;\">Cat\u00e1logo bibliogr\u00e1fico<\/span><\/a> se puede acceder al texto completo de numerosas revistas jur\u00eddicas en l\u00ednea. La Biblioteca est\u00e1 sucrita a <a href=\"https:\/\/catoute.unileon.es\/permalink\/34BUC_ULE\/1ekdeev\/alma991003676499705772\" target=\"_blank\" rel=\"noopener noreferrer\">Iustel (Revistas Generales de Derecho)<\/a>.<\/span><\/p>\n<blockquote>\n<h2><strong><a id=\"RE\"><\/a><span style=\"font-family: arial black, sans-serif; color: #3366ff;\">Trabajos de Fin de Grado<\/span><\/strong><\/h2>\n<\/blockquote>\n<p><span style=\"font-family: arial, helvetica, sans-serif;\">En la <span style=\"font-family: arial black, sans-serif;\"><strong>Biblioteca \u00a0de la Facultad de Derecho y Ciencias del Trabajo<\/strong>,<span style=\"font-family: arial, helvetica, sans-serif;\"> <strong>se depositan<\/strong><\/span><\/span> los \u00a0Trabajos Fin de Grado (tanto en papel como en CD-ROM) de los dos Grados, Derecho y Relaciones Laborales y Recursos Humanos. Puede ampliar informaci\u00f3n en el siguiente enlace: <a href=\"https:\/\/bibliotecas.unileon.es\/derecho\/2019\/04\/02\/trabajos-fin-de-grado\/\" target=\"_blank\" rel=\"noopener noreferrer\">Trabajos de Fin de Grado<\/a><br \/>\n<\/span><\/p>\n","protected":false},"excerpt":{"rendered":"<p>La colecci\u00f3n de la Biblioteca de Derecho y CC. del Trabajo est\u00e1 formada por: Manuales, monograf\u00edas, leyes, c\u00f3digos, etc. Publicaciones peri\u00f3dicas Bases de datos Revistas electr\u00f3nicas Trabajos de Fin de Grado En estos formatos: Impreso Electr\u00f3nico: CD-ROM, DVD Publicaciones electr\u00f3nicas &hellip; <a href=\"https:\/\/bibliotecas.unileon.es\/derecho\/la-coleccion-bibliografica\/\">Sigue leyendo <span class=\"meta-nav\">&rarr;<\/span><\/a><\/p>\n","protected":false},"author":23,"featured_media":0,"parent":0,"menu_order":0,"comment_status":"closed","ping_status":"closed","template":"","meta":{"_bbp_topic_count":0,"_bbp_reply_count":0,"_bbp_total_topic_count":0,"_bbp_total_reply_count":0,"_bbp_voice_count":0,"_bbp_anonymous_reply_count":0,"_bbp_topic_count_hidden":0,"_bbp_reply_count_hidden":0,"_bbp_forum_subforum_count":0,"footnotes":""},"class_list":["post-157","page","type-page","status-publish","hentry"],"_links":{"self":[{"href":"https:\/\/bibliotecas.unileon.es\/derecho\/wp-json\/wp\/v2\/pages\/157","targetHints":{"allow":["GET"]}}],"collection":[{"href":"https:\/\/bibliotecas.unileon.es\/derecho\/wp-json\/wp\/v2\/pages"}],"about":[{"href":"https:\/\/bibliotecas.unileon.es\/derecho\/wp-json\/wp\/v2\/types\/page"}],"author":[{"embeddable":true,"href":"https:\/\/bibliotecas.unileon.es\/derecho\/wp-json\/wp\/v2\/users\/23"}],"replies":[{"embeddable":true,"href":"https:\/\/bibliotecas.unileon.es\/derecho\/wp-json\/wp\/v2\/comments?post=157"}],"version-history":[{"count":33,"href":"https:\/\/bibliotecas.unileon.es\/derecho\/wp-json\/wp\/v2\/pages\/157\/revisions"}],"predecessor-version":[{"id":1739,"href":"https:\/\/bibliotecas.unileon.es\/derecho\/wp-json\/wp\/v2\/pages\/157\/revisions\/1739"}],"wp:attachment":[{"href":"https:\/\/bibliotecas.unileon.es\/derecho\/wp-json\/wp\/v2\/media?parent=157"}],"curies":[{"name":"wp","href":"https:\/\/api.w.org\/{rel}","templated":true}]}}