{"id":1847,"date":"2020-05-07T15:01:37","date_gmt":"2020-05-07T13:01:37","guid":{"rendered":"https:\/\/bibliotecas.unileon.es\/derecho\/?page_id=1847"},"modified":"2020-05-08T17:18:58","modified_gmt":"2020-05-08T15:18:58","slug":"base-datos-ciencias-juridicas-tirant-online","status":"publish","type":"page","link":"https:\/\/bibliotecas.unileon.es\/derecho\/base-datos-ciencias-juridicas-tirant-online\/","title":{"rendered":"Base de datos de Ciencias Jur\u00eddicas \u201cTirant Online\u201d"},"content":{"rendered":"<p><a href=\"https:\/\/catoute.unileon.es\/discovery\/fulldisplay?docid=alma991003680059705772&amp;context=L&amp;vid=34BUC_ULE:VU1&amp;lang=es&amp;search_scope=MyInst_and_CI&amp;adaptor=Local%20Search%20Engine&amp;tab=Everything&amp;query=any,contains,tirant%20online\" target=\"_blank\" rel=\"noopener noreferrer\">Tirant Online<\/a> es la Base de Datos Jur\u00eddica de la Editorial Tirant lo Blanch.Contiene cinco tipos de documentos: Jurisprudencia y Resoluciones administrativas; Doctrina; Formularios; Bibliograf\u00eda y Texto legal.<\/p>\n<p><img loading=\"lazy\" decoding=\"async\" class=\"alignleft size-full wp-image-1848\" src=\"https:\/\/bibliotecas.unileon.es\/derecho\/files\/2020\/05\/tirant-Online-foto.jpg\" alt=\"\" width=\"300\" height=\"161\" \/><\/p>\n<ul>\n<li style=\"text-align: left;\">La forma de<a href=\"https:\/\/catoute.unileon.es\/discovery\/fulldisplay?docid=alma991003680059705772&amp;context=L&amp;vid=34BUC_ULE:VU1&amp;lang=es&amp;search_scope=MyInst_and_CI&amp;adaptor=Local%20Search%20Engine&amp;tab=Everything&amp;query=any,contains,tirant%20online\" target=\"_blank\" rel=\"noopener noreferrer\"> acceso<\/a> desde fuera del Campus es con usuario y contrase\u00f1a del correo-e institucional.<\/li>\n<li style=\"text-align: left;\">La consulta se hace en l\u00ednea desde cualquier ordenador de la red local del Campus.<\/li>\n<\/ul>\n<p>&nbsp;<\/p>\n<p>La Base de Datos cuenta con un buscador universal para localizar informaci\u00f3n contenida en cualquiera de sus secciones . Adem\u00e1s en la parte superior la barra de navegaci\u00f3n permite realizar b\u00fasquedas m\u00e1s espec\u00edficas dentro de cada apartado de contenido .<\/p>\n<p>Tirant ofrece una serie de servicios a\u00f1adidos como: calculadoras financieras ,novedades legislativas y otros servicios personalizados y de gesti\u00f3n.<\/p>\n<p><img loading=\"lazy\" decoding=\"async\" class=\"alignleft wp-image-1849\" src=\"https:\/\/bibliotecas.unileon.es\/derecho\/files\/2020\/05\/Tirant-Online.jpg\" alt=\"\" width=\"490\" height=\"140\" \/><\/p>\n<p>&nbsp;<\/p>\n<p>&nbsp;<\/p>\n<p>Si necesitas m\u00e1s informaci\u00f3n, puedes consultar la <a href=\"https:\/\/bibliotecas.unileon.es\/derecho\/files\/2020\/05\/guia_tirant_on_line_2018.pdf\" class=\"mtli_attachment mtli_pdf\">Gu\u00eda de uso<\/a><\/p>\n<p>Aclaraci\u00f3n sobre el contenido:<\/p>\n<ul>\n<li><a href=\"https:\/\/catoute.unileon.es\/discovery\/fulldisplay?docid=alma991003680059705772&amp;context=L&amp;vid=34BUC_ULE:VU1&amp;lang=es&amp;search_scope=MyInst_and_CI&amp;adaptor=Local%20Search%20Engine&amp;tab=Everything&amp;query=any,contains,tirant%20online\" target=\"_blank\" rel=\"noopener noreferrer\">\u00abTirant Online\u00bb<\/a> es la <span style=\"color: #800080;\"><a href=\"https:\/\/bibliotecas.unileon.es\/derecho\/base-datos-ciencias-juridicas-tirant-online\/\" target=\"_blank\" rel=\"noopener noreferrer\"><span style=\"color: #0000ff;\">Base de Datos<\/span><\/a> <span style=\"color: #000000;\">de la editorial Tirant lo Blanch, re\u00fane legislaci\u00f3n, jurisprudencia, formularios, etc.<\/span><\/span><\/li>\n<li>La <a href=\"https:\/\/catoute.unileon.es\/discovery\/fulldisplay?docid=alma991005500799705772&amp;context=L&amp;vid=34BUC_ULE:VU1&amp;lang=es&amp;search_scope=MyInst_and_CI&amp;adaptor=Local%20Search%20Engine&amp;tab=Everything&amp;query=any,contains,biblioteca%20virtual%20tirant&amp;offset=0\" target=\"_blank\" rel=\"noopener noreferrer\"><span style=\"color: #3366ff;\">\u00abBiblioteca Virtual Tirant\u00bb <\/span><\/a> es la colecci\u00f3n de los <a href=\"https:\/\/bibliotecas.unileon.es\/derecho\/libros-electronicos\/\" target=\"_blank\" rel=\"noopener noreferrer\"><span style=\"color: #0000ff;\">libros electr\u00f3nicos<\/span><\/a> de tem\u00e1tica especializada en el \u00e1mbito jur\u00eddico, de la editorial Tirant lo Blanch.<\/li>\n<\/ul>\n<p>&nbsp;<\/p>\n<p>&nbsp;<\/p>\n<p>&nbsp;<\/p>\n<p>&nbsp;<\/p>\n","protected":false},"excerpt":{"rendered":"<p>Tirant Online es la Base de Datos Jur\u00eddica de la Editorial Tirant lo Blanch.Contiene cinco tipos de documentos: Jurisprudencia y Resoluciones administrativas; Doctrina; Formularios; Bibliograf\u00eda y Texto legal. La forma de acceso desde fuera del Campus es con usuario y &hellip; <a href=\"https:\/\/bibliotecas.unileon.es\/derecho\/base-datos-ciencias-juridicas-tirant-online\/\">Sigue leyendo <span class=\"meta-nav\">&rarr;<\/span><\/a><\/p>\n","protected":false},"author":23,"featured_media":0,"parent":0,"menu_order":0,"comment_status":"closed","ping_status":"closed","template":"","meta":{"_bbp_topic_count":0,"_bbp_reply_count":0,"_bbp_total_topic_count":0,"_bbp_total_reply_count":0,"_bbp_voice_count":0,"_bbp_anonymous_reply_count":0,"_bbp_topic_count_hidden":0,"_bbp_reply_count_hidden":0,"_bbp_forum_subforum_count":0,"footnotes":""},"class_list":["post-1847","page","type-page","status-publish","hentry"],"_links":{"self":[{"href":"https:\/\/bibliotecas.unileon.es\/derecho\/wp-json\/wp\/v2\/pages\/1847","targetHints":{"allow":["GET"]}}],"collection":[{"href":"https:\/\/bibliotecas.unileon.es\/derecho\/wp-json\/wp\/v2\/pages"}],"about":[{"href":"https:\/\/bibliotecas.unileon.es\/derecho\/wp-json\/wp\/v2\/types\/page"}],"author":[{"embeddable":true,"href":"https:\/\/bibliotecas.unileon.es\/derecho\/wp-json\/wp\/v2\/users\/23"}],"replies":[{"embeddable":true,"href":"https:\/\/bibliotecas.unileon.es\/derecho\/wp-json\/wp\/v2\/comments?post=1847"}],"version-history":[{"count":1,"href":"https:\/\/bibliotecas.unileon.es\/derecho\/wp-json\/wp\/v2\/pages\/1847\/revisions"}],"predecessor-version":[{"id":1853,"href":"https:\/\/bibliotecas.unileon.es\/derecho\/wp-json\/wp\/v2\/pages\/1847\/revisions\/1853"}],"wp:attachment":[{"href":"https:\/\/bibliotecas.unileon.es\/derecho\/wp-json\/wp\/v2\/media?parent=1847"}],"curies":[{"name":"wp","href":"https:\/\/api.w.org\/{rel}","templated":true}]}}