{"id":241,"date":"2013-05-08T10:52:06","date_gmt":"2013-05-08T08:52:06","guid":{"rendered":"http:\/\/bibliotecas.unileon.es\/educacion\/?page_id=241"},"modified":"2020-02-13T09:56:17","modified_gmt":"2020-02-13T07:56:17","slug":"recursos-web-sobre-educacion-social","status":"publish","type":"page","link":"https:\/\/bibliotecas.unileon.es\/educacion\/recursos-web-sobre-educacion-social\/","title":{"rendered":"Recursos web sobre Educaci\u00f3n Social"},"content":{"rendered":"\n<!-- This is the start of the WP Twitter Button code -->\n<div id=\"rk_wp_twitter_button\" style=\"margin: 0px 0px 0px 0px; float: right\"><a href=\"http:\/\/twitter.com\/share\" class=\"twitter-share-button\" data-url=\"https:\/\/bibliotecas.unileon.es\/educacion\/recursos-web-sobre-educacion-social\/\" data-count=\"horizontal\">Tweet<\/a><script type=\"text\/javascript\" src=\"http:\/\/platform.twitter.com\/widgets.js\"><\/script><\/div>\n<!-- This is the end of the WP Twitter Button code -->\n\n<p><strong>SEDES WEB<\/strong><\/p>\n<p><strong>\u2013 Institucionales<\/strong><\/p>\n<ul>\n<li><a href=\"http:\/\/www.es.amnesty.org\/index.php\">Amnist\u00eda Internacional<\/a><\/li>\n<li><a href=\"http:\/\/www.astimadrid.es\/asti\/principal.aspx\">Asociaci\u00f3n de Solidaridad con los trabajadores Inmigrantes.<\/a><\/li>\n<li><a href=\"http:\/\/www.waece.org\/index.php\">Asociaci\u00f3n Mundial de Educadores Infantiles<\/a>. Contiene diversas informaciones de inter\u00e9s: cursos, dossieres, revistas, etc.<\/li>\n<li><a href=\"http:\/\/www.canalcursos.com\/Formacion-y-cursos-Ciencias-Sociales-mcat17.htm\">Canalcursos<\/a>: Buscador de cursos<\/li>\n<li><a href=\"http:\/\/www.caritas.es\/quienesSomos\/index.php?MQ==\">C\u00e1ritas <\/a><\/li>\n<li><a href=\"http:\/\/www.ceapat.es\/ceapat_01\/index.htm\">CEAPAT<\/a>: Centro de Referencia Estatal de Autonom\u00eda Personal y Ayudas T\u00e9cnicas<\/li>\n<li><a href=\"http:\/\/cedd.net\/es\/\">CEDD<\/a><strong>: <\/strong>Centro Espa\u00f1ol de Documentaci\u00f3n sobre Discapacidad<\/li>\n<li><a href=\"http:\/\/www.empleo.gob.es\/es\/sec_bep\/bibliotecas\/Cediss\/index.htm\">CEDISS<\/a>: Centro Estatal de Documentaci\u00f3n e Informaci\u00f3n de Servicios Sociales<\/li>\n<li><a href=\"http:\/\/www.centrohuertadelrey.com\/ix.htm\">Centro Huerta del Rey:<\/a> Especializado en superdotados. Mucho material interesante.<\/li>\n<li><a href=\"https:\/\/www.cermi.es\/\">CERMI<\/a>: Comit\u00e9 Espa\u00f1ol de Representantes de Personas con Discapacidad<\/li>\n<li><a href=\"http:\/\/www.educacion.gob.es\/cniie\">CNIIE <\/a>: Centro Nacional de Innovaci\u00f3n e Investigaci\u00f3n Educativa<\/li>\n<li><a href=\"http:\/\/www.cruzroja.es\/principal\/web\/cruz-roja\/inicio\">Cruz Roja<\/a><\/li>\n<li><a href=\"http:\/\/www.edex.es\/\">EDEX: <\/a>\u00a0Organizaci\u00f3n no lucrativa de acci\u00f3n social creada en el Pa\u00eds Vasco, Espa\u00f1a, en 1971 con el objetivo de promover el desarrollo de la infancia y la adolescencia mediante la educaci\u00f3n en el tiempo libre.<\/li>\n<li><a href=\"https:\/\/www.educa.jcyl.es\/es\">Educacyl<\/a>: Portal de educaci\u00f3n de la junta de Catilla y Le\u00f3n<\/li>\n<li><a href=\"http:\/\/www.educared.net\/\">EDUCARED<\/a>: Innovaci\u00f3n educativa a trav\u00e9s de las nuevas tecnolog\u00edas<\/li>\n<li><a href=\"http:\/\/www.educaweb.com\/\">Educaweb.com<\/a>: \u201cportal especializado en educaci\u00f3n y formaci\u00f3n de mayor audiencia en Espa\u00f1a\u201d. Muy completo. Existe tambi\u00e9n una versi\u00f3n en catal\u00e1n.<\/li>\n<li><a href=\"http:\/\/www.eduso.net\/\">EDUSO<\/a>: Eduso es un servicio de los colectivos de Educadores Sociales que pretende ser un lugar de encuentro, di\u00e1logo, apoyo, dinamizaci\u00f3n, reflexi\u00f3n, de las personas y entidades vinculadas a la Educaci\u00f3n Social.<\/li>\n<li><a href=\"http:\/\/www.entreculturas.org\/\">Entreculturas<\/a>: ONGD promovida por los jesuitas que defiende el acceso a la educaci\u00f3n de los m\u00e1s desfavorecidos, como medio de cambio social, justicia y di\u00e1logo entre culturas.<\/li>\n<li><a href=\"http:\/\/eseis.es\/\">ESEIS: Estudios Sociales e Intervenci\u00f3n Social<\/a><\/li>\n<li><a href=\"http:\/\/www.fad.es\/Home\">FAD, Fundaci\u00f3n de Ayuda contra la Drogadicci\u00f3n <\/a><\/li>\n<li><a href=\"http:\/\/www.fesoca.org\/\">Federaci\u00f3n de Sordos de Catalu\u00f1a<\/a>: p\u00e1ginas con informaci\u00f3n variada sobre este tipo de discapacidad.<\/li>\n<li><a href=\"http:\/\/www.sindromedown.net\/\">Federaci\u00f3n Espa\u00f1ola de Instituciones para el S\u00edndrome de Down.<\/a><\/li>\n<li><a href=\"http:\/\/www.fedesparkinson.org\/\">Federaci\u00f3n Espa\u00f1ola de P\u00e1rkinson<\/a><\/li>\n<li><a href=\"http:\/\/www.fiapas.es\/FIAPAS\/index.html\">FIAPAS<\/a> (Federaci\u00f3n Espa\u00f1ola de Asociaciones de Padres y Amigos de los Sordos<\/li>\n<li><a href=\"http:\/\/www.alzfae.org\/\">Fundaci\u00f3n Alzheimer Espa\u00f1a<\/a><\/li>\n<li><a href=\"http:\/\/www.fundacioncermimujeres.es\/\">Fundaci\u00f3n CERMI MUJERES<\/a><strong>: <\/strong>organizaci\u00f3n sin \u00e1nimo de lucro cuyo objetivo fundamental es favorecer las condiciones de las mujeres y ni\u00f1as con discapacidad, as\u00ed como las mujeres y madres asistentes de personas con discapacidad.<\/li>\n<li><a href=\"http:\/\/www.fundacioncnse.org\/\">Fundaci\u00f3n <strong>CNSE<\/strong> para la Supresi\u00f3n de las Barreras de Comunicaci\u00f3n<\/a><\/li>\n<li><a href=\"http:\/\/www.peretarres.org\/wps\/wcm\/connect\/peretarres_es\/peretarres\/home\">Fundaci\u00f3n Pere Tarr\u00e9s<\/a>: Fundaci\u00f3n Pere Tarr\u00e9s, es una organizaci\u00f3n no lucrativa de acci\u00f3n social y educativa, dedicada a la promoci\u00f3n de la\u00a0educaci\u00f3n en el tiempo libre, el\u00a0voluntariado, la mejora de la\u00a0intervenci\u00f3n social\u00a0y la fortaleza del\u00a0tejido asociativo.<\/li>\n<li><a href=\"http:\/\/www.downcantabria.com\/portal.htm\">Fundaci\u00f3n S\u00edndrome de Down de Cantabria<\/a><\/li>\n<li><a href=\"http:\/\/www.imserso.es\/imserso_01\/index.htm\">Imserso <\/a>: Instituto de Mayores y Servicios Sociales<\/li>\n<li><a href=\"http:\/\/inico.usal.es\/\">INICO: Instituto Universitario de Integraci\u00f3n en la Comunidad<\/a> : Realizan actividades de formaci\u00f3n, investigaci\u00f3n y asesoramiento en materia de discapacidad.<\/li>\n<li><a href=\"http:\/\/www.inmujer.gob.es\/\">Instituto de la Mujer<\/a><\/li>\n<li><a href=\"http:\/\/www.ite.educacion.es\/\">INTEF: Instituto Nacional de Tecnolog\u00edas Educativas<\/a> y Formaci\u00f3n del Profesorado<\/li>\n<li><a href=\"http:\/\/www.educacionyfp.gob.es\/portada.html\">MEFP<\/a>: Ministerio de Educaci\u00f3n y Formaci\u00f3n Profesional<\/li>\n<li><a href=\"https:\/\/www.mscbs.gob.es\/ciudadanos\/proteccionSalud\/adolescencia\/adolescentes.htm\">Ministerio de Sanidad: Proyecto de promoci\u00f3n de la Salud Mental para Adolescentes y Padres de Adolescentes <\/a><\/li>\n<li><a href=\"http:\/\/www.mujeresenred.net\/\">Mujeres en Red<\/a>: Publicaciones, informes y amplia documentaci\u00f3n sobre mujer y g\u00e9nero<\/li>\n<li><a href=\"http:\/\/observatoriodeladiscapacidad.info\/\">OED<\/a>: Observatorio Estatal de la Discapacidad<\/li>\n<li><a href=\"http:\/\/www.oei.es\/\">Organizaci\u00f3n de Estados Iberoamericanos. Informaci\u00f3n sobre Educaci\u00f3n, Ciencia y Cultura iberoamericana<\/a>s. Sistemas Educativos de los 23 pa\u00edses iberoamericanos. CREDI, Revista Iberoamericana de Educaci\u00f3n<\/li>\n<li><a href=\"http:\/\/www.once.es\/new\/home\/\">Organizaci\u00f3n Nacional de Ciegos de Espa\u00f1a (ONCE).<\/a><\/li>\n<li><a href=\"http:\/\/www.pnsd.mscbs.gob.es\/\">Plan Nacional sobre drogas<\/a><\/li>\n<li><a href=\"http:\/\/www.imserso.es\/imserso_01\/index.htm\">Portal Mayores (IMSERSO)<\/a>: Portal especializado en Gerontolog\u00eda y Geriatr\u00eda<\/li>\n<li><a href=\"http:\/\/www.maestroteca.com\/detail\/224\/programa-de-informatica-educativa-de-la-generalidad-de-catalu%25F1a.html\">Programa de inform\u00e1tica Educativa de la Generalidad de Catalu\u00f1a<\/a>: Software (que incluye la maravilla del Clic), p\u00e1ginas interesante, actividades, etc.<\/li>\n<li><a href=\"http:\/\/www.fundacionpromi.es\/historia\/\">PROMI: Fundaci\u00f3n para la Promoci\u00f3n del Minusv\u00e1lido<\/a><\/li>\n<li><a href=\"http:\/\/www.mecd.gob.es\/educacion-mecd\/mc\/redie-eurydice\/inicio\">REDIE:<\/a> Red espa\u00f1ola de informaci\u00f3n sobre educaci\u00f3n (Eurydice Espa\u00f1a)<\/li>\n<li><a href=\"http:\/\/www.rianimacion.org\/\">RIA, Red Iberoamericana de Animaci\u00f3n Sociocultural <\/a><\/li>\n<li><a href=\"http:\/\/www.educacion.gob.es\/portada.html\">Secretar\u00eda de Estado de Educaci\u00f3n, Formaci\u00f3n Profesional y Universidades <\/a>: Web Informativo de esta Instituci\u00f3n.<\/li>\n<li><a href=\"https:\/\/www.educacion.gob.es\/teseo\/irGestionarConsulta.do\">TESEO: Base de datos sobre Tesis Doctorales le\u00eddas en Espa\u00f1a.<\/a><\/li>\n<li><a href=\"http:\/\/crei.centros.educa.jcyl.es\/sitio\/\">CREI: Centro de Recursos de Educaci\u00f3n Intercultural, Junta de Castilla y Le\u00f3n\u00a0<\/a><\/li>\n<li><a href=\"http:\/\/www.faea.es\/\">FAEA: Federaci\u00f3n de Asociaciones de Educaci\u00f3n de personas Adultas<\/a><\/li>\n<li><a href=\"http:\/\/www.gitanos.org\/\">Fundaci\u00f3n Secretariado Gitano<\/a><\/li>\n<li><a href=\"http:\/\/www.tomillo.es\/\">Fundaci\u00f3n Tomillo: Inserci\u00f3n sociolaboral<\/a><\/li>\n<\/ul>\n<p><strong>\u2014Portales Tem\u00e1ticos<\/strong><\/p>\n<p>\u2013Educaci\u00f3n de Personas Adultas<\/p>\n<ul>\n<li>\u00a0<a href=\"http:\/\/www.ceaal.org\/\">CEAAL, Consejo de Educaci\u00f3n de Adultos de Am\u00e9rica Latina<\/a><\/li>\n<li><a href=\"http:\/\/www.esrea.org\/?l=en\">\u00a0ESREA, European Society for Research on the Education of Adults<\/a><\/li>\n<\/ul>\n<p>\u2013Pol\u00edticas Sociales<\/p>\n<ul>\n<li><a href=\"https:\/\/www.accioncontraelhambre.org\/es\">Acci\u00f3n Contra el Hambre<\/a><\/li>\n<li><a href=\"http:\/\/w110.bcn.cat\/portal\/site\/ObservatoriSocialBarcelonaa6be.html?lang=es_ES\">Observatorio Social de Barcelona\u00a0 <\/a><\/li>\n<li><a href=\"http:\/\/www.grup33.org\/?lang=es\">Grup33<\/a>: Proyecto se sensibilizaci\u00f3n a favor de otro modelo penitenciario<\/li>\n<li><a href=\"http:\/\/www.observatorioviolencia.org\/\">Observatorio de la Violencia de G\u00e9nero <\/a><\/li>\n<li><a href=\"http:\/\/www.utevillabona.es\/\">UTE Villabona<\/a>: Unidad Terap\u00e9utica y Educativa del centro penitenciario de Villabona (Asturias)<\/li>\n<\/ul>\n<p><strong>\u2013 Personales<\/strong><\/p>\n<ul>\n<li><a href=\"http:\/\/www.becas.com\/\">Becas:<\/a> Informaci\u00f3n sobre becas, premios, ayudas, subvenciones y trabajo.<\/li>\n<li>Buscador de <a href=\"http:\/\/www.tumaster.com\/\">Masters<\/a> y Doctorados, seg\u00fan perfil del alumno. Tambi\u00e9n busca posibles becas.<\/li>\n<\/ul>\n<p><strong>\u2013 Gu\u00edas<\/strong><\/p>\n<ul>\n<li><strong> <a href=\"http:\/\/portal.uned.es\/portal\/page?_pageid=93,163016&amp;_dad=portal&amp;_schema=PORTAL\">Gu\u00eda tem\u00e1tica de Educaci\u00f3n Social (UNED)<\/a><\/strong><\/li>\n<\/ul>\n<p><strong>BASES DE DATOS<\/strong><\/p>\n<ul>\n<li><a href=\"http:\/\/www.cedd.net\/documental-avanzada.php\">Centro Espa\u00f1ol de Documentaci\u00f3n sobre Discapacidad (base documental)<\/a><\/li>\n<li><a href=\"http:\/\/www.cedd.net\/legislativa-avanzada.php\">Centro Espa\u00f1ol de Documentaci\u00f3n sobre Discapacidad (base legislativa)<\/a><\/li>\n<li><a href=\"http:\/\/www.disabilityworld.com\/\">Disability World, revista digital con acceso a bases de datos sobre discapacidad<\/a><\/li>\n<li><a href=\"http:\/\/sid.usal.es\/ambitos\/discapacidad\/organismos-internacionales\/otros\/european-disability-forum.aspx\">Europa Social: acceso a bases de datos de Europa sobre discapacidad<\/a><\/li>\n<li><a href=\"http:\/\/marijosola.wordpress.com\/\">Red de Centros Documentaci\u00f3n y Bibliotecas de Mujeres<\/a><\/li>\n<li><a href=\"http:\/\/www.redined.mec.es\/\">REDINED <\/a>: Red de bases de datos de informaci\u00f3n Educativa patrocinada por el Ministerio<\/li>\n<\/ul>\n<p><strong>RECURSOS WEB EN ABIERTO<\/strong><\/p>\n<p><strong>\u2013 Revistas tem\u00e1ticas Open Access<\/strong><\/p>\n<ul>\n<li><a href=\"https:\/\/papiro.unizar.es\/ojs\/index.php\/ais\/index\">Acciones e Investigaciones Sociales<\/a><\/li>\n<li><a href=\"http:\/\/www.adicciones.es\/index.php\/adicciones\">Adicciones: Revista de Socidrogalcohol<\/a><\/li>\n<li><a href=\"http:\/\/www.ambiente-ecologico.com\/ediciones\/2004\/088_01.2004\/088_Principal.php3\">Ambiente Ecol\u00f3gico<\/a><\/li>\n<li><a href=\"http:\/\/www.apostadigital.com\/\">Aposta: Revista de Ciencias Sociales<\/a><\/li>\n<li><a href=\"http:\/\/www.imserso.es\/imserso_01\/documentacion\/publicaciones\/publicaciones_periodicas\/boletin_envejecimiento\/index.htm\">Bolet\u00edn sobre Envejecimiento, perfiles y tendencias<\/a><\/li>\n<li><a href=\"http:\/\/www.redalyc.org\/revista.oa?id=280\">Ciencias sociales online<\/a><\/li>\n<li><a href=\"http:\/\/www.ciriec-revistaeconomia.es\/index.php?id_pagina=3&amp;vic=1\">CIRIEC: Revista de Econom\u00eda P\u00fablica, Social y Cooperativa<\/a><\/li>\n<li><a href=\"http:\/\/www.eduso.net\/revistaclaves\/index.htm\">Claves de Educaci\u00f3n Social <\/a><\/li>\n<li><a href=\"https:\/\/convergencia.uaemex.mx\/\">Convergencia: Revista de Ciencias Sociales<\/a><\/li>\n<li><a href=\"http:\/\/www.enlanubetic.com.es\/\">En la nube TIC<\/a>: proyecto colaborativo de difusi\u00f3n de las TIC en el \u00e1mbito educativo<\/li>\n<li><a href=\"https:\/\/issuu.com\/entornosocial\/docs\">Entorno Social<\/a><\/li>\n<li><a href=\"http:\/\/www.cnse.es\/faro.php\">Faro del Silencio<\/a>: revista de la CNSE (Confederaci\u00f3n Estatal de Personas Sordas)<\/li>\n<li><a href=\"http:\/\/www.once.es\/new\/servicios-especializados-en-discapacidad-visual\/publicaciones-sobre-discapacidad-visual\/nueva-estructura-revista-integracion\">Integraci\u00f3n<\/a>: Revista sobre discapacidad visual<\/li>\n<li><a href=\"http:\/\/www.autismogalicia.org\/index.php?option=com_joomdoc&amp;task=cat_view&amp;gid=60&amp;Itemid=76&amp;lang=es\">Maremagnum<\/a>: revista de la Federaci\u00f3n Autismo Galicia<\/li>\n<li><a href=\"http:\/\/www.femmadrid.org\/revista-muevete\">Mu\u00e9vete<\/a><strong>: <\/strong>revista de la Fundaci\u00f3n Esclerosis M\u00faltiple Madrid<\/li>\n<li><a href=\"https:\/\/openlibra.com\/es\/collection\/search\/category\/educacion-biblioteca\">Open Libra Educaci\u00f3n<\/a>: Biblioteca online sobre educaci\u00f3n<\/li>\n<li><a href=\"http:\/\/www.padresymaestros.org\/\">Padres y Maestros<\/a><\/li>\n<li><a href=\"http:\/\/ceaal.org\/v2\/cpub.php?publica=0\">La Piragua: Revista Latinoamericana y Caribe\u00f1a de Educaci\u00f3n y Pol\u00edtica<\/a><\/li>\n<li><a href=\"http:\/\/www.reis.cis.es\/REIS\/html\/index.html\">REIS (Revista Espa\u00f1ola de Investigaciones sociol\u00f3gicas)<\/a><\/li>\n<li><a href=\"http:\/\/www.eduso.net\/res\/\">RES, Revista de Educaci\u00f3n social <\/a><\/li>\n<li><a href=\"http:\/\/www.revista-educacion-inclusiva.es\/\">Revista de Educaci\u00f3n Inclusiva<\/a><\/li>\n<li><a href=\"http:\/\/res.uniandes.edu.co\/\">Revista de Estudios sociales<\/a><\/li>\n<li><a href=\"http:\/\/www.raco.cat\/index.php\/EducacionSocial\/article\/view\/178931\/242034\">Revista Educaci\u00f3n Social \/ Monogr\u00e1fico N\u00ba 27 (Personas sin Hogar)<\/a><\/li>\n<li><a href=\"http:\/\/campus.usal.es\/%7Eefora\/presentacion.htm\">Revista Electr\u00f3nica de Educaci\u00f3n y Formaci\u00f3n Continua de Adultos<\/a><\/li>\n<li><a href=\"http:\/\/www.cedd.net\/redis\/index.php\/redis\">Revista Espa\u00f1ola de Discapacidad (REDIS)<\/a><\/li>\n<li><a href=\"http:\/\/www.rieoei.org\/presentar.php\">Revista Iberoamericana de Educaci\u00f3n<\/a><\/li>\n<li><a href=\"http:\/\/www.solidaridaddigital.es\/Paginas\/Home.aspx\">Solidaridad y digital : El diario de la discapacidad<\/a><\/li>\n<\/ul>\n<p><strong>BLOGS Y WIKIS<\/strong><\/p>\n<ul>\n<li><a href=\"http:\/\/www.ayudaparamaestros.com\/\">Ayuda para Maestros<\/a>: blog con recursos TIC para todas las etapas educativas<\/li>\n<li><a href=\"http:\/\/www.elblogdemanuvelasco.com\/\">Blog de Manu Velasco, El:<\/a> El autor del blog ha reunido en su espacio cantidad de recursos dirigidos a los docentes. Es, adem\u00e1s, especialista en innovaci\u00f3n educativa y TIC y formador de profesorado. Expolearning ha situado este espacio como el mejor blog de e-learning de Espa\u00f1a y Am\u00e9rica Latina.<\/li>\n<li><a href=\"http:\/\/cosas-de-educacion-social.blogspot.com\/\">Cosas de Educaci\u00f3n Social: Blog sobre adicciones<\/a><\/li>\n<li><a href=\"http:\/\/didactalia.net\/comunidad\/materialeducativo\">Didactalia: Contenidos digitales educativo<\/a>s<\/li>\n<li><a href=\"http:\/\/www.edusosfera.com\/\">Edusosfera: Blogs de Educaci\u00f3n Socia<\/a>l<\/li>\n<li><a href=\"http:\/\/estudiomuchoeducacion.blogspot.com.es\/\">Estudiando Educaci\u00f3n Social<\/a>: El blog de un estudiante<\/li>\n<li><a href=\"http:\/\/familiaycole.com\/\">Familia y Cole<\/a>: Blog educativo para padres, maestros y profesionales<\/li>\n<li><a href=\"http:\/\/orientatierra.blogspot.com.es\/\">OrientaTierra<\/a>: Blog de Orientaci\u00f3n Educativa<\/li>\n<\/ul>\n<p><strong>PORTALES TEM\u00c1TICOS<\/strong><\/p>\n<ul>\n<li><a href=\"http:\/\/www.aulaintercultural.org\/\">Aula Intercultural <\/a>: El portal de la educaci\u00f3n intercultural<\/li>\n<li><a href=\"https:\/\/sites.google.com\/view\/cool-tools-for-schools\">Cool Tools for Schools<\/a>: Selecci\u00f3n de herramientas educativas de Google<\/li>\n<li><a href=\"http:\/\/www.cuadernointercultural.com\/\">Cuaderno intercultural: Recursos para la interculturalidad y la educaci\u00f3n intercultura<\/a>l<\/li>\n<li><a href=\"http:\/\/www.discapnet.es\/\">Discapnet: Portal de las Personas con Discapacidad\u00a0\u00a0\u00a0\u00a0<\/a><\/li>\n<li><a href=\"http:\/\/bibliowebfeteugt.es\/ciudadania-y-valores\/\">Educaci\u00f3n en Valores: Portal de FETE-UGT dedicado a la educaci\u00f3n en valores y la educaci\u00f3n para el desarrollo <\/a><\/li>\n<li><a href=\"http:\/\/oxfordeducacioninclusiva.es\/\">Educaci\u00f3n Inclusiva:<\/a> Espacio para proporcionar contenidos destinados a profesores y familias de alumnos con necesidades educativas especiales en la etapa de la ESO<\/li>\n<li><a href=\"http:\/\/www.educarenigualdad.org\/\">Educar en igualdad:<\/a> Recursos educativos para la\u00a0igualdad y la\u00a0prevenci\u00f3n de la violencia de g\u00e9nero<\/li>\n<li><a href=\"http:\/\/www.educatolerancia.com\/\">EducaTolerancia<\/a>: P\u00e1gina del Movimiento Contra la Intolerancia con diverso material did\u00e1ctico<\/li>\n<li><a href=\"http:\/\/www.educacionsocialyciudadana.com\/es\/\">Educaci\u00f3n Social y Ciudadana<\/a><\/li>\n<li><u><a href=\"https:\/\/www.examtime.com\/es\/universitarios\/\">ExamTime: portal informativo para j\u00f3venes que quieren acceder a la Universidad y estudiantes universitarios.<\/a><\/u><\/li>\n<li><a href=\"http:\/\/www.downmadrid.org\/\">Fundaci\u00f3n S\u00edndrome de Down (Madrid) \u00a0\u00a0\u00a0\u00a0\u00a0\u00a0\u00a0\u00a0\u00a0\u00a0\u00a0\u00a0\u00a0<\/a><\/li>\n<li><a href=\"https:\/\/prl-sectoreducativo.saludlaboral.org\/\">Herramientas para la gesti\u00f3n de los riesgos psicosociales en el sector educativo<\/a><\/li>\n<li><a href=\"http:\/\/www.imagina.org\/\">Imagina: Iniciativa\u00a0M\u00faltiple de\u00a0Atenci\u00f3n de\u00a0Gaps (Grupo\u00a0Asociado de Progreso Social) a la\u00a0Integraci\u00f3n, Normalizaci\u00f3n y\u00a0Accesibilidad.<\/a><\/li>\n<li><a href=\"http:\/\/www.infomedula.org\/index.php?\">INFOM\u00c9DULA<\/a>: Plataforma de Comunicaci\u00f3n de la Fundaci\u00f3n del Hospital Nacional de Parapl\u00e9jicos<\/li>\n<li><a href=\"http:\/\/leer.es\/\">Leer.es<\/a>: P\u00e1gina del ministerio de Educaci\u00f3n, para mejorar la comprensi\u00f3n lectora<\/li>\n<li><a href=\"http:\/\/www.plenainclusion.org\/\">Plena Inclusi\u00f3n<\/a><strong>: <\/strong>organizaci\u00f3n dedicada a las personas con discapacidad intelectual o del desarrollo.<\/li>\n<li><a href=\"http:\/\/www.viu.es\/blog\/recopilacion-de-articulos-sobre-el-espectro-autista\/\">Recopilaci\u00f3n de art\u00edculos sobre el espectro autista<\/a><\/li>\n<li><a href=\"http:\/\/www.empleoenred.org\/\">Red Ara\u00f1a: Recursos te\u00f3ricos y pr\u00e1cticos relacionados con la inserci\u00f3n laboral\u00a0\u00a0 <\/a><\/li>\n<li><a href=\"http:\/\/sid.usal.es\/\">SID: Servicio de informaci\u00f3n sobre discapacidad <\/a><\/li>\n<li><a href=\"http:\/\/www.siis.net\/\">SIIS<\/a>: Centro de Documentaci\u00f3n sobre Servicios Sociales y pol\u00edtica social, ofrece informaci\u00f3n sobre pol\u00edtica social, iniciativas y servicios sociales.<\/li>\n<li><a href=\"http:\/\/www.webespecial.com\/\">Web Especial: El Mayor Portal Espa\u00f1ol sobre la Educaci\u00f3n Especial<\/a><\/li>\n<\/ul>\n<p>&nbsp;<\/p>\n<p>Elaborado por la Biblioteca de la Facultad de Educaci\u00f3n<br \/>\nFecha de actualizaci\u00f3n: 1 de febrero de 2020.<\/p>\n","protected":false},"excerpt":{"rendered":"<p>Tweet SEDES WEB \u2013 Institucionales Amnist\u00eda Internacional Asociaci\u00f3n de Solidaridad con los trabajadores Inmigrantes. Asociaci\u00f3n Mundial de Educadores Infantiles. Contiene diversas informaciones de inter\u00e9s: cursos, dossieres, revistas, etc. Canalcursos: Buscador de cursos C\u00e1ritas CEAPAT: Centro de Referencia Estatal de Autonom\u00eda &hellip; <a href=\"https:\/\/bibliotecas.unileon.es\/educacion\/recursos-web-sobre-educacion-social\/\">Sigue leyendo <span class=\"meta-nav\">&rarr;<\/span><\/a><\/p>\n","protected":false},"author":24,"featured_media":0,"parent":0,"menu_order":0,"comment_status":"open","ping_status":"open","template":"","meta":{"_bbp_topic_count":0,"_bbp_reply_count":0,"_bbp_total_topic_count":0,"_bbp_total_reply_count":0,"_bbp_voice_count":0,"_bbp_anonymous_reply_count":0,"_bbp_topic_count_hidden":0,"_bbp_reply_count_hidden":0,"_bbp_forum_subforum_count":0,"footnotes":""},"class_list":["post-241","page","type-page","status-publish","hentry"],"_links":{"self":[{"href":"https:\/\/bibliotecas.unileon.es\/educacion\/wp-json\/wp\/v2\/pages\/241","targetHints":{"allow":["GET"]}}],"collection":[{"href":"https:\/\/bibliotecas.unileon.es\/educacion\/wp-json\/wp\/v2\/pages"}],"about":[{"href":"https:\/\/bibliotecas.unileon.es\/educacion\/wp-json\/wp\/v2\/types\/page"}],"author":[{"embeddable":true,"href":"https:\/\/bibliotecas.unileon.es\/educacion\/wp-json\/wp\/v2\/users\/24"}],"replies":[{"embeddable":true,"href":"https:\/\/bibliotecas.unileon.es\/educacion\/wp-json\/wp\/v2\/comments?post=241"}],"version-history":[{"count":2,"href":"https:\/\/bibliotecas.unileon.es\/educacion\/wp-json\/wp\/v2\/pages\/241\/revisions"}],"predecessor-version":[{"id":661,"href":"https:\/\/bibliotecas.unileon.es\/educacion\/wp-json\/wp\/v2\/pages\/241\/revisions\/661"}],"wp:attachment":[{"href":"https:\/\/bibliotecas.unileon.es\/educacion\/wp-json\/wp\/v2\/media?parent=241"}],"curies":[{"name":"wp","href":"https:\/\/api.w.org\/{rel}","templated":true}]}}