{"id":492,"date":"2014-07-02T13:08:29","date_gmt":"2014-07-02T11:08:29","guid":{"rendered":"http:\/\/bibliotecas.unileon.es\/educacion\/?page_id=492"},"modified":"2020-02-13T10:00:29","modified_gmt":"2020-02-13T08:00:29","slug":"recursos-web-sobre-el-master-universitario-en-investigacion-en-psicologia-y-ciencias-de-la-educacion","status":"publish","type":"page","link":"https:\/\/bibliotecas.unileon.es\/educacion\/recursos-web-sobre-el-master-universitario-en-investigacion-en-psicologia-y-ciencias-de-la-educacion\/","title":{"rendered":"Recursos web sobre el M\u00e1ster Universitario en Investigaci\u00f3n en Psicolog\u00eda y Ciencias de la Educaci\u00f3n"},"content":{"rendered":"\n<!-- This is the start of the WP Twitter Button code -->\n<div id=\"rk_wp_twitter_button\" style=\"margin: 0px 0px 0px 0px; float: right\"><a href=\"http:\/\/twitter.com\/share\" class=\"twitter-share-button\" data-url=\"https:\/\/bibliotecas.unileon.es\/educacion\/recursos-web-sobre-el-master-universitario-en-investigacion-en-psicologia-y-ciencias-de-la-educacion\/\" data-count=\"horizontal\">Tweet<\/a><script type=\"text\/javascript\" src=\"http:\/\/platform.twitter.com\/widgets.js\"><\/script><\/div>\n<!-- This is the end of the WP Twitter Button code -->\n\n<p><strong>SEDES WEB<\/strong><\/p>\n<p><strong>Institucionales<\/strong><\/p>\n<ul>\n<li><a href=\"http:\/\/www.aen.es\/\">Asociaci\u00f3n Espa\u00f1ola de Neuropsiquiatr\u00eda<\/a><\/li>\n<li><a href=\"http:\/\/www.anpir.org\/\">Asociaci\u00f3n Nacional de Psic\u00f3logos Cl\u00ednicos y Residentes<\/a><\/li>\n<li><a href=\"http:\/\/www.educacion.gob.es\/cniie\">CNIIE<\/a> : Centro Nacional de Innovaci\u00f3n e Investigaci\u00f3n Educativa<\/li>\n<li><a href=\"http:\/\/www.copoe.org\/\">COPOE:<\/a> Confederaci\u00f3n de Organizaciones de Psicopedagog\u00eda y Orientaci\u00f3n de Espa\u00f1a<\/li>\n<li><a href=\"https:\/\/www.educa.jcyl.es\/es\">Educacyl<\/a>: Portal de educaci\u00f3n de la Junta de Catilla y Le\u00f3n<\/li>\n<li><a href=\"http:\/\/www.educared.net\/\">EDUCARED<\/a>: Innovaci\u00f3n educativa a trav\u00e9s de las nuevas tecnolog\u00edas<\/li>\n<li><a href=\"http:\/\/www.imserso.es\/imserso_01\/index.htm\">IMSERSO<\/a>. Instituto de Mayores y Servicios Sociales<\/li>\n<li><a href=\"http:\/\/www.ite.educacion.es\/\">INTEF<\/a> : Instituto Nacional de Tecnolog\u00edas Educativas y de Formaci\u00f3n del Profesorado<\/li>\n<li><a href=\"http:\/\/inico.usal.es\/\">INICO<\/a>: Instituto Universitario de Integraci\u00f3n en la Comunidad (Universidad de Salamanca)<\/li>\n<li><a href=\"http:\/\/www.educacionyfp.gob.es\/portada.html\">Ministerio de Educaci\u00f3n y Formaci\u00f3n Profesional<\/a><\/li>\n<li><a href=\"http:\/\/www.educacionyfp.gob.es\/servicios-al-ciudadano\/catalogo\/empleo-publico.html\">Ministerio de Educaci\u00f3n y Formaci\u00f3n Profesional: Oferta de empleo p\u00fablico<\/a><\/li>\n<li><a href=\"http:\/\/www.unicef.es\/\">UNICEF<\/a><\/li>\n<li><a href=\"http:\/\/www.un.org\/es\/\">ONU<\/a><\/li>\n<li><a href=\"http:\/\/www.oei.es\/\">Organizaci\u00f3n de Estados Iberoamericanos. Informaci\u00f3n sobre Educaci\u00f3n, Ciencia y Cultura iberoamericana<\/a> Sistemas Educativos de los 23 pa\u00edses iberoamericanos. CREDI, Revista Iberoamericana de Educaci\u00f3n<\/li>\n<li><a href=\"http:\/\/europa.eu\/legislation_summaries\/education_training_youth\/index_es.htm\">Uni\u00f3n Europea. Educaci\u00f3n, formaci\u00f3n, juventud<\/a><\/li>\n<li><a href=\"https:\/\/www.mscbs.gob.es\/\">Ministerio de Sanidad, Consumo y Bienestar Social<\/a><\/li>\n<li><a href=\"http:\/\/www.universia.es\/index.htm\">UNIVERSIA<\/a>: Portal que enlaza con las distintas universidades espa\u00f1olas<\/li>\n<li><a href=\"http:\/\/www.cop.es\/\">Consejo General de Colegios Oficiales de Psic\u00f3logos<\/a><\/li>\n<li><a href=\"http:\/\/www.efpa.eu\/\">Federaci\u00f3n Europea de Asociaciones de Psic\u00f3logos<\/a><\/li>\n<li><a href=\"http:\/\/www.sepedagogia.es\/\">Sociedad Espa\u00f1ola de Pedagog\u00eda<\/a><\/li>\n<\/ul>\n<p>&nbsp;<\/p>\n<h3>\u00b7\u00a0\u00a0\u00a0\u00a0\u00a0\u00a0\u00a0 Portales Oficiales sobre Educaci\u00f3n<\/h3>\n<ul>\n<li><a href=\"http:\/\/www.juntadeandalucia.es\/educacion\/portalaverroes\">AVERROES: Red Telem\u00e1tica Educativa de Andaluc\u00eda<\/a><\/li>\n<li><a href=\"https:\/\/webgate.ec.europa.eu\/fpfis\/mwikis\/eurydice\/index.php\/Main_Page\">EURYDICE: The information network on education in Europe <\/a><\/li>\n<li><a href=\"http:\/\/www.fiapas.es\/\">FIAPAS<\/a> (Federaci\u00f3n Espa\u00f1ola de Asociaciones de Padres y Amigos de los Sordos).<\/li>\n<li><a href=\"http:\/\/www.sindromedown.net\/\">Federaci\u00f3n Espa\u00f1ola de Instituciones para el S\u00edndrome de Down.<\/a><\/li>\n<li><a href=\"http:\/\/www.juntadeandalucia.es\/observatoriodelainfancia\/oia\/esp\/index.aspx\">Observatorio de la infancia de Andaluc\u00eda<\/a><\/li>\n<li><a href=\"http:\/\/www.siis.net\/es\/que-es-el-siis.php\">SIIS<\/a>. Investigaci\u00f3n sobre\u00a0 Servicios Sociales.<\/li>\n<\/ul>\n<p><strong>Personales<\/strong><\/p>\n<ul>\n<li><a href=\"http:\/\/www.becas.com\/\">Becas:<\/a> Informaci\u00f3n sobre becas, premios, ayudas, subvenciones y trabajo.<\/li>\n<li>Buscador de <a href=\"http:\/\/www.tumaster.com\/\">Masters<\/a> y Doctorados, seg\u00fan perfil del alumno. Tambi\u00e9n busca posibles becas.<\/li>\n<\/ul>\n<p><strong>OBRAS DE REFERENCIA<\/strong><\/p>\n<h3>Diccionarios y otras fuentes de referencia<\/h3>\n<ul>\n<li><a href=\"http:\/\/www.atlapedia.com\/\">Atlapedia Online<\/a><\/li>\n<li><a href=\"http:\/\/www.fudepa.org\/Biblioteca\/sobre.aspx\">Biblioteca Digital sobre Migraciones e Interculturalidad<\/a><\/li>\n<li><a href=\"http:\/\/www.ucm.es\/info\/eurotheo\/diccionario\/\">Diccionario Cr\u00edtico de Ciencias Sociales<\/a><\/li>\n<li><a href=\"http:\/\/cultura.glosario.net\/terminos-bibliotecarios\">Diccionario de T\u00e9rminos Bibliotecarios<\/a><\/li>\n<li><a href=\"http:\/\/www.si.edu\/\">Encyclopedia Smithsonian<\/a><\/li>\n<li><a href=\"http:\/\/www.psychology.org\/\">Encyclopedia of Psychology<\/a><\/li>\n<li><a href=\"http:\/\/www.elalmanaque.com\/Ensenanza\/ensenanza.htm\">L\u00e9xico Educaci\u00f3n (El Almanaque)<\/a><\/li>\n<li><a href=\"http:\/\/www.chez.com\/sociol\/socio\/lexique.htm\">Lexique de la Sociologie<\/a><\/li>\n<li><a href=\"https:\/\/www.educacionyfp.gob.es\/educacion\/mc\/redie-eurydice\/inicio\/tese.html\">Tesauro Europeo de los Sistemas Educativos<\/a><\/li>\n<li><a href=\"http:\/\/www.elprofesionaldelainformacion.com\/contenidos\/1999\/enero\/tesauro_de_educacion_superior.html\">Tesauro de Educaci\u00f3n Superior \/UCM<\/a><\/li>\n<\/ul>\n<p><strong>BASES DE DATOS<\/strong><\/p>\n<ul>\n<li><a href=\"http:\/\/www.psicodoc.org\/acerca.htm\">Psicodoc<\/a> es una base de datos sobre Psicolog\u00eda y disciplinas afines en el \u00e1mbito hispanohablante realizada por el Colegio Oficial de Psic\u00f3logos (COP) y la colaboraci\u00f3n de la Biblioteca de la Facultad de Psicolog\u00eda de la Universidad Complutense de Madrid. Incluye los trabajos publicados en revistas cient\u00edficas, congresos y libros compilados cuya tem\u00e1tica sea la Psicolog\u00eda y disciplinas afines, procedentes de Espa\u00f1a y Am\u00e9rica Latina, desde 1975 hasta la actualidad.<\/li>\n<li><a href=\"http:\/\/www.redined.mec.es\/\">REDINED <\/a>: Red de bases de datos de informaci\u00f3n educativa patrocinada por el Ministerio de Educaci\u00f3n<\/li>\n<li><a href=\"http:\/\/ip-science.thomsonreuters.com\/cgi-bin\/jrnlst\/jloptions.cgi?PC=K\">Social Sciences Citation Index \u00a0\u00a0\u00a0 <\/a><\/li>\n<li><a href=\"https:\/\/www.educacion.gob.es\/teseo\/irGestionarConsulta.do\">TESEO<\/a>: Base de datos sobre Tesis Doctorales le\u00eddas en Espa\u00f1a.<\/li>\n<li><a href=\"http:\/\/catoute.unileon.es\/screens\/buscarree_bd.html\">Acceso a las bases de datos de la Universidad de Le\u00f3n<\/a><\/li>\n<\/ul>\n<p><strong>REVISTAS ELECTR\u00d3NICAS<\/strong><\/p>\n<ul>\n<li><a href=\"http:\/\/revistas.um.es\/analesps\/\">\u00c1mbitos de Psicopedagog\u00eda y Orientaci\u00f3n<\/a><\/li>\n<li><a href=\"http:\/\/www.um.es\/analesps\/\">Anales de Psicolog\u00eda<\/a><\/li>\n<li><a href=\"http:\/\/www.apuntesdepsicologia.es\/index.php\/revista\">Apuntes de Psicolog\u00eda<\/a><\/li>\n<li><a href=\"https:\/\/revistas.ucm.es\/index.php\/ARIS\/\">Arte, Individuo y Sociedad<\/a><\/li>\n<li><a href=\"http:\/\/www.uv.es\/seoane\/boletin\/boletin.html\">Bolet\u00edn de Psicolog\u00eda<\/a><\/li>\n<li><a href=\"http:\/\/www.copoe.org\/revista-copoe-educar-y-orientar\">Educar y Orientar<\/a><\/li>\n<li><a href=\"https:\/\/journals.ucjc.edu\/EDU\">EduPsykh\u00e9: Revista de Psicolog\u00eda y Educaci\u00f3n<\/a><\/li>\n<li><a href=\"http:\/\/www.edutec.es\/revista\/index.php\/edutec-e\">Edutec-e<\/a>: Revista Electr\u00f3nica de Tecnolog\u00eda Educativa<\/li>\n<li><a href=\"http:\/\/www.investigacion-psicopedagogica.org\/revista\/new\/index.php\">Electronic Journal of Research in Educational Psychology<\/a><\/li>\n<li><a href=\"http:\/\/www.ejep.es\/\">European Journal of Education and Psychology<\/a><\/li>\n<li><a href=\"http:\/\/www.cop-cv.org\/index.php?seccion=infopsi\">Informaci\u00f3 Psicol\u00f2gica<\/a><\/li>\n<li><a href=\"http:\/\/www.ijpsy.com\/\">International Journal of Psychology and Psychological Therapy<\/a><\/li>\n<li><a href=\"http:\/\/sisbib.unmsm.edu.pe\/bibVirtual\/publicaciones\/Inv_Educativa\/default.htm\">Investigaci\u00f3n Educativa<\/a><\/li>\n<li><a href=\"http:\/\/comunidad-escolar.pntic.mec.es\/\"> Comunidad escolar<\/a><\/li>\n<li><a href=\"http:\/\/www.papelesdelpsicologo.es\/\">Papeles del Psic\u00f3logo<\/a><\/li>\n<li><a href=\"http:\/\/www.uv.es\/psicologica\/\">Psicol\u00f3gica: International Journal of Methodology and Experimental Psychology<\/a><\/li>\n<li><a href=\"http:\/\/www.psychologyinspain.com\/\">Psychology in Spain<\/a><\/li>\n<li><a href=\"http:\/\/www.psicothema.com\/\">Psicothema<\/a><\/li>\n<li><a href=\"http:\/\/www.investigacion-psicopedagogica.org\/revista\/new\/presentacion.php\">REIPE Revista Electr\u00f3nica de Investigaci\u00f3n Psicoeducativa<\/a><\/li>\n<li><a href=\"http:\/\/reme.uji.es\/\">REME Revista Electr\u00f3nica de Motivaci\u00f3n y Emoci\u00f3n<\/a><\/li>\n<li><a href=\"http:\/\/psicologia.udg.es\/Revista\/castellano.htm\">REPTE Revista de Ense\u00f1anza de la Psicolog\u00eda: Teor\u00eda y Experiencia<\/a><\/li>\n<li><a href=\"http:\/\/www.unioviedo.es\/reunido\/index.php\/Rema\/\">REMA<\/a>. Revista electr\u00f3nica, editada por la Universidad de Oviedo, dedicada a la metodolog\u00eda de la investigaci\u00f3n en los campos de la Psicolog\u00eda y la Educaci\u00f3n<\/li>\n<li><a href=\"http:\/\/www.um.es\/depmide\/RIE\/\"> Revista de Investigaci\u00f3n Educativa<\/a><\/li>\n<li><a href=\"http:\/\/sisbib.unmsm.edu.pe\/BVRevistas\/Investigacion_Psicologia\/default.htm\">Revista de Investigaci\u00f3n en Psicolog\u00eda<\/a><\/li>\n<li><a href=\"http:\/\/www.utp.edu.co\/repes\/\">Revista Electr\u00f3nica de Educaci\u00f3n y Psicolog\u00eda<\/a><\/li>\n<li><a href=\"http:\/\/redie.uabc.mx\/vol10no1\/contenido-contenido.html\">Revista Electr\u00f3nica de Investigaci\u00f3n Educativa<\/a><\/li>\n<li><a href=\"http:\/\/www.investigacion-psicopedagogica.org\/revista\/new\/index.php\">Revista Electr\u00f3nica de Investigaci\u00f3n Psicoeducativa<\/a><\/li>\n<li><a href=\"http:\/\/www.uv.es\/RELIEVE\">Revista Electr\u00f3nica de Investigaci\u00f3n y Evaluaci\u00f3n Educativa<\/a><\/li>\n<li><a href=\"http:\/\/www.revistadepedagogia.org\/\">Revista Espa\u00f1ola de Pedagog\u00eda<\/a><\/li>\n<li><a href=\"http:\/\/www.fes-sociologia.com\/bienvenidos-as-a-la-revista-espanola-de-sociologia\/pages\/234\/\">Revista Espa\u00f1ola de Sociolog\u00eda<\/a><\/li>\n<li><a href=\"http:\/\/www4.unileon.es\/trabajo_social\/revista.asp\">Revista Humanismo y Trabajo Social<\/a><\/li>\n<li><a href=\"https:\/\/rieoei.org\/RIE\">Revista Iberoamericana de Educaci\u00f3n<\/a><\/li>\n<li><a href=\"http:\/\/www.utpl.edu.ec\/ried\/\">Revista Iberoamericana de Educaci\u00f3n a Distancia<\/a><\/li>\n<li><a href=\"http:\/\/www.comie.org.mx\/v1\/revista\/portal.php?idm=es&amp;sec=SC00\">Revista Mexicana de Investigaci\u00f3n Educativa<\/a><\/li>\n<li><a href=\"http:\/\/journals.cambridge.org\/action\/displayJournal?jid=SJP\">The Spanish Journal of Psychology<\/a><\/li>\n<li><a href=\"http:\/\/publicaciones.konradlorenz.edu.co\/index.php\/sumapsi\">Suma Psicol\u00f3gica<\/a><\/li>\n<\/ul>\n<p><strong>RECURSOS WEB EN ABIERTO\u00a0<\/strong><\/p>\n<ul>\n<li><strong><a href=\"http:\/\/webs.uvigo.es\/mpino\/tecnicasdeinv.pdf\" class=\"mtli_attachment mtli_pdf\">Algunos m\u00e9todos y t\u00e9cnicas de recogida y an\u00e1lisis de datos<\/a><\/strong><\/li>\n<li><a href=\"http:\/\/www.monografias.com\/trabajos13\/artinves\/artinves.shtml\">\u00bfC\u00f3mo investigar en educaci\u00f3n?<\/a><\/li>\n<li><a href=\"http:\/\/www.slideshare.net\/carment64\/competencias-del-docente-en-la-sociedad-del-conocimiento\">Competencias del docente en la sociedad del conocimiento<\/a><\/li>\n<li><a href=\"http:\/\/revistasinvestigacion.unmsm.edu.pe\/index.php\/anales\/article\/view\/1032\/852\">Deterioro cognitivo leve: \u00bfd\u00f3nde termina el envejecimiento normal y empieza la demencia?<\/a><\/li>\n<li><a href=\"http:\/\/www.isei-ivei.net\/cast\/fondo\/docu\/integracas.pdf\" class=\"mtli_attachment mtli_pdf\">Educaci\u00f3n Intercultural<\/a>: Orientaciones para la respuesta educativa a la diversidad \u00e9tnica y cultural en la escuela<\/li>\n<li><a href=\"http:\/\/www.educacontic.es\/\">Educacontic<\/a>: el uso de las tic en el aula<\/li>\n<li><a href=\"http:\/\/www.enlanubetic.com.es\/\">En la nube TIC<\/a>: proyecto colaborativo de difusi\u00f3n de las TIC en el \u00e1mbito educativo<\/li>\n<li><a href=\"http:\/\/www.escuela21.org\/\">Escuela21<\/a>: un viaje alrededor del mundo visitando las escuelas m\u00e1s innovadoras<\/li>\n<li><a href=\"http:\/\/www.espaciologopedico.com\/\">Espacio Logop\u00e9dico<\/a><\/li>\n<li><a href=\"http:\/\/www.slideshare.net\/SelenitaZul\/estrategias-de-aprendizaje-8150955\">Estrategias de Aprendizaje<\/a><\/li>\n<li><a href=\"http:\/\/prezi.com\/hwguwsx_ukb8\/estres-y-psicologia-de-la-salud\/\">Estr\u00e9s y Psicolog\u00eda de la Salud<\/a><\/li>\n<li><a href=\"https:\/\/prl-sectoreducativo.saludlaboral.org\/\">Herramientas para la gesti\u00f3n de los riesgos psicosociales en el sector educativo<\/a><\/li>\n<li><a href=\"http:\/\/www.slideshare.net\/joaquiCB\/metodologas-para-el-aprendizaje-activo\">Metodolog\u00edas para el aprendizaje activo<\/a><\/li>\n<li><a href=\"https:\/\/openlibra.com\/es\/collection\/search\/category\/educacion-biblioteca\">Open Libra Educaci\u00f3n<\/a>: Biblioteca online sobre educaci\u00f3n<\/li>\n<li><a href=\"https:\/\/www.universidadviu.es\/recopilacion-de-articulos-sobre-el-espectro-autista\/\">Recopilaci\u00f3n de art\u00edculos sobre el espectro autista<\/a><\/li>\n<li><a href=\"http:\/\/www.redalyc.org\/\">RedALyC<\/a>: Red de revistas cient\u00edficas de Am\u00e9rica Latina y el Caribe, Espa\u00f1a y Portugal. Acceso libre a revistas de ciencias sociales y humanidades.<\/li>\n<li><a href=\"https:\/\/juandomingofarnos.wordpress.com\/2011\/02\/06\/tecnologia-educativa-y-roles-de-profesores-y-alumnos-en-un-mundo-2-0\/\">Tecnolog\u00eda educativa y roles de profesores y alumnos en un mundo\u00a02.0<\/a><\/li>\n<li><a href=\"http:\/\/orientacioneducativaytutoria.blogspot.com.es\/\">Tutor\u00eda y Orientaci\u00f3n<\/a><\/li>\n<\/ul>\n<p><strong>BLOGS Y WIKIS<\/strong><\/p>\n<ul>\n<li><a href=\"http:\/\/www.ayudaparamaestros.com\/\">Ayuda para Maestros<\/a>: blog con recursos TIC para todas las etapas educativas<\/li>\n<li><a href=\"http:\/\/www.elblogdemanuvelasco.com\/\">Blog de Manu Velasco, El:<\/a> El autor del blog ha reunido en su espacio cantidad de recursos dirigidos a los docentes. Es, adem\u00e1s, especialista en innovaci\u00f3n educativa y TIC y formador de profesorado. Expolearning ha situado este espacio como el mejor blog de e-learning de Espa\u00f1a y Am\u00e9rica Latina.<\/li>\n<li><a href=\"http:\/\/www.unir.net\/educacion\/master-neuropsicologia\/revista\/549200001567\/\">Blog de Neuropsicolog\u00eda y Educaci\u00f3n<\/a><\/li>\n<li><a href=\"http:\/\/dificultadaprendizaje.blogspot.com.es\/\">Dificultades de Aprendizaje e Intervenci\u00f3n Psicopedag\u00f3gica<\/a><\/li>\n<li><a href=\"https:\/\/escuelaconcerebro.wordpress.com\/\">Escuela con cerebro<\/a>: Un espacio de documentaci\u00f3n y debate sobre Neurodid\u00e1ctica<\/li>\n<li><a href=\"https:\/\/juandomingofarnos.wordpress.com\/\"> Innovaci\u00f3n y conocimiento<\/a>: La b\u00fasqueda del conocimiento en una Sociedad de la Inteligencia<\/li>\n<\/ul>\n<p><strong>PORTALES TEM\u00c1TICOS<\/strong><\/p>\n<ul>\n<li><a href=\"http:\/\/www.aulaintercultural.org\/\">Aula Intercultural <\/a>: El portal de la educaci\u00f3n intercultural<\/li>\n<li><a href=\"http:\/\/competenciasbasicas.webnode.es\/las-competencias-basicas\/\">Competencias b\u00e1sicas<\/a>: Desarrollo de las competencias b\u00e1sicas en Primaria y Secundaria<\/li>\n<li><a href=\"http:\/\/competenciasbasicas.com\/\">Competencias B\u00e1sicas: Evaluaci\u00f3n de las competencias b\u00e1sicas en educaci\u00f3n <\/a><\/li>\n<li><a href=\"http:\/\/www.stes.es\/melilla\/archivos\/libro_diversidad_cultural\/Diversidad%20Cultural.html\">Diversidad Cultural y Educaci\u00f3n Intercultural<\/a><\/li>\n<li><a href=\"http:\/\/www.educandoenigualdad.com\/\">Educando en Igualdad<\/a>: Materiales para trabajar en el aula<\/li>\n<li><a href=\"http:\/\/www.educarenigualdad.org\/\">Educar en igualdad<\/a>: Recursos educativos para la\u00a0igualdad y la\u00a0prevenci\u00f3n de la violencia de g\u00e9nero<\/li>\n<li><a href=\"http:\/\/www.educatolerancia.com\/\">EducaTolerancia<\/a>: P\u00e1gina del Movimiento Contra la Intolerancia con diverso material did\u00e1ctico<\/li>\n<li><a href=\"http:\/\/www.educaweb.com\/\">com<\/a>: \u201cportal especializado en educaci\u00f3n y formaci\u00f3n de mayor audiencia en Espa\u00f1a\u201d. Muy completo. Existe tambi\u00e9n una versi\u00f3n en catal\u00e1n.<\/li>\n<li><a href=\"http:\/\/envejecimientoentodaslasedades.unileon.es\/\">Envejecimiento en todas las edades<\/a><\/li>\n<li><a href=\"http:\/\/europa.eu\/index_es.htm\">Europa<\/a>. El portal de la Uni\u00f3n Europea<\/li>\n<li><u><a href=\"https:\/\/www.examtime.com\/es\/universitarios\/\">ExamTime:<\/a><\/u> portal informativo para j\u00f3venes que quieren acceder a la Universidad y estudiantes universitarios.<\/li>\n<li><a href=\"http:\/\/www.alzfae.org\/\">Fundaci\u00f3n Alzheimer Espa\u00f1a<\/a><\/li>\n<li><a href=\"http:\/\/www.psicopedagogia.com\/glosario.php\">Glosario de Psicopedagog\u00eda <\/a><\/li>\n<li><a href=\"http:\/\/www.gloobal.net\/iepala\/gloobal\/fichas\/ficha.php?entidad=Textos&amp;id=5336&amp;opcion=documento\">Gu\u00eda de conocimiento sobre educaci\u00f3n intercultural<\/a><\/li>\n<li><a href=\"http:\/\/www.slideshare.net\/bleichermond\/neurociencia\">Introducci\u00f3n a la Neurociencia<\/a>: aspectos b\u00e1sicos<\/li>\n<li><a href=\"http:\/\/www.e-logopedia.net\/portal.html\">E-Logopedianet<\/a>. Muchas cosas sobre Logopedia<\/li>\n<li><a href=\"https:\/\/ldaamerica.org\/\">Learning Disabilities Association of America<\/a>. Informaci\u00f3n, recursos, a nivel local, estatal y en funci\u00f3n de los cap\u00edtulos legales de cobertura de ayudas y recursos.<\/li>\n<li><a href=\"http:\/\/www.mad.es\/\">MAD<\/a>: Editorial especializada en oposiciones<\/li>\n<li><a href=\"http:\/\/www.psicodiagnosis.es\/areaclinica\/trastornosenelambitoescolar\/index.php\">Psicodiagnosis: Trastornos en el \u00e1mbito escolar<\/a><\/li>\n<li><a href=\"http:\/\/www.ub.edu\/personal\/europa.htm\">PSICOENLACES : directorio mundial de recursos psicol\u00f3gicos<\/a><\/li>\n<li><a href=\"http:\/\/lapsicologiadelasalud.blogspot.com.es\/search\/label\/Estr\u00e9s\">Psicolog\u00eda de la salud<\/a>: Art\u00edculos sobre estr\u00e9s<\/li>\n<li><a href=\"http:\/\/www.reeduca.com.mx\/\">ReEduca<\/a>: El portal de recursos de Psicolog\u00eda, Educaci\u00f3n y disciplinas afines<\/li>\n<li><a href=\"http:\/\/www.unicoos.com\/\">Unicoos<\/a>: Unicoos es una organizaci\u00f3n educativa sin \u00e1nimo de lucro y un sitio web creado en 2011 por el ingeniero de sistemas de telecomunicaci\u00f3n espa\u00f1ol David Calle, licenciado por la Universidad Polit\u00e9cnica de Madrid, basada en el canal de YouTube del mismo nombre, donde pueden encontrarse cientos de v\u00eddeos de matem\u00e1ticas, f\u00edsica, qu\u00edmica y tecnolog\u00eda, principalmente de contenidos preuniversitarios (\u00faltimos a\u00f1os de secundaria y bachillerato) y primeros a\u00f1os universitarios. Las lecciones que imparte se pueden encontrar en su p\u00e1gina web y tambi\u00e9n en el canal de YouTube.<\/li>\n<\/ul>\n<p><strong>LISTAS DE DISTRIBUCI\u00d3N<\/strong><\/p>\n<p><strong>Repositorios de acceso abierto a la producci\u00f3n cient\u00edfica<\/strong><\/p>\n<ul>\n<li><a href=\"http:\/\/digital.csic.es\/advanced-search\">CSIC<\/a>: dep\u00f3sito de documentos digitales de la actividad investigadora del CSIC<\/li>\n<li><a href=\"http:\/\/e-ciencia.com\/\">E-ciencia<\/a>: plataforma digital de acceso libre y abierto a la producci\u00f3n cient\u00edfica en la Comunidad de Madrid<\/li>\n<li><a href=\"http:\/\/hispana.mcu.es\/es\/inicio\/inicio.do\"> Directorio y recolector de colecciones y recursos digitales<\/a>: Portal mantenido por el Ministerio de Cultura que recopila el contenido de todos los proyectos Open Access existentes en Espa\u00f1a.<\/li>\n<li><a href=\"http:\/\/www.recercat.cat\/\">Recercat:<\/a> incluye la literatura de investigaci\u00f3n de las universidades y de los centros de investigaci\u00f3n de Catalu\u00f1a<\/li>\n<li><a href=\"http:\/\/recolecta.fecyt.es\/\">Recolecta<\/a>: recolector de ciencia abierta iniciativa de REBIUN y FECYT<\/li>\n<li><a href=\"http:\/\/recyt.fecyt.es\/\">RECyT:<\/a> el Repositorio Espa\u00f1ol de Ciencia y Tecnolog\u00eda de la FECYT (Fundaci\u00f3n Espa\u00f1ola para la Ciencia y la Tecnolog\u00eda) cuenta con una parte p\u00fablica (hemeroteca) que permite el alojamiento de revistas cient\u00edficas de calidad contrastada y con una parte privada (edici\u00f3n de revistas) que facilita el uso de una herramienta que gestiona la edici\u00f3n integral de las publicaciones (incluida la revisi\u00f3n por pares de los art\u00edculos, etc).<\/li>\n<\/ul>\n<p>&nbsp;<\/p>\n<ul>\n<li>Elaborado por la Biblioteca de la Facultad de Educaci\u00f3n<br \/>\nFecha de actualizaci\u00f3n: 1 de febrero de 2020.<\/li>\n<\/ul>\n","protected":false},"excerpt":{"rendered":"<p>Tweet SEDES WEB Institucionales Asociaci\u00f3n Espa\u00f1ola de Neuropsiquiatr\u00eda Asociaci\u00f3n Nacional de Psic\u00f3logos Cl\u00ednicos y Residentes CNIIE : Centro Nacional de Innovaci\u00f3n e Investigaci\u00f3n Educativa COPOE: Confederaci\u00f3n de Organizaciones de Psicopedagog\u00eda y Orientaci\u00f3n de Espa\u00f1a Educacyl: Portal de educaci\u00f3n de la &hellip; <a href=\"https:\/\/bibliotecas.unileon.es\/educacion\/recursos-web-sobre-el-master-universitario-en-investigacion-en-psicologia-y-ciencias-de-la-educacion\/\">Sigue leyendo <span class=\"meta-nav\">&rarr;<\/span><\/a><\/p>\n","protected":false},"author":24,"featured_media":0,"parent":0,"menu_order":0,"comment_status":"open","ping_status":"open","template":"","meta":{"_bbp_topic_count":0,"_bbp_reply_count":0,"_bbp_total_topic_count":0,"_bbp_total_reply_count":0,"_bbp_voice_count":0,"_bbp_anonymous_reply_count":0,"_bbp_topic_count_hidden":0,"_bbp_reply_count_hidden":0,"_bbp_forum_subforum_count":0,"footnotes":""},"class_list":["post-492","page","type-page","status-publish","hentry"],"_links":{"self":[{"href":"https:\/\/bibliotecas.unileon.es\/educacion\/wp-json\/wp\/v2\/pages\/492","targetHints":{"allow":["GET"]}}],"collection":[{"href":"https:\/\/bibliotecas.unileon.es\/educacion\/wp-json\/wp\/v2\/pages"}],"about":[{"href":"https:\/\/bibliotecas.unileon.es\/educacion\/wp-json\/wp\/v2\/types\/page"}],"author":[{"embeddable":true,"href":"https:\/\/bibliotecas.unileon.es\/educacion\/wp-json\/wp\/v2\/users\/24"}],"replies":[{"embeddable":true,"href":"https:\/\/bibliotecas.unileon.es\/educacion\/wp-json\/wp\/v2\/comments?post=492"}],"version-history":[{"count":2,"href":"https:\/\/bibliotecas.unileon.es\/educacion\/wp-json\/wp\/v2\/pages\/492\/revisions"}],"predecessor-version":[{"id":638,"href":"https:\/\/bibliotecas.unileon.es\/educacion\/wp-json\/wp\/v2\/pages\/492\/revisions\/638"}],"wp:attachment":[{"href":"https:\/\/bibliotecas.unileon.es\/educacion\/wp-json\/wp\/v2\/media?parent=492"}],"curies":[{"name":"wp","href":"https:\/\/api.w.org\/{rel}","templated":true}]}}