{"id":602,"date":"2015-12-17T09:41:31","date_gmt":"2015-12-17T07:41:31","guid":{"rendered":"http:\/\/bibliotecas.unileon.es\/educacion\/?page_id=602"},"modified":"2020-02-13T10:45:40","modified_gmt":"2020-02-13T08:45:40","slug":"tus-ratos-de-ocio","status":"publish","type":"page","link":"https:\/\/bibliotecas.unileon.es\/educacion\/tus-ratos-de-ocio\/","title":{"rendered":"Tus ratos de ocio"},"content":{"rendered":"\n<!-- This is the start of the WP Twitter Button code -->\n<div id=\"rk_wp_twitter_button\" style=\"margin: 0px 0px 0px 0px; float: right\"><a href=\"http:\/\/twitter.com\/share\" class=\"twitter-share-button\" data-url=\"https:\/\/bibliotecas.unileon.es\/educacion\/tus-ratos-de-ocio\/\" data-count=\"horizontal\">Tweet<\/a><script type=\"text\/javascript\" src=\"http:\/\/platform.twitter.com\/widgets.js\"><\/script><\/div>\n<!-- This is the end of the WP Twitter Button code -->\n\n<h3 style=\"text-align: justify;\"><em>No todo es trabajo<\/em><\/h3>\n<h3 style=\"text-align: justify;\"><em>Puedes visitar museos, galer\u00edas de arte, hacer recorridos urbanos, ir a otras bibliotecas, acudir a salas de conciertos&#8230;<\/em><\/h3>\n<p>&nbsp;<\/p>\n<p style=\"text-align: right;\"><a href=\"http:\/\/bibliotecas.unileon.es\/educacion\/files\/2015\/12\/agenda.jpg\" class=\"mtli_attachment mtli_jpg\" rel=\"attachment wp-att-613\"><img loading=\"lazy\" decoding=\"async\" class=\"alignleft wp-image-613 \" style=\"margin-left: 12px; margin-right: 12px; float: left;\" src=\"http:\/\/bibliotecas.unileon.es\/educacion\/files\/2015\/12\/agenda-150x150.jpg\" alt=\"agenda\" width=\"103\" height=\"103\" \/><\/a><\/p>\n<p style=\"text-align: right;\">La <a href=\"https:\/\/hoyenleon.com\/\">Agenda<\/a>: el d\u00eda a d\u00eda en la ciudad de Le\u00f3n<\/p>\n<p>&nbsp;<\/p>\n<p>&nbsp;<\/p>\n<p style=\"text-align: left;\"><a href=\"http:\/\/bibliotecas.unileon.es\/educacion\/files\/2015\/12\/Logo-final2.png\" class=\"mtli_attachment mtli_png\" rel=\"attachment wp-att-622\"><img loading=\"lazy\" decoding=\"async\" class=\"alignleft size-full wp-image-622\" src=\"http:\/\/bibliotecas.unileon.es\/educacion\/files\/2015\/12\/Logo-final2.png\" alt=\"Logo-final2\" width=\"209\" height=\"60\" srcset=\"https:\/\/bibliotecas.unileon.es\/educacion\/files\/2015\/12\/Logo-final2.png 209w, https:\/\/bibliotecas.unileon.es\/educacion\/files\/2015\/12\/Logo-final2-e1450356526658-150x43.png 150w\" sizes=\"auto, (max-width: 209px) 100vw, 209px\" \/><\/a>Calendario de eventos tales como conciertos, festivales, teatro y exposiciones que puedes encontrar tanto en Le\u00f3n como en sus alrededores.<\/p>\n<p style=\"text-align: right;\"><a href=\"http:\/\/www.laguiago.com\/leon\/\">Informaci\u00f3n en detalle<\/a><\/p>\n<p><strong>\u00a0<\/strong><\/p>\n<h3><a href=\"http:\/\/bibliotecas.unileon.es\/educacion\/files\/2015\/12\/886-7-2-Anuncio-Pastores-Panteon-Real-San-Isidoro-Le\u00f3n.jpg\" class=\"mtli_attachment mtli_jpg\" rel=\"attachment wp-att-614\"><img loading=\"lazy\" decoding=\"async\" class=\"size-thumbnail wp-image-614 alignleft\" src=\"http:\/\/bibliotecas.unileon.es\/educacion\/files\/2015\/12\/886-7-2-Anuncio-Pastores-Panteon-Real-San-Isidoro-Le\u00f3n-150x150.jpg\" alt=\"886 7 2 Anuncio Pastores-Panteon Real-San Isidoro, Le\u00f3n\" width=\"150\" height=\"150\" \/><\/a><\/h3>\n<h3 style=\"text-align: left;\">Los museos a visitar con sus horarios y su enlace web para que est\u00e9s al d\u00eda de la programaci\u00f3n de cada uno.<\/h3>\n<p style=\"text-align: right;\"><a href=\"http:\/\/www.leon.es\/Visitar\/Museos\/\">Mas informaci\u00f3n<\/a><\/p>\n<p>&nbsp;<\/p>\n<p>&nbsp;<\/p>\n<p style=\"text-align: right;\"><a href=\"http:\/\/bibliotecas.unileon.es\/educacion\/files\/2015\/12\/alpargata-huerto.jpg\" class=\"mtli_attachment mtli_jpg\" rel=\"attachment wp-att-616\"><img loading=\"lazy\" decoding=\"async\" class=\"alignleft wp-image-616 size-thumbnail\" src=\"http:\/\/bibliotecas.unileon.es\/educacion\/files\/2015\/12\/alpargata-huerto-150x150.jpg\" alt=\"alpargata huerto\" width=\"150\" height=\"150\" \/><\/a><\/p>\n<p style=\"text-align: left;\">Si eres amigo de las botas de monte y quieres hacer uso de ellas o bien, coger la bicicleta o el coche puedes recorrer bellos parajes en casi cualquier \u00e9poca del a\u00f1o. As\u00ed que &#8230; \u00a1An\u00edmate!<\/p>\n<p style=\"text-align: right;\"><a href=\"http:\/\/www.turismoleon.org\/rutas\/rutas.php\">M\u00e1s informaci\u00f3n<\/a><\/p>\n<h3 style=\"text-align: justify;\"><\/h3>\n<p>&nbsp;<\/p>\n<h3><a href=\"http:\/\/bibliotecas.unileon.es\/educacion\/files\/2015\/12\/exposicions.jpg\" class=\"mtli_attachment mtli_jpg\" rel=\"attachment wp-att-618\"><img loading=\"lazy\" decoding=\"async\" class=\"alignleft wp-image-618\" src=\"http:\/\/bibliotecas.unileon.es\/educacion\/files\/2015\/12\/exposicions-300x192.jpg\" alt=\"exposicions\" width=\"233\" height=\"149\" srcset=\"https:\/\/bibliotecas.unileon.es\/educacion\/files\/2015\/12\/exposicions-300x192.jpg 300w, https:\/\/bibliotecas.unileon.es\/educacion\/files\/2015\/12\/exposicions-768x491.jpg 768w, https:\/\/bibliotecas.unileon.es\/educacion\/files\/2015\/12\/exposicions.jpg 1024w\" sizes=\"auto, (max-width: 233px) 100vw, 233px\" \/><\/a>Puedes encontrar, repartidos por toda la ciudad,\u00a0 salas de exposiciones en\u00a0 galer\u00edas de arte como <a href=\"http:\/\/www.alemi.es\/\">Alemi<\/a>, <a href=\"http:\/\/www.angel-cantero.com\/galeria-arte\/pagina_galeria.htm\">\u00c1ngel Cantero<\/a>, <a href=\"http:\/\/www.sharonart.es\/\">Shanon Art<\/a>, <a href=\"https:\/\/artearmaga.wordpress.com\/\">Arte Armaga<\/a>, <a href=\"https:\/\/www.facebook.com\/arte.espacio.e\">Espacio E<\/a>, o la\u00a0 <a href=\"http:\/\/www.saladeartebernesga.es\/\">Sala Bernesga\u00a0<\/a> entre otras. Incluso bares como el\u00a0 <a href=\"https:\/\/www.facebook.com\/CafeteriaVarsovia\">Varsovia<\/a>, <a href=\"https:\/\/www.facebook.com\/cafebarcristal\/\">Cristal<\/a> o <a href=\"https:\/\/www.facebook.com\/pages\/Bar-El-Cardo\/1417493985176366\">El Cardo<\/a>,\u00a0 as\u00ed como tambi\u00e9n disfrutar del arte en los museos capitalinos.<\/h3>\n<p>&nbsp;<\/p>\n<p>&nbsp;<\/p>\n<p><a href=\"http:\/\/bibliotecas.unileon.es\/educacion\/files\/2015\/12\/cine.jpg\" class=\"mtli_attachment mtli_jpg\" rel=\"attachment wp-att-620\"><img loading=\"lazy\" decoding=\"async\" class=\"size-thumbnail wp-image-620 alignleft\" style=\"margin-left: 12px; margin-right: 12px; float: left;\" src=\"http:\/\/bibliotecas.unileon.es\/educacion\/files\/2015\/12\/cine-e1450346618499-150x74.jpg\" alt=\"cine\" width=\"150\" height=\"74\" \/><\/a>Si te apetece consultar la programaci\u00f3n de la <a href=\"http:\/\/www.actividadesculturales.unileon.es\/agenda\/\" target=\"_blank\" rel=\"noopener noreferrer\">Universidad de Le\u00f3n<\/a>, el <a href=\"https:\/\/teatrosanfrancisco.wordpress.com\/programacion-cine\/\" target=\"_blank\" rel=\"noopener noreferrer\">Teatro San Francisco<\/a>, en las salas <a href=\"http:\/\/cinesvangogh.com\/cines\/4\/cartelera\" target=\"_blank\" rel=\"noopener noreferrer\">Van Gogh <\/a>y <a href=\"http:\/\/odeonmulticines.com\/leon\/\" target=\"_blank\" rel=\"noopener noreferrer\">Ode\u00f3n <\/a>ya sabes que est\u00e1s a un click.<\/p>\n<p>&nbsp;<\/p>\n<p>&nbsp;<\/p>\n<p>Y, por \u00faltimo, hay actividades en la ciudad que se salen un poco de lo habitual como las organizadas por el <a href=\"http:\/\/www.leon.es\/Visitar\/Museos\/centro_interpretacion_leon_romano\">Centro de Interpretaci\u00f3n del Le\u00f3n Romano<\/a>, <a href=\"https:\/\/www.sierrapambley.org\/\">La Fundaci\u00f3n Sierra Pambley<\/a>, <a href=\"http:\/\/turisleon.com\/es\/museos\/ciudad_leon\/casona_perez.html\">La Casona de Los P\u00e9rez<\/a>, La Fundaci\u00f3n Vela Zanetti , el<a href=\"http:\/\/www.museoliceoegipcio.es\/\"> Museo Liceo Egipcio<\/a> y <a href=\"http:\/\/www.institutoleonesdecultura.es\/ArteExposiciones\/Exposiciones\/CentroLeonesArte\/\">el Centro Leon\u00e9s de Arte<\/a>.<\/p>\n<p>&nbsp;<\/p>\n","protected":false},"excerpt":{"rendered":"<p>Tweet No todo es trabajo Puedes visitar museos, galer\u00edas de arte, hacer recorridos urbanos, ir a otras bibliotecas, acudir a salas de conciertos&#8230; &nbsp; La Agenda: el d\u00eda a d\u00eda en la ciudad de Le\u00f3n &nbsp; &nbsp; Calendario de eventos &hellip; <a href=\"https:\/\/bibliotecas.unileon.es\/educacion\/tus-ratos-de-ocio\/\">Sigue leyendo <span class=\"meta-nav\">&rarr;<\/span><\/a><\/p>\n","protected":false},"author":24,"featured_media":0,"parent":0,"menu_order":0,"comment_status":"closed","ping_status":"closed","template":"","meta":{"_bbp_topic_count":0,"_bbp_reply_count":0,"_bbp_total_topic_count":0,"_bbp_total_reply_count":0,"_bbp_voice_count":0,"_bbp_anonymous_reply_count":0,"_bbp_topic_count_hidden":0,"_bbp_reply_count_hidden":0,"_bbp_forum_subforum_count":0,"footnotes":""},"class_list":["post-602","page","type-page","status-publish","hentry"],"_links":{"self":[{"href":"https:\/\/bibliotecas.unileon.es\/educacion\/wp-json\/wp\/v2\/pages\/602","targetHints":{"allow":["GET"]}}],"collection":[{"href":"https:\/\/bibliotecas.unileon.es\/educacion\/wp-json\/wp\/v2\/pages"}],"about":[{"href":"https:\/\/bibliotecas.unileon.es\/educacion\/wp-json\/wp\/v2\/types\/page"}],"author":[{"embeddable":true,"href":"https:\/\/bibliotecas.unileon.es\/educacion\/wp-json\/wp\/v2\/users\/24"}],"replies":[{"embeddable":true,"href":"https:\/\/bibliotecas.unileon.es\/educacion\/wp-json\/wp\/v2\/comments?post=602"}],"version-history":[{"count":2,"href":"https:\/\/bibliotecas.unileon.es\/educacion\/wp-json\/wp\/v2\/pages\/602\/revisions"}],"predecessor-version":[{"id":609,"href":"https:\/\/bibliotecas.unileon.es\/educacion\/wp-json\/wp\/v2\/pages\/602\/revisions\/609"}],"wp:attachment":[{"href":"https:\/\/bibliotecas.unileon.es\/educacion\/wp-json\/wp\/v2\/media?parent=602"}],"curies":[{"name":"wp","href":"https:\/\/api.w.org\/{rel}","templated":true}]}}