{"id":2012,"date":"2016-01-21T08:55:53","date_gmt":"2016-01-21T07:55:53","guid":{"rendered":"http:\/\/bibliotecas.unileon.es\/ingenierias-industrial-informatica\/?page_id=2012"},"modified":"2021-10-13T12:59:02","modified_gmt":"2021-10-13T10:59:02","slug":"normalizacion-de-la-firma","status":"publish","type":"page","link":"https:\/\/bibliotecas.unileon.es\/ingenierias-industrial-informatica\/normalizacion-de-la-firma\/","title":{"rendered":"Normalizaci\u00f3n de la firma"},"content":{"rendered":"\n<!-- This is the start of the WP Twitter Button code -->\n<div id=\"rk_wp_twitter_button\" style=\"margin: 0px 0px 0px 0px; float: right\"><a href=\"http:\/\/twitter.com\/share\" class=\"twitter-share-button\" data-url=\"https:\/\/bibliotecas.unileon.es\/ingenierias-industrial-informatica\/normalizacion-de-la-firma\/\" data-count=\"horizontal\">Tweet<\/a><script type=\"text\/javascript\" src=\"http:\/\/platform.twitter.com\/widgets.js\"><\/script><\/div>\n<!-- This is the end of the WP Twitter Button code -->\n\n<p>Recomendaciones para la normalizaci\u00f3n de la firma en las publicaciones cient\u00edficas<\/p>\n<p>Normalizaci\u00f3n de la firma personal: <a href=\"https:\/\/www.recursoscientificos.fecyt.es\/sites\/default\/files\/2015_02_16_normalizacion_nombre_autor.pdf\" class=\"mtli_attachment mtli_pdf\" target=\"_blank\" rel=\"noopener\">FECYT<\/a> &#8211; <a href=\"http:\/\/www.iralis.org\/es\/node\/23\" target=\"_blank\" rel=\"noopener\">IRALYS<\/a><\/p>\n<p>Normalizaci\u00f3n de la direcci\u00f3n electr\u00f3nica: <a href=\"https:\/\/www.recursoscientificos.fecyt.es\/sites\/default\/files\/2015_02_16_recomendaciones_web.pdf\" class=\"mtli_attachment mtli_pdf\" target=\"_blank\" rel=\"noopener\">FECYT<\/a><\/p>\n<p>Normalizaci\u00f3n de la firma institucional: <a href=\"https:\/\/www.recursoscientificos.fecyt.es\/sites\/default\/files\/2015_02_16_normalizacion_nombre_autor.pdf\" class=\"mtli_attachment mtli_pdf\" target=\"_blank\" rel=\"noopener\">FECYT<\/a><\/p>\n<p>Perfil del investigador: <a href=\"http:\/\/orcid.org\/\" target=\"_blank\" rel=\"noopener\">ORCID <\/a>&#8211; <a href=\"http:\/\/www.researcherid.com\/Home.action?returnCode=ROUTER.Unauthorized&amp;SrcApp=CR&amp;Init=Yes\" target=\"_blank\" rel=\"noopener\">Researcher ID<\/a><\/p>\n<p>Informaci\u00f3n en la web de la Biblioteca de la universidad:<a href=\"https:\/\/biblioteca.unileon.es\/c.php?g=691020&amp;p=4949725\"> Producci\u00f3n cient\u00edfica en la ULE<\/a><\/p>\n","protected":false},"excerpt":{"rendered":"<p>Tweet Recomendaciones para la normalizaci\u00f3n de la firma en las publicaciones cient\u00edficas Normalizaci\u00f3n de la firma personal: FECYT &#8211; IRALYS Normalizaci\u00f3n de la direcci\u00f3n electr\u00f3nica: FECYT Normalizaci\u00f3n de la firma institucional: FECYT Perfil del investigador: ORCID &#8211; Researcher ID Informaci\u00f3n &hellip; <a href=\"https:\/\/bibliotecas.unileon.es\/ingenierias-industrial-informatica\/normalizacion-de-la-firma\/\">Sigue leyendo <span class=\"meta-nav\">&rarr;<\/span><\/a><\/p>\n","protected":false},"author":18,"featured_media":0,"parent":0,"menu_order":0,"comment_status":"closed","ping_status":"closed","template":"","meta":{"_bbp_topic_count":0,"_bbp_reply_count":0,"_bbp_total_topic_count":0,"_bbp_total_reply_count":0,"_bbp_voice_count":0,"_bbp_anonymous_reply_count":0,"_bbp_topic_count_hidden":0,"_bbp_reply_count_hidden":0,"_bbp_forum_subforum_count":0,"footnotes":""},"class_list":["post-2012","page","type-page","status-publish","hentry"],"_links":{"self":[{"href":"https:\/\/bibliotecas.unileon.es\/ingenierias-industrial-informatica\/wp-json\/wp\/v2\/pages\/2012","targetHints":{"allow":["GET"]}}],"collection":[{"href":"https:\/\/bibliotecas.unileon.es\/ingenierias-industrial-informatica\/wp-json\/wp\/v2\/pages"}],"about":[{"href":"https:\/\/bibliotecas.unileon.es\/ingenierias-industrial-informatica\/wp-json\/wp\/v2\/types\/page"}],"author":[{"embeddable":true,"href":"https:\/\/bibliotecas.unileon.es\/ingenierias-industrial-informatica\/wp-json\/wp\/v2\/users\/18"}],"replies":[{"embeddable":true,"href":"https:\/\/bibliotecas.unileon.es\/ingenierias-industrial-informatica\/wp-json\/wp\/v2\/comments?post=2012"}],"version-history":[{"count":1,"href":"https:\/\/bibliotecas.unileon.es\/ingenierias-industrial-informatica\/wp-json\/wp\/v2\/pages\/2012\/revisions"}],"predecessor-version":[{"id":4041,"href":"https:\/\/bibliotecas.unileon.es\/ingenierias-industrial-informatica\/wp-json\/wp\/v2\/pages\/2012\/revisions\/4041"}],"wp:attachment":[{"href":"https:\/\/bibliotecas.unileon.es\/ingenierias-industrial-informatica\/wp-json\/wp\/v2\/media?parent=2012"}],"curies":[{"name":"wp","href":"https:\/\/api.w.org\/{rel}","templated":true}]}}