{"id":3836,"date":"2020-10-19T17:40:15","date_gmt":"2020-10-19T15:40:15","guid":{"rendered":"https:\/\/bibliotecas.unileon.es\/ingenierias-industrial-informatica\/?page_id=3836"},"modified":"2020-10-19T17:57:38","modified_gmt":"2020-10-19T15:57:38","slug":"patentes-registrar-patentes-y-marcas-octubre-2020","status":"publish","type":"page","link":"https:\/\/bibliotecas.unileon.es\/ingenierias-industrial-informatica\/patentes-registrar-patentes-y-marcas-octubre-2020\/","title":{"rendered":"Registrar patentes y marcas (octubre 2020)"},"content":{"rendered":"\n<!-- This is the start of the WP Twitter Button code -->\n<div id=\"rk_wp_twitter_button\" style=\"margin: 0px 0px 0px 0px; float: right\"><a href=\"http:\/\/twitter.com\/share\" class=\"twitter-share-button\" data-url=\"https:\/\/bibliotecas.unileon.es\/ingenierias-industrial-informatica\/patentes-registrar-patentes-y-marcas-octubre-2020\/\" data-count=\"horizontal\">Tweet<\/a><script type=\"text\/javascript\" src=\"http:\/\/platform.twitter.com\/widgets.js\"><\/script><\/div>\n<!-- This is the end of the WP Twitter Button code -->\n\n<p><span style=\"color: #000080;\">Acceso al Documento de Trabajo n\u00ba 8, octubre 2020 ( 1\u00aa revisi\u00f3n) de SEDIC, de libre acceso.<\/span><\/p>\n<p style=\"text-align: center;\"><span style=\"color: #000080;\">REGISTRAR PATENTES Y MARCAS<\/span><\/p>\n<h5 style=\"text-align: center;\"><span style=\"color: #000080;\"><a style=\"color: #000080;\" href=\"https:\/\/bibliotecas.unileon.es\/ingenierias-industrial-informatica\/files\/2020\/10\/registar_patentes-y-marcas_web.pdf\" class=\"mtli_attachment mtli_pdf\" target=\"_blank\" rel=\"noopener noreferrer\">PDF<\/a><\/span><\/h5>\n<h5 style=\"text-align: center;\"><span style=\"color: #000080;\">DEPARTAMENTO DE PATENTES E INFORMACI\u00d3N TECNOL\u00d3GICA (OEPM)<\/span><br \/>\n<span style=\"color: #000080;\">DEPARTAMENTO DE SIGNOS DISTINTIVOS (OEPM)<\/span><br \/>\n<span style=\"color: #000080;\">ARCHIVO (OEPM)<\/span><\/h5>\n","protected":false},"excerpt":{"rendered":"<p>Tweet Acceso al Documento de Trabajo n\u00ba 8, octubre 2020 ( 1\u00aa revisi\u00f3n) de SEDIC, de libre acceso. REGISTRAR PATENTES Y MARCAS PDF DEPARTAMENTO DE PATENTES E INFORMACI\u00d3N TECNOL\u00d3GICA (OEPM) DEPARTAMENTO DE SIGNOS DISTINTIVOS (OEPM) ARCHIVO (OEPM)<\/p>\n","protected":false},"author":18,"featured_media":0,"parent":0,"menu_order":0,"comment_status":"closed","ping_status":"closed","template":"","meta":{"_bbp_topic_count":0,"_bbp_reply_count":0,"_bbp_total_topic_count":0,"_bbp_total_reply_count":0,"_bbp_voice_count":0,"_bbp_anonymous_reply_count":0,"_bbp_topic_count_hidden":0,"_bbp_reply_count_hidden":0,"_bbp_forum_subforum_count":0,"footnotes":""},"class_list":["post-3836","page","type-page","status-publish","hentry"],"_links":{"self":[{"href":"https:\/\/bibliotecas.unileon.es\/ingenierias-industrial-informatica\/wp-json\/wp\/v2\/pages\/3836","targetHints":{"allow":["GET"]}}],"collection":[{"href":"https:\/\/bibliotecas.unileon.es\/ingenierias-industrial-informatica\/wp-json\/wp\/v2\/pages"}],"about":[{"href":"https:\/\/bibliotecas.unileon.es\/ingenierias-industrial-informatica\/wp-json\/wp\/v2\/types\/page"}],"author":[{"embeddable":true,"href":"https:\/\/bibliotecas.unileon.es\/ingenierias-industrial-informatica\/wp-json\/wp\/v2\/users\/18"}],"replies":[{"embeddable":true,"href":"https:\/\/bibliotecas.unileon.es\/ingenierias-industrial-informatica\/wp-json\/wp\/v2\/comments?post=3836"}],"version-history":[{"count":0,"href":"https:\/\/bibliotecas.unileon.es\/ingenierias-industrial-informatica\/wp-json\/wp\/v2\/pages\/3836\/revisions"}],"wp:attachment":[{"href":"https:\/\/bibliotecas.unileon.es\/ingenierias-industrial-informatica\/wp-json\/wp\/v2\/media?parent=3836"}],"curies":[{"name":"wp","href":"https:\/\/api.w.org\/{rel}","templated":true}]}}