{"id":749,"date":"2013-05-10T10:53:43","date_gmt":"2013-05-10T08:53:43","guid":{"rendered":"http:\/\/bibliotecas.unileon.es\/ingenierias-industrial-informatica\/?page_id=749"},"modified":"2021-10-13T14:07:59","modified_gmt":"2021-10-13T12:07:59","slug":"matematicas","status":"publish","type":"page","link":"https:\/\/bibliotecas.unileon.es\/ingenierias-industrial-informatica\/matematicas\/","title":{"rendered":"Matem\u00e1ticas"},"content":{"rendered":"\n<!-- This is the start of the WP Twitter Button code -->\n<div id=\"rk_wp_twitter_button\" style=\"margin: 0px 0px 0px 0px; float: right\"><a href=\"http:\/\/twitter.com\/share\" class=\"twitter-share-button\" data-url=\"https:\/\/bibliotecas.unileon.es\/ingenierias-industrial-informatica\/matematicas\/\" data-count=\"horizontal\">Tweet<\/a><script type=\"text\/javascript\" src=\"http:\/\/platform.twitter.com\/widgets.js\"><\/script><\/div>\n<!-- This is the end of the WP Twitter Button code -->\n\n<p>Sedes web institucinales y de Entidades, Asociaciones, etc.<\/p>\n<ul>\n<li><a title=\"Biblioteca\" href=\"http:\/\/www.ams.org\/\" target=\"_blank\" rel=\"noopener\">AMS<\/a>: American Mathematical Society.<\/li>\n<li><a title=\"Biblioteca\" href=\"http:\/\/www.ercim.org\/\">EMIS<\/a>: European Mathematical Information Service.<\/li>\n<li><a title=\"Biblioteca\" href=\"http:\/\/www.mathunion.org\/\">IMU<\/a>: International Mathematical Union<\/li>\n<li><a href=\"http:\/\/cms.math.ca\/Community\/Canada\/\" target=\"_blank\" rel=\"noopener\"> Canadian Mathematics Society<\/a>: Incluye enlaces a Mathematical Societies around the World.<\/li>\n<li><a title=\"Biblioteca\" href=\"http:\/\/www.maa.org\/\">MAA<\/a>: Mathematical Association of America.<\/li>\n<li><a title=\"Biblioteca\" href=\"http:\/\/www.msri.org\/\">MSRI<\/a>: Mathematical Sciences Research Institute.<\/li>\n<li><a title=\"Biblioteca\" href=\"http:\/\/www.rsme.es\/\">RSME<\/a>: Real Sociedad Matem\u00e1tica Espa\u00f1ola.<\/li>\n<li><a title=\"Biblioteca\" href=\"http:\/\/www.ce-mat.org\/\">Comit\u00e9 Espa\u00f1ol de Matem\u00e1ticas.<\/a><\/li>\n<\/ul>\n","protected":false},"excerpt":{"rendered":"<p>Tweet Sedes web institucinales y de Entidades, Asociaciones, etc. AMS: American Mathematical Society. EMIS: European Mathematical Information Service. IMU: International Mathematical Union Canadian Mathematics Society: Incluye enlaces a Mathematical Societies around the World. MAA: Mathematical Association of America. MSRI: Mathematical &hellip; <a href=\"https:\/\/bibliotecas.unileon.es\/ingenierias-industrial-informatica\/matematicas\/\">Sigue leyendo <span class=\"meta-nav\">&rarr;<\/span><\/a><\/p>\n","protected":false},"author":18,"featured_media":0,"parent":0,"menu_order":0,"comment_status":"closed","ping_status":"closed","template":"","meta":{"_bbp_topic_count":0,"_bbp_reply_count":0,"_bbp_total_topic_count":0,"_bbp_total_reply_count":0,"_bbp_voice_count":0,"_bbp_anonymous_reply_count":0,"_bbp_topic_count_hidden":0,"_bbp_reply_count_hidden":0,"_bbp_forum_subforum_count":0,"footnotes":""},"class_list":["post-749","page","type-page","status-publish","hentry"],"_links":{"self":[{"href":"https:\/\/bibliotecas.unileon.es\/ingenierias-industrial-informatica\/wp-json\/wp\/v2\/pages\/749","targetHints":{"allow":["GET"]}}],"collection":[{"href":"https:\/\/bibliotecas.unileon.es\/ingenierias-industrial-informatica\/wp-json\/wp\/v2\/pages"}],"about":[{"href":"https:\/\/bibliotecas.unileon.es\/ingenierias-industrial-informatica\/wp-json\/wp\/v2\/types\/page"}],"author":[{"embeddable":true,"href":"https:\/\/bibliotecas.unileon.es\/ingenierias-industrial-informatica\/wp-json\/wp\/v2\/users\/18"}],"replies":[{"embeddable":true,"href":"https:\/\/bibliotecas.unileon.es\/ingenierias-industrial-informatica\/wp-json\/wp\/v2\/comments?post=749"}],"version-history":[{"count":2,"href":"https:\/\/bibliotecas.unileon.es\/ingenierias-industrial-informatica\/wp-json\/wp\/v2\/pages\/749\/revisions"}],"predecessor-version":[{"id":754,"href":"https:\/\/bibliotecas.unileon.es\/ingenierias-industrial-informatica\/wp-json\/wp\/v2\/pages\/749\/revisions\/754"}],"wp:attachment":[{"href":"https:\/\/bibliotecas.unileon.es\/ingenierias-industrial-informatica\/wp-json\/wp\/v2\/media?parent=749"}],"curies":[{"name":"wp","href":"https:\/\/api.w.org\/{rel}","templated":true}]}}