{"version":"1.0","provider_name":"tULEctura","provider_url":"https:\/\/bibliotecas.unileon.es\/tULEctura","author_name":"tULEctura","author_url":"https:\/\/bibliotecas.unileon.es\/tULEctura\/author\/buua1\/","title":"Concurso fotograf\u00eda - tULEctura","type":"rich","width":600,"height":338,"html":"<blockquote class=\"wp-embedded-content\" data-secret=\"B4TIdNlsyu\"><a href=\"https:\/\/bibliotecas.unileon.es\/tULEctura\/2017\/12\/05\/concurso-fotografia\/\">Concurso fotograf\u00eda<\/a><\/blockquote><iframe sandbox=\"allow-scripts\" security=\"restricted\" src=\"https:\/\/bibliotecas.unileon.es\/tULEctura\/2017\/12\/05\/concurso-fotografia\/embed\/#?secret=B4TIdNlsyu\" width=\"600\" height=\"338\" title=\"\u00abConcurso fotograf\u00eda\u00bb \u2014 tULEctura\" data-secret=\"B4TIdNlsyu\" frameborder=\"0\" marginwidth=\"0\" marginheight=\"0\" scrolling=\"no\" class=\"wp-embedded-content\"><\/iframe><script type=\"text\/javascript\">\n\/* <![CDATA[ *\/\n\/*! This file is auto-generated *\/\n!function(d,l){\"use strict\";l.querySelector&&d.addEventListener&&\"undefined\"!=typeof URL&&(d.wp=d.wp||{},d.wp.receiveEmbedMessage||(d.wp.receiveEmbedMessage=function(e){var t=e.data;if((t||t.secret||t.message||t.value)&&!\/[^a-zA-Z0-9]\/.test(t.secret)){for(var s,r,n,a=l.querySelectorAll('iframe[data-secret=\"'+t.secret+'\"]'),o=l.querySelectorAll('blockquote[data-secret=\"'+t.secret+'\"]'),c=new RegExp(\"^https?:$\",\"i\"),i=0;i<o.length;i++)o[i].style.display=\"none\";for(i=0;i<a.length;i++)s=a[i],e.source===s.contentWindow&&(s.removeAttribute(\"style\"),\"height\"===t.message?(1e3<(r=parseInt(t.value,10))?r=1e3:~~r<200&&(r=200),s.height=r):\"link\"===t.message&&(r=new URL(s.getAttribute(\"src\")),n=new URL(t.value),c.test(n.protocol))&&n.host===r.host&&l.activeElement===s&&(d.top.location.href=t.value))}},d.addEventListener(\"message\",d.wp.receiveEmbedMessage,!1),l.addEventListener(\"DOMContentLoaded\",function(){for(var e,t,s=l.querySelectorAll(\"iframe.wp-embedded-content\"),r=0;r<s.length;r++)(t=(e=s[r]).getAttribute(\"data-secret\"))||(t=Math.random().toString(36).substring(2,12),e.src+=\"#?secret=\"+t,e.setAttribute(\"data-secret\",t)),e.contentWindow.postMessage({message:\"ready\",secret:t},\"*\")},!1)))}(window,document);\n\/* ]]> *\/\n<\/script>\n","description":"3\u00aa EDICI\u00d3N DEL CONCURSO DE FOTOGRAF\u00cdA: \u201cLectura. Conectando Generaciones\u201d El fot\u00f3grafo, como el escritor, en su mundo creativo, expresa muchas m\u00e1s realidades que las realidades materiales captadas por el objetivo de su c\u00e1mara. Cada toma fotogr\u00e1fica se convierte en una breve historia y a veces en un gran relato. Cuando contemplamos una exposici\u00f3n fotogr\u00e1fica con [&hellip;]","thumbnail_url":"https:\/\/i.pinimg.com\/236x\/3d\/26\/da\/3d26daa9a34c8e306484fa293ced319d.jpg"}

Concurso fotografía - tULEctura

<blockquote class="wp-embedded-content" data-secret="B4TIdNlsyu"><a href="https://bibliotecas.unileon.es/tULEctura/2017/12/05/concurso-fotografia/">Concurso fotografía</a></blockquote><iframe sandbox="allow-scripts" security="restricted" src="https://bibliotecas.unileon.es/tULEctura/2017/12/05/concurso-fotografia/embed/#?secret=B4TIdNlsyu" width="600" height="338" title="«Concurso fotografía» — tULEctura" data-secret="B4TIdNlsyu" frameborder="0" marginwidth="0" marginheight="0" scrolling="no" class="wp-embedded-content"></iframe><script type="text/javascript">
/* <![CDATA[ */
/*! This file is auto-generated */
!function(d,l){"use strict";l.querySelector&&d.addEventListener&&"undefined"!=typeof URL&&(d.wp=d.wp||{},d.wp.receiveEmbedMessage||(d.wp.receiveEmbedMessage=function(e){var t=e.data;if((t||t.secret||t.message||t.value)&&!/[^a-zA-Z0-9]/.test(t.secret)){for(var s,r,n,a=l.querySelectorAll('iframe[data-secret="'+t.secret+'"]'),o=l.querySelectorAll('blockquote[data-secret="'+t.secret+'"]'),c=new RegExp("^https?:$","i"),i=0;i<o.length;i++)o[i].style.display="none";for(i=0;i<a.length;i++)s=a[i],e.source===s.contentWindow&&(s.removeAttribute("style"),"height"===t.message?(1e3<(r=parseInt(t.value,10))?r=1e3:~~r<200&&(r=200),s.height=r):"link"===t.message&&(r=new URL(s.getAttribute("src")),n=new URL(t.value),c.test(n.protocol))&&n.host===r.host&&l.activeElement===s&&(d.top.location.href=t.value))}},d.addEventListener("message",d.wp.receiveEmbedMessage,!1),l.addEventListener("DOMContentLoaded",function(){for(var e,t,s=l.querySelectorAll("iframe.wp-embedded-content"),r=0;r<s.length;r++)(t=(e=s[r]).getAttribute("data-secret"))||(t=Math.random().toString(36).substring(2,12),e.src+="#?secret="+t,e.setAttribute("data-secret",t)),e.contentWindow.postMessage({message:"ready",secret:t},"*")},!1)))}(window,document);
/* ]]> */
</script>

3ª EDICIÓN DEL CONCURSO DE FOTOGRAFÍA: “Lectura. Conectando Generaciones” El fotógrafo, como el escritor, en su mundo creativo, expresa muchas más realidades que las realidades materiales captadas por el objetivo de su cámara. Cada toma fotográfica se convierte en una breve historia y a veces en un gran relato. Cuando contemplamos una exposición fotográfica con [&hellip;]
