{"id":164,"date":"2013-10-22T19:20:13","date_gmt":"2013-10-22T17:20:13","guid":{"rendered":"http:\/\/bibliotecas.unileon.es\/tULElectura\/?page_id=164"},"modified":"2014-11-12T21:07:51","modified_gmt":"2014-11-12T20:07:51","slug":"lectura-4-ajuar-funerario","status":"publish","type":"page","link":"https:\/\/bibliotecas.unileon.es\/tULEctura\/pagina-ejemplo\/curso-2013-2014\/lectura-4-ajuar-funerario\/","title":{"rendered":"Lectura 4: Ajuar funerario"},"content":{"rendered":"<p><strong>Ajuar funerario<\/strong>, de <em>Fernando Iwasaki<a href=\"http:\/\/bibliotecas.unileon.es\/tULEctura\/files\/2013\/10\/cubierta_ajuar_septima_ed_web.jpg\"><img loading=\"lazy\" decoding=\"async\" class=\"alignright size-full wp-image-165\" src=\"http:\/\/bibliotecas.unileon.es\/tULEctura\/files\/2013\/10\/cubierta_ajuar_septima_ed_web.jpg\" alt=\"cubierta_ajuar_septima_ed_web\" width=\"150\" height=\"246\" \/><\/a><br \/>\n<\/em><\/p>\n<p style=\"text-align: justify;\">El conflicto entre dos realidades que da origen a la literatura fant\u00e1stica est\u00e1 \u00a0presente en estos microrrelatos que consiguen romper \u00a0las expectativas de un lector en ocasiones \u00a0demasiado familiarizado con los t\u00f3picos de lo fant\u00e1stico.<\/p>\n<p><span style=\"text-decoration: underline;\">Calendario\u00a0<\/span><\/p>\n<ul>\n<li style=\"text-align: justify;\"><a href=\"http:\/\/bibliotecas.unileon.es\/tULEctura\/2014\/04\/11\/ajuar-funerario-coloquio-participativo-de-guia-a-la-lectura\/\" target=\"_blank\">10 de abril de 2014: Coloquio participativo de gu\u00eda a la lectura.<\/a><\/li>\n<li style=\"text-align: justify;\"><a href=\"http:\/\/bibliotecas.unileon.es\/tULEctura\/2014\/05\/28\/ajuarfunerario\/\" target=\"_blank\">29 de mayo de 2014: Coloquio participativo de los socios.<\/a><\/li>\n<li style=\"text-align: justify;\"><a href=\"http:\/\/bibliotecas.unileon.es\/tULEctura\/2014\/05\/31\/video-iwasaki\/\" target=\"_blank\">30 de mayo de 2014: Encuentro de los socios con Fernando Iwasaki<\/a><\/li>\n<\/ul>\n<p><span style=\"text-decoration: underline;\">Lugar \u00a0y horario<\/span><\/p>\n<p>Los encuentros de esta \u00a0lectura tendr\u00e1n lugar en la sala de conferencias de la Biblioteca General San Isidoro a las 19:00 horas.\u00a0<strong>Se ruega puntualidad<\/strong>.<\/p>\n<p><span style=\"text-decoration: underline;\">Sinopsis<\/span><\/p>\n<p style=\"text-align: justify;\"><em>Ajuar f<span style=\"font-size: 1rem;\">unerario<\/span><\/em><span style=\"line-height: 1.714285714; font-size: 1rem;\">\u00a0es un homenaje a la literatura de terror y a la micronarrativa, porque Fernando Iwasaki ha logrado concentrar en diez o doce l\u00edneas todo el escalofr\u00edo, la n\u00e1usea y el desasosiego del g\u00e9nero. \u00bfEs posible que los fantasmas, las pesadillas, los ritos y las supersticiones nos puedan seguir asustando en pleno siglo XXI? Si tiene hijos, insomnios o hipotecas, mejor no lea <\/span><em style=\"line-height: 1.714285714; font-size: 1rem;\">Ajuar funerario<\/em><span style=\"line-height: 1.714285714; font-size: 1rem;\">.<\/span><\/p>\n<p><a href=\"http:\/\/bdh-rd.bne.es\/viewer.vm?id=0000093713&amp;page=1\" target=\"_blank\"><strong>Puedes empezar a leer la obra ahora<\/strong><\/a><\/p>\n<p><span style=\"text-decoration: underline;\">El autor<\/span><\/p>\n<p style=\"text-align: justify;\">Fernando Iwasaki\u00a0(Lima, 1961) es autor de m\u00e1s de veinte t\u00edtulos de diversos g\u00e9neros como las novelas\u00a0<em>Neguij\u00f3n<\/em>\u00a0(2005) y\u00a0<em>Libro de mal amor<\/em>(2001); los ensayos\u00a0<em>Nabokovia Peruviana<\/em>\u00a0(2011),<em>Arte de introducir<\/em>\u00a0(2011),\u00a0\u00a0<em>rePUBLICANOS<\/em>\u00a0(2008),<em>Mi poncho es un kimono flamenco<\/em>\u00a0(2005) y\u00a0<em>El Descubrimiento de Espa\u00f1a<\/em>\u00a0(1996); las cr\u00f3nicas reunidas en\u00a0<em>Una declaraci\u00f3n de humor<\/em>\u00a0(2012),<em>Sevilla, sin mapa<\/em>\u00a0(2010),\u00a0<em>La caja de pan duro<\/em>(2000) y\u00a0<em>El sentimiento tr\u00e1gico de la Liga<\/em>\u00a0(1995), y de los libros de relatos\u00a0<em>Espa\u00f1a, aparta de m\u00ed estos premios\u00a0<\/em>(2009),\u00a0<em>Helarte de amar<\/em>\u00a0(2006),<em>Ajuar funerario<\/em>\u00a0(2004),\u00a0<em>Un milagro informal<\/em>(2003),\u00a0<em>Inquisiciones Peruanas<\/em>\u00a0(1994),\u00a0<em>A Troya, Helena<\/em>\u00a0(1993) y\u00a0<em>Tres noches de corbata<\/em>\u00a0(1987). Es editor de la antolog\u00eda mexicana del cuento andaluz\u00a0<em>Macondo boca arriba<\/em>\u00a0(2006) y de\u00a0<em>Papel Carb\u00f3n<\/em>\u00a0(2012), volumen que re\u00fane los relatos que escribi\u00f3 a m\u00e1quina entre 1983 y 1993. Con Jorge Volpi ha co-editado la edici\u00f3n comentada de los\u00a0<em>Cuentos Completos<\/em>\u00a0(2009) de Edgar Allan Poe y con Gustavo Guerrero la antolog\u00eda francesa de relato hispanoamericano\u00a0<em>Les bonnes nouvelles de l\u2019Am\u00e9rique latine<\/em>\u00a0(2010).<\/p>\n<p style=\"text-align: justify;\">Presentamos a continuaci\u00f3n el enlace a la p\u00e1gina de la Biblioteca Virtual Miguel de Cervantes \u00a0 con una relaci\u00f3n de p\u00e1ginas web que aportan informaci\u00f3n relevante sobre\u00a0<a href=\"http:\/\/www.cervantesvirtual.com\/bib\/bib_autor\/iwasaki\/pcuartonivel1751.html?conten=enlaces\" target=\"_blank\">Fernando Iwasaki.\u00a0<\/a><\/p>\n<p style=\"text-align: center;\">***********<\/p>\n<p style=\"text-align: justify;\">Y lo prometido es deuda:\u00a0C\u00f3mo preparar microrrelatos, por Fernando Iwasaki.<\/p>\n<p><iframe loading=\"lazy\" src=\"\/\/www.youtube.com\/embed\/cWTV1WBZZbI?rel=0\" width=\"853\" height=\"480\" frameborder=\"0\" allowfullscreen=\"allowfullscreen\"><\/iframe><\/p>\n","protected":false},"excerpt":{"rendered":"<p>Ajuar funerario, de Fernando Iwasaki El conflicto entre dos realidades que da origen a la literatura fant\u00e1stica est\u00e1 \u00a0presente en estos microrrelatos que consiguen romper \u00a0las expectativas de un lector en ocasiones \u00a0demasiado familiarizado con los t\u00f3picos de lo fant\u00e1stico. Calendario\u00a0 10 de abril de 2014: Coloquio participativo de gu\u00eda a la lectura. 29 de [&hellip;]<\/p>\n","protected":false},"author":73,"featured_media":0,"parent":2423,"menu_order":4,"comment_status":"open","ping_status":"open","template":"","meta":{"_bbp_topic_count":0,"_bbp_reply_count":0,"_bbp_total_topic_count":0,"_bbp_total_reply_count":0,"_bbp_voice_count":0,"_bbp_anonymous_reply_count":0,"_bbp_topic_count_hidden":0,"_bbp_reply_count_hidden":0,"_bbp_forum_subforum_count":0,"_monsterinsights_skip_tracking":false,"_monsterinsights_sitenote_active":false,"_monsterinsights_sitenote_note":"","_monsterinsights_sitenote_category":0,"footnotes":""},"class_list":["post-164","page","type-page","status-publish","hentry"],"yoast_head":"<!-- This site is optimized with the Yoast SEO plugin v25.8 - https:\/\/yoast.com\/wordpress\/plugins\/seo\/ -->\n<title>Lectura 4: Ajuar funerario - tULEctura<\/title>\n<meta name=\"robots\" content=\"index, follow, max-snippet:-1, max-image-preview:large, max-video-preview:-1\" \/>\n<link rel=\"canonical\" href=\"https:\/\/bibliotecas.unileon.es\/tULEctura\/pagina-ejemplo\/curso-2013-2014\/lectura-4-ajuar-funerario\/\" \/>\n<meta property=\"og:locale\" content=\"es_ES\" \/>\n<meta property=\"og:type\" content=\"article\" \/>\n<meta property=\"og:title\" content=\"Lectura 4: Ajuar funerario - tULEctura\" \/>\n<meta property=\"og:description\" content=\"Ajuar funerario, de Fernando Iwasaki El conflicto entre dos realidades que da origen a la literatura fant\u00e1stica est\u00e1 \u00a0presente en estos microrrelatos que consiguen romper \u00a0las expectativas de un lector en ocasiones \u00a0demasiado familiarizado con los t\u00f3picos de lo fant\u00e1stico. Calendario\u00a0 10 de abril de 2014: Coloquio participativo de gu\u00eda a la lectura. 29 de [&hellip;]\" \/>\n<meta property=\"og:url\" content=\"https:\/\/bibliotecas.unileon.es\/tULEctura\/pagina-ejemplo\/curso-2013-2014\/lectura-4-ajuar-funerario\/\" \/>\n<meta property=\"og:site_name\" content=\"tULEctura\" \/>\n<meta property=\"article:publisher\" content=\"https:\/\/www.facebook.com\/tulectura.unileon\/\" \/>\n<meta property=\"article:modified_time\" content=\"2014-11-12T20:07:51+00:00\" \/>\n<meta property=\"og:image\" content=\"https:\/\/bibliotecas.unileon.es\/tULEctura\/files\/2013\/10\/cubierta_ajuar_septima_ed_web.jpg\" \/>\n\t<meta property=\"og:image:width\" content=\"150\" \/>\n\t<meta property=\"og:image:height\" content=\"246\" \/>\n\t<meta property=\"og:image:type\" content=\"image\/jpeg\" \/>\n<meta name=\"twitter:card\" content=\"summary_large_image\" \/>\n<meta name=\"twitter:site\" content=\"@tULEctura_ULE\" \/>\n<meta name=\"twitter:label1\" content=\"Tiempo de lectura\" \/>\n\t<meta name=\"twitter:data1\" content=\"2 minutos\" \/>\n<script type=\"application\/ld+json\" class=\"yoast-schema-graph\">{\"@context\":\"https:\/\/schema.org\",\"@graph\":[{\"@type\":\"WebPage\",\"@id\":\"https:\/\/bibliotecas.unileon.es\/tULEctura\/pagina-ejemplo\/curso-2013-2014\/lectura-4-ajuar-funerario\/\",\"url\":\"https:\/\/bibliotecas.unileon.es\/tULEctura\/pagina-ejemplo\/curso-2013-2014\/lectura-4-ajuar-funerario\/\",\"name\":\"Lectura 4: Ajuar funerario - tULEctura\",\"isPartOf\":{\"@id\":\"https:\/\/bibliotecas.unileon.es\/tULEctura\/#website\"},\"primaryImageOfPage\":{\"@id\":\"https:\/\/bibliotecas.unileon.es\/tULEctura\/pagina-ejemplo\/curso-2013-2014\/lectura-4-ajuar-funerario\/#primaryimage\"},\"image\":{\"@id\":\"https:\/\/bibliotecas.unileon.es\/tULEctura\/pagina-ejemplo\/curso-2013-2014\/lectura-4-ajuar-funerario\/#primaryimage\"},\"thumbnailUrl\":\"http:\/\/bibliotecas.unileon.es\/tULEctura\/files\/2013\/10\/cubierta_ajuar_septima_ed_web.jpg\",\"datePublished\":\"2013-10-22T17:20:13+00:00\",\"dateModified\":\"2014-11-12T20:07:51+00:00\",\"breadcrumb\":{\"@id\":\"https:\/\/bibliotecas.unileon.es\/tULEctura\/pagina-ejemplo\/curso-2013-2014\/lectura-4-ajuar-funerario\/#breadcrumb\"},\"inLanguage\":\"es\",\"potentialAction\":[{\"@type\":\"ReadAction\",\"target\":[\"https:\/\/bibliotecas.unileon.es\/tULEctura\/pagina-ejemplo\/curso-2013-2014\/lectura-4-ajuar-funerario\/\"]}]},{\"@type\":\"ImageObject\",\"inLanguage\":\"es\",\"@id\":\"https:\/\/bibliotecas.unileon.es\/tULEctura\/pagina-ejemplo\/curso-2013-2014\/lectura-4-ajuar-funerario\/#primaryimage\",\"url\":\"http:\/\/bibliotecas.unileon.es\/tULEctura\/files\/2013\/10\/cubierta_ajuar_septima_ed_web.jpg\",\"contentUrl\":\"http:\/\/bibliotecas.unileon.es\/tULEctura\/files\/2013\/10\/cubierta_ajuar_septima_ed_web.jpg\"},{\"@type\":\"BreadcrumbList\",\"@id\":\"https:\/\/bibliotecas.unileon.es\/tULEctura\/pagina-ejemplo\/curso-2013-2014\/lectura-4-ajuar-funerario\/#breadcrumb\",\"itemListElement\":[{\"@type\":\"ListItem\",\"position\":1,\"name\":\"Home\",\"item\":\"https:\/\/bibliotecas.unileon.es\/tULEctura\/\"},{\"@type\":\"ListItem\",\"position\":2,\"name\":\"Club de Lectura\",\"item\":\"https:\/\/bibliotecas.unileon.es\/tULEctura\/pagina-ejemplo\/\"},{\"@type\":\"ListItem\",\"position\":3,\"name\":\"Curso 2013-2014\",\"item\":\"https:\/\/bibliotecas.unileon.es\/tULEctura\/pagina-ejemplo\/curso-2013-2014\/\"},{\"@type\":\"ListItem\",\"position\":4,\"name\":\"Lectura 4: Ajuar funerario\"}]},{\"@type\":\"WebSite\",\"@id\":\"https:\/\/bibliotecas.unileon.es\/tULEctura\/#website\",\"url\":\"https:\/\/bibliotecas.unileon.es\/tULEctura\/\",\"name\":\"tULEctura\",\"description\":\"Espacio de la Universidad de Le\u00f3n dedicado a la lectura\",\"publisher\":{\"@id\":\"https:\/\/bibliotecas.unileon.es\/tULEctura\/#organization\"},\"potentialAction\":[{\"@type\":\"SearchAction\",\"target\":{\"@type\":\"EntryPoint\",\"urlTemplate\":\"https:\/\/bibliotecas.unileon.es\/tULEctura\/?s={search_term_string}\"},\"query-input\":{\"@type\":\"PropertyValueSpecification\",\"valueRequired\":true,\"valueName\":\"search_term_string\"}}],\"inLanguage\":\"es\"},{\"@type\":\"Organization\",\"@id\":\"https:\/\/bibliotecas.unileon.es\/tULEctura\/#organization\",\"name\":\"Universidad de Le\u00f3n\",\"url\":\"https:\/\/bibliotecas.unileon.es\/tULEctura\/\",\"logo\":{\"@type\":\"ImageObject\",\"inLanguage\":\"es\",\"@id\":\"https:\/\/bibliotecas.unileon.es\/tULEctura\/#\/schema\/logo\/image\/\",\"url\":\"https:\/\/bibliotecas.unileon.es\/tULEctura\/files\/2018\/08\/TULECTURA_LOGO1.png\",\"contentUrl\":\"https:\/\/bibliotecas.unileon.es\/tULEctura\/files\/2018\/08\/TULECTURA_LOGO1.png\",\"width\":\"960\",\"height\":\"258\",\"caption\":\"Universidad de Le\u00f3n\"},\"image\":{\"@id\":\"https:\/\/bibliotecas.unileon.es\/tULEctura\/#\/schema\/logo\/image\/\"},\"sameAs\":[\"https:\/\/www.facebook.com\/tulectura.unileon\/\",\"https:\/\/x.com\/tULEctura_ULE\",\"https:\/\/www.instagram.com\/tulectura.unileon\/\",\"https:\/\/www.pinterest.es\/tulectura\/\",\"https:\/\/www.youtube.com\/channel\/UCoWaDD39lVlAQcOchwlTPVw\"]}]}<\/script>\n<!-- \/ Yoast SEO plugin. -->","yoast_head_json":{"title":"Lectura 4: Ajuar funerario - tULEctura","robots":{"index":"index","follow":"follow","max-snippet":"max-snippet:-1","max-image-preview":"max-image-preview:large","max-video-preview":"max-video-preview:-1"},"canonical":"https:\/\/bibliotecas.unileon.es\/tULEctura\/pagina-ejemplo\/curso-2013-2014\/lectura-4-ajuar-funerario\/","og_locale":"es_ES","og_type":"article","og_title":"Lectura 4: Ajuar funerario - tULEctura","og_description":"Ajuar funerario, de Fernando Iwasaki El conflicto entre dos realidades que da origen a la literatura fant\u00e1stica est\u00e1 \u00a0presente en estos microrrelatos que consiguen romper \u00a0las expectativas de un lector en ocasiones \u00a0demasiado familiarizado con los t\u00f3picos de lo fant\u00e1stico. Calendario\u00a0 10 de abril de 2014: Coloquio participativo de gu\u00eda a la lectura. 29 de [&hellip;]","og_url":"https:\/\/bibliotecas.unileon.es\/tULEctura\/pagina-ejemplo\/curso-2013-2014\/lectura-4-ajuar-funerario\/","og_site_name":"tULEctura","article_publisher":"https:\/\/www.facebook.com\/tulectura.unileon\/","article_modified_time":"2014-11-12T20:07:51+00:00","og_image":[{"width":150,"height":246,"url":"https:\/\/bibliotecas.unileon.es\/tULEctura\/files\/2013\/10\/cubierta_ajuar_septima_ed_web.jpg","type":"image\/jpeg"}],"twitter_card":"summary_large_image","twitter_site":"@tULEctura_ULE","twitter_misc":{"Tiempo de lectura":"2 minutos"},"schema":{"@context":"https:\/\/schema.org","@graph":[{"@type":"WebPage","@id":"https:\/\/bibliotecas.unileon.es\/tULEctura\/pagina-ejemplo\/curso-2013-2014\/lectura-4-ajuar-funerario\/","url":"https:\/\/bibliotecas.unileon.es\/tULEctura\/pagina-ejemplo\/curso-2013-2014\/lectura-4-ajuar-funerario\/","name":"Lectura 4: Ajuar funerario - tULEctura","isPartOf":{"@id":"https:\/\/bibliotecas.unileon.es\/tULEctura\/#website"},"primaryImageOfPage":{"@id":"https:\/\/bibliotecas.unileon.es\/tULEctura\/pagina-ejemplo\/curso-2013-2014\/lectura-4-ajuar-funerario\/#primaryimage"},"image":{"@id":"https:\/\/bibliotecas.unileon.es\/tULEctura\/pagina-ejemplo\/curso-2013-2014\/lectura-4-ajuar-funerario\/#primaryimage"},"thumbnailUrl":"http:\/\/bibliotecas.unileon.es\/tULEctura\/files\/2013\/10\/cubierta_ajuar_septima_ed_web.jpg","datePublished":"2013-10-22T17:20:13+00:00","dateModified":"2014-11-12T20:07:51+00:00","breadcrumb":{"@id":"https:\/\/bibliotecas.unileon.es\/tULEctura\/pagina-ejemplo\/curso-2013-2014\/lectura-4-ajuar-funerario\/#breadcrumb"},"inLanguage":"es","potentialAction":[{"@type":"ReadAction","target":["https:\/\/bibliotecas.unileon.es\/tULEctura\/pagina-ejemplo\/curso-2013-2014\/lectura-4-ajuar-funerario\/"]}]},{"@type":"ImageObject","inLanguage":"es","@id":"https:\/\/bibliotecas.unileon.es\/tULEctura\/pagina-ejemplo\/curso-2013-2014\/lectura-4-ajuar-funerario\/#primaryimage","url":"http:\/\/bibliotecas.unileon.es\/tULEctura\/files\/2013\/10\/cubierta_ajuar_septima_ed_web.jpg","contentUrl":"http:\/\/bibliotecas.unileon.es\/tULEctura\/files\/2013\/10\/cubierta_ajuar_septima_ed_web.jpg"},{"@type":"BreadcrumbList","@id":"https:\/\/bibliotecas.unileon.es\/tULEctura\/pagina-ejemplo\/curso-2013-2014\/lectura-4-ajuar-funerario\/#breadcrumb","itemListElement":[{"@type":"ListItem","position":1,"name":"Home","item":"https:\/\/bibliotecas.unileon.es\/tULEctura\/"},{"@type":"ListItem","position":2,"name":"Club de Lectura","item":"https:\/\/bibliotecas.unileon.es\/tULEctura\/pagina-ejemplo\/"},{"@type":"ListItem","position":3,"name":"Curso 2013-2014","item":"https:\/\/bibliotecas.unileon.es\/tULEctura\/pagina-ejemplo\/curso-2013-2014\/"},{"@type":"ListItem","position":4,"name":"Lectura 4: Ajuar funerario"}]},{"@type":"WebSite","@id":"https:\/\/bibliotecas.unileon.es\/tULEctura\/#website","url":"https:\/\/bibliotecas.unileon.es\/tULEctura\/","name":"tULEctura","description":"Espacio de la Universidad de Le\u00f3n dedicado a la lectura","publisher":{"@id":"https:\/\/bibliotecas.unileon.es\/tULEctura\/#organization"},"potentialAction":[{"@type":"SearchAction","target":{"@type":"EntryPoint","urlTemplate":"https:\/\/bibliotecas.unileon.es\/tULEctura\/?s={search_term_string}"},"query-input":{"@type":"PropertyValueSpecification","valueRequired":true,"valueName":"search_term_string"}}],"inLanguage":"es"},{"@type":"Organization","@id":"https:\/\/bibliotecas.unileon.es\/tULEctura\/#organization","name":"Universidad de Le\u00f3n","url":"https:\/\/bibliotecas.unileon.es\/tULEctura\/","logo":{"@type":"ImageObject","inLanguage":"es","@id":"https:\/\/bibliotecas.unileon.es\/tULEctura\/#\/schema\/logo\/image\/","url":"https:\/\/bibliotecas.unileon.es\/tULEctura\/files\/2018\/08\/TULECTURA_LOGO1.png","contentUrl":"https:\/\/bibliotecas.unileon.es\/tULEctura\/files\/2018\/08\/TULECTURA_LOGO1.png","width":"960","height":"258","caption":"Universidad de Le\u00f3n"},"image":{"@id":"https:\/\/bibliotecas.unileon.es\/tULEctura\/#\/schema\/logo\/image\/"},"sameAs":["https:\/\/www.facebook.com\/tulectura.unileon\/","https:\/\/x.com\/tULEctura_ULE","https:\/\/www.instagram.com\/tulectura.unileon\/","https:\/\/www.pinterest.es\/tulectura\/","https:\/\/www.youtube.com\/channel\/UCoWaDD39lVlAQcOchwlTPVw"]}]}},"_links":{"self":[{"href":"https:\/\/bibliotecas.unileon.es\/tULEctura\/wp-json\/wp\/v2\/pages\/164","targetHints":{"allow":["GET"]}}],"collection":[{"href":"https:\/\/bibliotecas.unileon.es\/tULEctura\/wp-json\/wp\/v2\/pages"}],"about":[{"href":"https:\/\/bibliotecas.unileon.es\/tULEctura\/wp-json\/wp\/v2\/types\/page"}],"author":[{"embeddable":true,"href":"https:\/\/bibliotecas.unileon.es\/tULEctura\/wp-json\/wp\/v2\/users\/73"}],"replies":[{"embeddable":true,"href":"https:\/\/bibliotecas.unileon.es\/tULEctura\/wp-json\/wp\/v2\/comments?post=164"}],"version-history":[{"count":1,"href":"https:\/\/bibliotecas.unileon.es\/tULEctura\/wp-json\/wp\/v2\/pages\/164\/revisions"}],"predecessor-version":[{"id":2070,"href":"https:\/\/bibliotecas.unileon.es\/tULEctura\/wp-json\/wp\/v2\/pages\/164\/revisions\/2070"}],"up":[{"embeddable":true,"href":"https:\/\/bibliotecas.unileon.es\/tULEctura\/wp-json\/wp\/v2\/pages\/2423"}],"wp:attachment":[{"href":"https:\/\/bibliotecas.unileon.es\/tULEctura\/wp-json\/wp\/v2\/media?parent=164"}],"curies":[{"name":"wp","href":"https:\/\/api.w.org\/{rel}","templated":true}]}}