{"id":2410,"date":"2014-07-21T10:34:34","date_gmt":"2014-07-21T08:34:34","guid":{"rendered":"http:\/\/bibliotecas.unileon.es\/tULEctura\/?page_id=2410"},"modified":"2015-04-10T13:07:26","modified_gmt":"2015-04-10T11:07:26","slug":"lectura-3-demasiada-felicidad","status":"publish","type":"page","link":"https:\/\/bibliotecas.unileon.es\/tULEctura\/pagina-ejemplo\/curso-2014-2015\/lectura-3-demasiada-felicidad\/","title":{"rendered":"Lectura 3: Demasiada felicidad."},"content":{"rendered":"<p style=\"text-align: justify;\"><strong><a href=\"http:\/\/catoute.unileon.es\/record=b1787837\" target=\"_blank\"><span style=\"color: #0000ff;\">Demasiada felicidad,<\/span> <\/a><\/strong>de Alice Munro.<\/p>\n<p style=\"text-align: justify;\"><span style=\"font-weight: 300; color: #373737;\">Los diez relatos que componen la o<img loading=\"lazy\" decoding=\"async\" class=\"alignright  wp-image-2412\" src=\"http:\/\/bibliotecas.unileon.es\/tULEctura\/files\/2015\/07\/alice-munro-demasiada-felicidad.jpg\" alt=\"alice munro demasiada felicidad\" width=\"215\" height=\"323\" srcset=\"https:\/\/bibliotecas.unileon.es\/tULEctura\/files\/2015\/07\/alice-munro-demasiada-felicidad.jpg 1068w, https:\/\/bibliotecas.unileon.es\/tULEctura\/files\/2015\/07\/alice-munro-demasiada-felicidad-200x300.jpg 200w, https:\/\/bibliotecas.unileon.es\/tULEctura\/files\/2015\/07\/alice-munro-demasiada-felicidad-683x1024.jpg 683w, https:\/\/bibliotecas.unileon.es\/tULEctura\/files\/2015\/07\/alice-munro-demasiada-felicidad-624x934.jpg 624w\" sizes=\"auto, (max-width: 215px) 100vw, 215px\" \/>bra reflejan \u00a0la complejidad\u00a0que puede albergar el alma\u00a0humana. Historias duras, terribles, brillantes, siempre escritas desde una perspectiva tan l\u00facida que resulta demoledora.\u00a0<\/span><\/p>\n<p style=\"text-align: justify;\"><strong>Calendario<\/strong><\/p>\n<ul style=\"text-align: justify;\">\n<li><strong><a href=\"http:\/\/bibliotecas.unileon.es\/tULEctura\/2015\/03\/05\/munro\/\" target=\"_blank\">5 de Marzo de 2015: Coloquio participativo de gu\u00eda a la lectura<\/a><\/strong>.<\/li>\n<li><a href=\"http:\/\/bibliotecas.unileon.es\/tULEctura\/2015\/03\/27\/demasiada-felicidad-coloquio-participativo-de-los-socios\/\" target=\"_blank\"><strong>26 de Marzo de 2015: Coloquio participativo de los socios.<\/strong><\/a><\/li>\n<li><strong><a href=\"http:\/\/bibliotecas.unileon.es\/tULEctura\/2015\/04\/10\/tres-cuentos-de-munro\/\" target=\"_blank\">Sobre \u00abTres cuentos de Munro\u00bb<\/a><\/strong><\/li>\n<\/ul>\n<p style=\"text-align: justify;\"><strong>Lugar \u00a0y horario<\/strong><\/p>\n<p style=\"text-align: justify;\">Los encuentros de esta \u00a0lectura tendr\u00e1n lugar en la sala de conferencias de la Biblioteca General San Isidoro a las 19:00 horas.\u00a0<strong>Se ruega puntualidad<\/strong>.<\/p>\n<p><strong>\u00a0Sinopsis<\/strong><\/p>\n<p style=\"text-align: justify;\"><span style=\"color: #535353;\">Una joven madre recibe consuelo inesperado por la muerte de sus tres hijos, otra mujer reacciona de forma ins\u00f3lita ante la humillaci\u00f3n a la que la somete un hombre; otros cuentos describen la crueldad de los ni\u00f1os y los huecos de soledad que se crean en el d\u00eda a d\u00eda de la vida de pareja. Como broche de oro, en el \u00faltimo cue\u00a0<\/span><span id=\"sinopsis\" class=\"expand-content expand-hide\" style=\"color: #535353;\">nto acompa\u00f1amos a Sofia Kovalevski, una matem\u00e1tica rusa que realmente vivi\u00f3 a mediados del siglo XIX, en su largo peregrinaje a trav\u00e9s de Europa en busca de una universidad que admitiera a mujeres como profesoras, y viviremos con ella su historia de amor con un hombre que hizo lo que supo por decepcionarla. An\u00e9cdotas en apariencia banales se transforman en las manos de Munro en pura emoci\u00f3n, y su estilo muestra estas emociones sin dificultad, gracias a un talento excepcional que arrastra al lector dentro de las historias casi sin pre\u00e1mbulos<\/span><\/p>\n<p>Puedes empezar a leer el\u00a0relato\u00a0<span style=\"color: #0000ff;\"><strong><a href=\"http:\/\/bibliotecas.unileon.es\/tULEctura\/files\/2015\/07\/demasiada_felicidad.pdf\" class=\"mtli_attachment mtli_pdf\"><span style=\"color: #0000ff;\">Demasiada_felicidad<\/span><\/a><\/strong><\/span><\/p>\n<p>&nbsp;<\/p>\n<p style=\"color: #333333;\">\n","protected":false},"excerpt":{"rendered":"<p>Demasiada felicidad, de Alice Munro. Los diez relatos que componen la obra reflejan \u00a0la complejidad\u00a0que puede albergar el alma\u00a0humana. Historias duras, terribles, brillantes, siempre escritas desde una perspectiva tan l\u00facida que resulta demoledora.\u00a0 Calendario 5 de Marzo de 2015: Coloquio participativo de gu\u00eda a la lectura. 26 de Marzo de 2015: Coloquio participativo de los [&hellip;]<\/p>\n","protected":false},"author":73,"featured_media":0,"parent":2424,"menu_order":3,"comment_status":"open","ping_status":"open","template":"","meta":{"_bbp_topic_count":0,"_bbp_reply_count":0,"_bbp_total_topic_count":0,"_bbp_total_reply_count":0,"_bbp_voice_count":0,"_bbp_anonymous_reply_count":0,"_bbp_topic_count_hidden":0,"_bbp_reply_count_hidden":0,"_bbp_forum_subforum_count":0,"_monsterinsights_skip_tracking":false,"_monsterinsights_sitenote_active":false,"_monsterinsights_sitenote_note":"","_monsterinsights_sitenote_category":0,"footnotes":""},"class_list":["post-2410","page","type-page","status-publish","hentry"],"yoast_head":"<!-- This site is optimized with the Yoast SEO plugin v25.8 - https:\/\/yoast.com\/wordpress\/plugins\/seo\/ -->\n<title>Lectura 3: Demasiada felicidad. - tULEctura<\/title>\n<meta name=\"robots\" content=\"index, follow, max-snippet:-1, max-image-preview:large, max-video-preview:-1\" \/>\n<link rel=\"canonical\" href=\"https:\/\/bibliotecas.unileon.es\/tULEctura\/pagina-ejemplo\/curso-2014-2015\/lectura-3-demasiada-felicidad\/\" \/>\n<meta property=\"og:locale\" content=\"es_ES\" \/>\n<meta property=\"og:type\" content=\"article\" \/>\n<meta property=\"og:title\" content=\"Lectura 3: Demasiada felicidad. - tULEctura\" \/>\n<meta property=\"og:description\" content=\"Demasiada felicidad, de Alice Munro. Los diez relatos que componen la obra reflejan \u00a0la complejidad\u00a0que puede albergar el alma\u00a0humana. Historias duras, terribles, brillantes, siempre escritas desde una perspectiva tan l\u00facida que resulta demoledora.\u00a0 Calendario 5 de Marzo de 2015: Coloquio participativo de gu\u00eda a la lectura. 26 de Marzo de 2015: Coloquio participativo de los [&hellip;]\" \/>\n<meta property=\"og:url\" content=\"https:\/\/bibliotecas.unileon.es\/tULEctura\/pagina-ejemplo\/curso-2014-2015\/lectura-3-demasiada-felicidad\/\" \/>\n<meta property=\"og:site_name\" content=\"tULEctura\" \/>\n<meta property=\"article:publisher\" content=\"https:\/\/www.facebook.com\/tulectura.unileon\/\" \/>\n<meta property=\"article:modified_time\" content=\"2015-04-10T11:07:26+00:00\" \/>\n<meta property=\"og:image\" content=\"https:\/\/bibliotecas.unileon.es\/tULEctura\/files\/2015\/07\/alice-munro-demasiada-felicidad.jpg\" \/>\n\t<meta property=\"og:image:width\" content=\"1068\" \/>\n\t<meta property=\"og:image:height\" content=\"1600\" \/>\n\t<meta property=\"og:image:type\" content=\"image\/jpeg\" \/>\n<meta name=\"twitter:card\" content=\"summary_large_image\" \/>\n<meta name=\"twitter:site\" content=\"@tULEctura_ULE\" \/>\n<meta name=\"twitter:label1\" content=\"Tiempo de lectura\" \/>\n\t<meta name=\"twitter:data1\" content=\"1 minuto\" \/>\n<script type=\"application\/ld+json\" class=\"yoast-schema-graph\">{\"@context\":\"https:\/\/schema.org\",\"@graph\":[{\"@type\":\"WebPage\",\"@id\":\"https:\/\/bibliotecas.unileon.es\/tULEctura\/pagina-ejemplo\/curso-2014-2015\/lectura-3-demasiada-felicidad\/\",\"url\":\"https:\/\/bibliotecas.unileon.es\/tULEctura\/pagina-ejemplo\/curso-2014-2015\/lectura-3-demasiada-felicidad\/\",\"name\":\"Lectura 3: Demasiada felicidad. - tULEctura\",\"isPartOf\":{\"@id\":\"https:\/\/bibliotecas.unileon.es\/tULEctura\/#website\"},\"primaryImageOfPage\":{\"@id\":\"https:\/\/bibliotecas.unileon.es\/tULEctura\/pagina-ejemplo\/curso-2014-2015\/lectura-3-demasiada-felicidad\/#primaryimage\"},\"image\":{\"@id\":\"https:\/\/bibliotecas.unileon.es\/tULEctura\/pagina-ejemplo\/curso-2014-2015\/lectura-3-demasiada-felicidad\/#primaryimage\"},\"thumbnailUrl\":\"http:\/\/bibliotecas.unileon.es\/tULEctura\/files\/2015\/07\/alice-munro-demasiada-felicidad.jpg\",\"datePublished\":\"2014-07-21T08:34:34+00:00\",\"dateModified\":\"2015-04-10T11:07:26+00:00\",\"breadcrumb\":{\"@id\":\"https:\/\/bibliotecas.unileon.es\/tULEctura\/pagina-ejemplo\/curso-2014-2015\/lectura-3-demasiada-felicidad\/#breadcrumb\"},\"inLanguage\":\"es\",\"potentialAction\":[{\"@type\":\"ReadAction\",\"target\":[\"https:\/\/bibliotecas.unileon.es\/tULEctura\/pagina-ejemplo\/curso-2014-2015\/lectura-3-demasiada-felicidad\/\"]}]},{\"@type\":\"ImageObject\",\"inLanguage\":\"es\",\"@id\":\"https:\/\/bibliotecas.unileon.es\/tULEctura\/pagina-ejemplo\/curso-2014-2015\/lectura-3-demasiada-felicidad\/#primaryimage\",\"url\":\"https:\/\/bibliotecas.unileon.es\/tULEctura\/files\/2015\/07\/alice-munro-demasiada-felicidad.jpg\",\"contentUrl\":\"https:\/\/bibliotecas.unileon.es\/tULEctura\/files\/2015\/07\/alice-munro-demasiada-felicidad.jpg\",\"width\":1068,\"height\":1600},{\"@type\":\"BreadcrumbList\",\"@id\":\"https:\/\/bibliotecas.unileon.es\/tULEctura\/pagina-ejemplo\/curso-2014-2015\/lectura-3-demasiada-felicidad\/#breadcrumb\",\"itemListElement\":[{\"@type\":\"ListItem\",\"position\":1,\"name\":\"Home\",\"item\":\"https:\/\/bibliotecas.unileon.es\/tULEctura\/\"},{\"@type\":\"ListItem\",\"position\":2,\"name\":\"Club de Lectura\",\"item\":\"https:\/\/bibliotecas.unileon.es\/tULEctura\/pagina-ejemplo\/\"},{\"@type\":\"ListItem\",\"position\":3,\"name\":\"Curso 2014-2015\",\"item\":\"https:\/\/bibliotecas.unileon.es\/tULEctura\/pagina-ejemplo\/curso-2014-2015\/\"},{\"@type\":\"ListItem\",\"position\":4,\"name\":\"Lectura 3: Demasiada felicidad.\"}]},{\"@type\":\"WebSite\",\"@id\":\"https:\/\/bibliotecas.unileon.es\/tULEctura\/#website\",\"url\":\"https:\/\/bibliotecas.unileon.es\/tULEctura\/\",\"name\":\"tULEctura\",\"description\":\"Espacio de la Universidad de Le\u00f3n dedicado a la lectura\",\"publisher\":{\"@id\":\"https:\/\/bibliotecas.unileon.es\/tULEctura\/#organization\"},\"potentialAction\":[{\"@type\":\"SearchAction\",\"target\":{\"@type\":\"EntryPoint\",\"urlTemplate\":\"https:\/\/bibliotecas.unileon.es\/tULEctura\/?s={search_term_string}\"},\"query-input\":{\"@type\":\"PropertyValueSpecification\",\"valueRequired\":true,\"valueName\":\"search_term_string\"}}],\"inLanguage\":\"es\"},{\"@type\":\"Organization\",\"@id\":\"https:\/\/bibliotecas.unileon.es\/tULEctura\/#organization\",\"name\":\"Universidad de Le\u00f3n\",\"url\":\"https:\/\/bibliotecas.unileon.es\/tULEctura\/\",\"logo\":{\"@type\":\"ImageObject\",\"inLanguage\":\"es\",\"@id\":\"https:\/\/bibliotecas.unileon.es\/tULEctura\/#\/schema\/logo\/image\/\",\"url\":\"https:\/\/bibliotecas.unileon.es\/tULEctura\/files\/2018\/08\/TULECTURA_LOGO1.png\",\"contentUrl\":\"https:\/\/bibliotecas.unileon.es\/tULEctura\/files\/2018\/08\/TULECTURA_LOGO1.png\",\"width\":\"960\",\"height\":\"258\",\"caption\":\"Universidad de Le\u00f3n\"},\"image\":{\"@id\":\"https:\/\/bibliotecas.unileon.es\/tULEctura\/#\/schema\/logo\/image\/\"},\"sameAs\":[\"https:\/\/www.facebook.com\/tulectura.unileon\/\",\"https:\/\/x.com\/tULEctura_ULE\",\"https:\/\/www.instagram.com\/tulectura.unileon\/\",\"https:\/\/www.pinterest.es\/tulectura\/\",\"https:\/\/www.youtube.com\/channel\/UCoWaDD39lVlAQcOchwlTPVw\"]}]}<\/script>\n<!-- \/ Yoast SEO plugin. -->","yoast_head_json":{"title":"Lectura 3: Demasiada felicidad. - tULEctura","robots":{"index":"index","follow":"follow","max-snippet":"max-snippet:-1","max-image-preview":"max-image-preview:large","max-video-preview":"max-video-preview:-1"},"canonical":"https:\/\/bibliotecas.unileon.es\/tULEctura\/pagina-ejemplo\/curso-2014-2015\/lectura-3-demasiada-felicidad\/","og_locale":"es_ES","og_type":"article","og_title":"Lectura 3: Demasiada felicidad. - tULEctura","og_description":"Demasiada felicidad, de Alice Munro. Los diez relatos que componen la obra reflejan \u00a0la complejidad\u00a0que puede albergar el alma\u00a0humana. Historias duras, terribles, brillantes, siempre escritas desde una perspectiva tan l\u00facida que resulta demoledora.\u00a0 Calendario 5 de Marzo de 2015: Coloquio participativo de gu\u00eda a la lectura. 26 de Marzo de 2015: Coloquio participativo de los [&hellip;]","og_url":"https:\/\/bibliotecas.unileon.es\/tULEctura\/pagina-ejemplo\/curso-2014-2015\/lectura-3-demasiada-felicidad\/","og_site_name":"tULEctura","article_publisher":"https:\/\/www.facebook.com\/tulectura.unileon\/","article_modified_time":"2015-04-10T11:07:26+00:00","og_image":[{"width":1068,"height":1600,"url":"https:\/\/bibliotecas.unileon.es\/tULEctura\/files\/2015\/07\/alice-munro-demasiada-felicidad.jpg","type":"image\/jpeg"}],"twitter_card":"summary_large_image","twitter_site":"@tULEctura_ULE","twitter_misc":{"Tiempo de lectura":"1 minuto"},"schema":{"@context":"https:\/\/schema.org","@graph":[{"@type":"WebPage","@id":"https:\/\/bibliotecas.unileon.es\/tULEctura\/pagina-ejemplo\/curso-2014-2015\/lectura-3-demasiada-felicidad\/","url":"https:\/\/bibliotecas.unileon.es\/tULEctura\/pagina-ejemplo\/curso-2014-2015\/lectura-3-demasiada-felicidad\/","name":"Lectura 3: Demasiada felicidad. - tULEctura","isPartOf":{"@id":"https:\/\/bibliotecas.unileon.es\/tULEctura\/#website"},"primaryImageOfPage":{"@id":"https:\/\/bibliotecas.unileon.es\/tULEctura\/pagina-ejemplo\/curso-2014-2015\/lectura-3-demasiada-felicidad\/#primaryimage"},"image":{"@id":"https:\/\/bibliotecas.unileon.es\/tULEctura\/pagina-ejemplo\/curso-2014-2015\/lectura-3-demasiada-felicidad\/#primaryimage"},"thumbnailUrl":"http:\/\/bibliotecas.unileon.es\/tULEctura\/files\/2015\/07\/alice-munro-demasiada-felicidad.jpg","datePublished":"2014-07-21T08:34:34+00:00","dateModified":"2015-04-10T11:07:26+00:00","breadcrumb":{"@id":"https:\/\/bibliotecas.unileon.es\/tULEctura\/pagina-ejemplo\/curso-2014-2015\/lectura-3-demasiada-felicidad\/#breadcrumb"},"inLanguage":"es","potentialAction":[{"@type":"ReadAction","target":["https:\/\/bibliotecas.unileon.es\/tULEctura\/pagina-ejemplo\/curso-2014-2015\/lectura-3-demasiada-felicidad\/"]}]},{"@type":"ImageObject","inLanguage":"es","@id":"https:\/\/bibliotecas.unileon.es\/tULEctura\/pagina-ejemplo\/curso-2014-2015\/lectura-3-demasiada-felicidad\/#primaryimage","url":"https:\/\/bibliotecas.unileon.es\/tULEctura\/files\/2015\/07\/alice-munro-demasiada-felicidad.jpg","contentUrl":"https:\/\/bibliotecas.unileon.es\/tULEctura\/files\/2015\/07\/alice-munro-demasiada-felicidad.jpg","width":1068,"height":1600},{"@type":"BreadcrumbList","@id":"https:\/\/bibliotecas.unileon.es\/tULEctura\/pagina-ejemplo\/curso-2014-2015\/lectura-3-demasiada-felicidad\/#breadcrumb","itemListElement":[{"@type":"ListItem","position":1,"name":"Home","item":"https:\/\/bibliotecas.unileon.es\/tULEctura\/"},{"@type":"ListItem","position":2,"name":"Club de Lectura","item":"https:\/\/bibliotecas.unileon.es\/tULEctura\/pagina-ejemplo\/"},{"@type":"ListItem","position":3,"name":"Curso 2014-2015","item":"https:\/\/bibliotecas.unileon.es\/tULEctura\/pagina-ejemplo\/curso-2014-2015\/"},{"@type":"ListItem","position":4,"name":"Lectura 3: Demasiada felicidad."}]},{"@type":"WebSite","@id":"https:\/\/bibliotecas.unileon.es\/tULEctura\/#website","url":"https:\/\/bibliotecas.unileon.es\/tULEctura\/","name":"tULEctura","description":"Espacio de la Universidad de Le\u00f3n dedicado a la lectura","publisher":{"@id":"https:\/\/bibliotecas.unileon.es\/tULEctura\/#organization"},"potentialAction":[{"@type":"SearchAction","target":{"@type":"EntryPoint","urlTemplate":"https:\/\/bibliotecas.unileon.es\/tULEctura\/?s={search_term_string}"},"query-input":{"@type":"PropertyValueSpecification","valueRequired":true,"valueName":"search_term_string"}}],"inLanguage":"es"},{"@type":"Organization","@id":"https:\/\/bibliotecas.unileon.es\/tULEctura\/#organization","name":"Universidad de Le\u00f3n","url":"https:\/\/bibliotecas.unileon.es\/tULEctura\/","logo":{"@type":"ImageObject","inLanguage":"es","@id":"https:\/\/bibliotecas.unileon.es\/tULEctura\/#\/schema\/logo\/image\/","url":"https:\/\/bibliotecas.unileon.es\/tULEctura\/files\/2018\/08\/TULECTURA_LOGO1.png","contentUrl":"https:\/\/bibliotecas.unileon.es\/tULEctura\/files\/2018\/08\/TULECTURA_LOGO1.png","width":"960","height":"258","caption":"Universidad de Le\u00f3n"},"image":{"@id":"https:\/\/bibliotecas.unileon.es\/tULEctura\/#\/schema\/logo\/image\/"},"sameAs":["https:\/\/www.facebook.com\/tulectura.unileon\/","https:\/\/x.com\/tULEctura_ULE","https:\/\/www.instagram.com\/tulectura.unileon\/","https:\/\/www.pinterest.es\/tulectura\/","https:\/\/www.youtube.com\/channel\/UCoWaDD39lVlAQcOchwlTPVw"]}]}},"_links":{"self":[{"href":"https:\/\/bibliotecas.unileon.es\/tULEctura\/wp-json\/wp\/v2\/pages\/2410","targetHints":{"allow":["GET"]}}],"collection":[{"href":"https:\/\/bibliotecas.unileon.es\/tULEctura\/wp-json\/wp\/v2\/pages"}],"about":[{"href":"https:\/\/bibliotecas.unileon.es\/tULEctura\/wp-json\/wp\/v2\/types\/page"}],"author":[{"embeddable":true,"href":"https:\/\/bibliotecas.unileon.es\/tULEctura\/wp-json\/wp\/v2\/users\/73"}],"replies":[{"embeddable":true,"href":"https:\/\/bibliotecas.unileon.es\/tULEctura\/wp-json\/wp\/v2\/comments?post=2410"}],"version-history":[{"count":1,"href":"https:\/\/bibliotecas.unileon.es\/tULEctura\/wp-json\/wp\/v2\/pages\/2410\/revisions"}],"predecessor-version":[{"id":2411,"href":"https:\/\/bibliotecas.unileon.es\/tULEctura\/wp-json\/wp\/v2\/pages\/2410\/revisions\/2411"}],"up":[{"embeddable":true,"href":"https:\/\/bibliotecas.unileon.es\/tULEctura\/wp-json\/wp\/v2\/pages\/2424"}],"wp:attachment":[{"href":"https:\/\/bibliotecas.unileon.es\/tULEctura\/wp-json\/wp\/v2\/media?parent=2410"}],"curies":[{"name":"wp","href":"https:\/\/api.w.org\/{rel}","templated":true}]}}