{"id":3526,"date":"2015-07-19T07:00:02","date_gmt":"2015-07-19T05:00:02","guid":{"rendered":"http:\/\/bibliotecas.unileon.es\/tULEctura\/?page_id=3526"},"modified":"2015-11-06T15:12:33","modified_gmt":"2015-11-06T14:12:33","slug":"lectura-2-el-libro-de-los-viajes-equivocados","status":"publish","type":"page","link":"https:\/\/bibliotecas.unileon.es\/tULEctura\/pagina-ejemplo\/curso-2015-2016\/lectura-2-el-libro-de-los-viajes-equivocados\/","title":{"rendered":"Lectura 2: El libro de los viajes equivocados"},"content":{"rendered":"<p>&nbsp;<\/p>\n<p><a href=\"http:\/\/catoute.unileon.es\/record=b1821411\" target=\"_blank\"><span style=\"color: #0000ff;\"><strong>El libro de los viajes equivocados<\/strong><\/span><\/a>, de \u00a0Clara Obligado<\/p>\n<pre style=\"text-align: justify;\"><strong><a href=\"http:\/\/catoute.unileon.es\/record=b1821411\" target=\"_blank\">El libro de los viajes equivocados <\/a><\/strong>\/ Clara Obligado-- Madrid : P\u00e1ginas de Espuma, 2011\r\n140 p. ; 24 cm-- (Voces. Literatura ; 167)\r\nISBN\u00a0978-84-8393-052-6<\/pre>\n<p><img loading=\"lazy\" decoding=\"async\" class=\"alignright wp-image-3528\" src=\"http:\/\/bibliotecas.unileon.es\/tULEctura\/files\/2016\/07\/viajesequivocados.png\" alt=\"El libro de los viajes equivocados, de Clara Obligado\" width=\"256\" height=\"414\" srcset=\"https:\/\/bibliotecas.unileon.es\/tULEctura\/files\/2016\/07\/viajesequivocados.png 198w, https:\/\/bibliotecas.unileon.es\/tULEctura\/files\/2016\/07\/viajesequivocados-186x300.png 186w\" sizes=\"auto, (max-width: 256px) 100vw, 256px\" \/><\/p>\n<blockquote>\n<p style=\"text-align: justify;\"><em>\u00abNada se sue\u00f1a en vano, ni son gratuitos los or\u00e1culos. Nada que est\u00e9 en el futuro ha evitado su<\/em> huella<em> en el presente\u00bb\u00a0 \u00a0(El libro de los viajes equivocados,\u00a0pag. 40).<\/em><\/p>\n<\/blockquote>\n<p style=\"text-align: justify;\"><strong>Calendario<\/strong><\/p>\n<ul>\n<li>22\u00a0de octubre de 2015:<a href=\"http:\/\/bibliotecas.unileon.es\/tULEctura\/2015\/10\/22\/3891\/\" target=\"_blank\"> Coloquio participativo de gu\u00eda a la lectura.<\/a><\/li>\n<li>29\u00a0de octubre de 2015: <a href=\"http:\/\/bibliotecas.unileon.es\/tULEctura\/2015\/11\/05\/3948\/\" target=\"_blank\">Coloquio participativo de los socios.<\/a><\/li>\n<li style=\"text-align: justify;\">5 de noviembre de 2015: <a href=\"https:\/\/videos.unileon.es\/video\/1128\" target=\"_blank\">Encuentro de los socios con Clara Obligado (grabaci\u00f3n en v\u00eddeo).<\/a><\/li>\n<\/ul>\n<p><strong>Lugar \u00a0y horario<\/strong><\/p>\n<p style=\"text-align: justify;\">Los encuentros de esta \u00a0lectura tendr\u00e1n lugar en la sala de conferencias de la Biblioteca General San Isidoro a las 19:00 horas.\u00a0<strong>Se ruega puntualidad<\/strong>.<\/p>\n<p><span style=\"color: #0000ff;\"><strong>Puedes empezar a leer \u00ab<span style=\"color: #0000ff;\"><a style=\"color: #0000ff;\" href=\"http:\/\/paginasdeespuma.com\/wp-content\/blogs.dir\/1\/files_mf\/obligado_clarael_libro_de_los_viajes_equivocados_extracto28.pdf\" class=\"mtli_attachment mtli_pdf\">El libro de los viajes equivocados<\/a>\u00ab,<\/span> de \u00a0Clara Obligado.<\/strong><\/span><\/p>\n<p>&nbsp;<\/p>\n<p><strong>Sinopsis<\/strong><\/p>\n<p style=\"text-align: justify;\">Todo viaje puede desarrollarse en tres \u00e1mbitos: el interior, el que transcurre en el tiempo y el que transita por el espacio. El que tiene como dimensi\u00f3n el espacio colma los sentidos, el temporal alimenta la experiencia, aunque es el viaje interior el que puede cambiar al ser humano. Pero \u00bfpuede un ser humano modificar el sentido del universo?<\/p>\n<p style=\"text-align: justify;\">En <em>El libro de los viajes equivocados<\/em> los personajes comienzan una aventura en la que el azar orienta sus peque\u00f1as historias hasta sumarlas en un devenir general. A trav\u00e9s de una inquietante espiral narrativa, estos cuentos nos llevan a interrogarnos sobre el complejo mundo en el que nos toca vivir.<\/p>\n<p style=\"text-align: justify;\"><strong>La autora<\/strong><\/p>\n<p style=\"text-align: justify;\">Clara Obligado naci\u00f3 en Buenos Aires. Exiliada pol\u00edtica de la dictadura militar, desde 1976 vive en Espa\u00f1a. Es Licenciada en Literatura, y ha dirigido los primeros <a href=\"http:\/\/escrituracreativa.com\/talleres\/\" target=\"_blank\"><strong>talleres de Escritura Creativa<\/strong> <\/a>que se organizaron en Espa\u00f1a, actividad que ha llevado a cabo para numerosas universidades y diversas instituciones y que realiza de forma independiente. En 1996 recibi\u00f3 el <a href=\"http:\/\/elpais.com\/diario\/1996\/03\/08\/cultura\/826239605_850215.html\" target=\"_blank\">premio femenino Lumen<\/a> por su novela\u00a0<i><a href=\"http:\/\/www.pagina12.com.ar\/diario\/suplementos\/las12\/13-8282-2013-08-30.html\" target=\"_blank\">La hija de Marx<\/a>. <\/i>Ha publicado con \u00a0la editorial P\u00e1ginas de Espuma su volumen de cuentos <i><a href=\"http:\/\/catoute.unileon.es\/record=b1821412\" target=\"_blank\">Las otras vidas<\/a><\/i>\u00a0(2005) y las antolog\u00edas <a href=\"http:\/\/elfuegoylafabula.blogspot.com.es\/2012\/11\/por-favor-sea-breve-2.html\" target=\"_blank\"><i>Por favor, sea breve 1<\/i> y <\/a><i><a href=\"http:\/\/elfuegoylafabula.blogspot.com.es\/2012\/11\/por-favor-sea-breve-2.html\" target=\"_blank\">2<\/a>, <\/i>se\u00f1eras en la implantaci\u00f3n del g\u00e9nero en Espa\u00f1a, adem\u00e1s de<a href=\"http:\/\/catoute.unileon.es\/record=b1821411\"> <em>El libro de los viajes equivocados<\/em> <\/a>(2011) con el que gan\u00f3 el <a title=\"Premio Setenil\" href=\"https:\/\/es.wikipedia.org\/wiki\/Premio_Setenil\">Premio Setenil<\/a>\u00a02012 al mejor libro de cuentos, \u00a0y la reciente <em><a href=\"http:\/\/paginasdeespuma.com\/wp-content\/blogs.dir\/1\/files_mf\/obligado_clarala_muerte_juega_extracto.pdf\" class=\"mtli_attachment mtli_pdf\" target=\"_blank\">La muerte juega a los dados<\/a><\/em> (2015). Tiene numerosos libros de ensayo, y es colaboradora en medios period\u00edsticos. Su obra ha sido traducida a diferentes idiomas.<\/p>\n<p style=\"text-align: justify;\">Si lo deseas, puedes ver su conferencia \u00a0sobre <a href=\"https:\/\/videos.unileon.es\/video\/871\" target=\"_blank\">la escritura exc\u00e9ntrica<\/a>,\u00a0impartida en\u00a0las <a href=\"http:\/\/bibliotecas.unileon.es\/tULEctura\/2015\/05\/05\/3245\/\" target=\"_blank\">II\u00a0Jornadas de la Red Internacional de las Universidades Lectoras<\/a> (Le\u00f3n,\u00a0\u00a08 de mayo de 2015).<\/p>\n<p style=\"text-align: center;\"><strong><a href=\"http:\/\/catoute.unileon.es\/search~S1*spi?\/aobligado%2C+clara\/aobligado+clara\/1%2C2%2C24%2CB\/exact&amp;FF=aobligado+clara&amp;1%2C23%2C\" target=\"_blank\">\u00bfQuieres encontrar la obra de Clara Obligado en la Universidad de Le\u00f3n?<\/a><\/strong><\/p>\n<p>&nbsp;<\/p>\n","protected":false},"excerpt":{"rendered":"<p>&nbsp; El libro de los viajes equivocados, de \u00a0Clara Obligado El libro de los viajes equivocados \/ Clara Obligado&#8211; Madrid : P\u00e1ginas de Espuma, 2011 140 p. ; 24 cm&#8211; (Voces. Literatura ; 167) ISBN\u00a0978-84-8393-052-6 \u00abNada se sue\u00f1a en vano, ni son gratuitos los or\u00e1culos. Nada que est\u00e9 en el futuro ha evitado su huella [&hellip;]<\/p>\n","protected":false},"author":73,"featured_media":0,"parent":3417,"menu_order":2,"comment_status":"open","ping_status":"closed","template":"","meta":{"_bbp_topic_count":0,"_bbp_reply_count":0,"_bbp_total_topic_count":0,"_bbp_total_reply_count":0,"_bbp_voice_count":0,"_bbp_anonymous_reply_count":0,"_bbp_topic_count_hidden":0,"_bbp_reply_count_hidden":0,"_bbp_forum_subforum_count":0,"_monsterinsights_skip_tracking":false,"_monsterinsights_sitenote_active":false,"_monsterinsights_sitenote_note":"","_monsterinsights_sitenote_category":0,"footnotes":""},"class_list":["post-3526","page","type-page","status-publish","hentry"],"yoast_head":"<!-- This site is optimized with the Yoast SEO plugin v25.8 - https:\/\/yoast.com\/wordpress\/plugins\/seo\/ -->\n<title>Lectura 2: El libro de los viajes equivocados - tULEctura<\/title>\n<meta name=\"robots\" content=\"index, follow, max-snippet:-1, max-image-preview:large, max-video-preview:-1\" \/>\n<link rel=\"canonical\" href=\"https:\/\/bibliotecas.unileon.es\/tULEctura\/pagina-ejemplo\/curso-2015-2016\/lectura-2-el-libro-de-los-viajes-equivocados\/\" \/>\n<meta property=\"og:locale\" content=\"es_ES\" \/>\n<meta property=\"og:type\" content=\"article\" \/>\n<meta property=\"og:title\" content=\"Lectura 2: El libro de los viajes equivocados - tULEctura\" \/>\n<meta property=\"og:description\" content=\"&nbsp; El libro de los viajes equivocados, de \u00a0Clara Obligado El libro de los viajes equivocados \/ Clara Obligado-- Madrid : P\u00e1ginas de Espuma, 2011 140 p. ; 24 cm-- (Voces. Literatura ; 167) ISBN\u00a0978-84-8393-052-6 \u00abNada se sue\u00f1a en vano, ni son gratuitos los or\u00e1culos. Nada que est\u00e9 en el futuro ha evitado su huella [&hellip;]\" \/>\n<meta property=\"og:url\" content=\"https:\/\/bibliotecas.unileon.es\/tULEctura\/pagina-ejemplo\/curso-2015-2016\/lectura-2-el-libro-de-los-viajes-equivocados\/\" \/>\n<meta property=\"og:site_name\" content=\"tULEctura\" \/>\n<meta property=\"article:publisher\" content=\"https:\/\/www.facebook.com\/tulectura.unileon\/\" \/>\n<meta property=\"article:modified_time\" content=\"2015-11-06T14:12:33+00:00\" \/>\n<meta property=\"og:image\" content=\"https:\/\/bibliotecas.unileon.es\/tULEctura\/files\/2016\/07\/viajesequivocados.png\" \/>\n\t<meta property=\"og:image:width\" content=\"198\" \/>\n\t<meta property=\"og:image:height\" content=\"320\" \/>\n\t<meta property=\"og:image:type\" content=\"image\/png\" \/>\n<meta name=\"twitter:card\" content=\"summary_large_image\" \/>\n<meta name=\"twitter:site\" content=\"@tULEctura_ULE\" \/>\n<meta name=\"twitter:label1\" content=\"Tiempo de lectura\" \/>\n\t<meta name=\"twitter:data1\" content=\"2 minutos\" \/>\n<script type=\"application\/ld+json\" class=\"yoast-schema-graph\">{\"@context\":\"https:\/\/schema.org\",\"@graph\":[{\"@type\":\"WebPage\",\"@id\":\"https:\/\/bibliotecas.unileon.es\/tULEctura\/pagina-ejemplo\/curso-2015-2016\/lectura-2-el-libro-de-los-viajes-equivocados\/\",\"url\":\"https:\/\/bibliotecas.unileon.es\/tULEctura\/pagina-ejemplo\/curso-2015-2016\/lectura-2-el-libro-de-los-viajes-equivocados\/\",\"name\":\"Lectura 2: El libro de los viajes equivocados - tULEctura\",\"isPartOf\":{\"@id\":\"https:\/\/bibliotecas.unileon.es\/tULEctura\/#website\"},\"primaryImageOfPage\":{\"@id\":\"https:\/\/bibliotecas.unileon.es\/tULEctura\/pagina-ejemplo\/curso-2015-2016\/lectura-2-el-libro-de-los-viajes-equivocados\/#primaryimage\"},\"image\":{\"@id\":\"https:\/\/bibliotecas.unileon.es\/tULEctura\/pagina-ejemplo\/curso-2015-2016\/lectura-2-el-libro-de-los-viajes-equivocados\/#primaryimage\"},\"thumbnailUrl\":\"http:\/\/bibliotecas.unileon.es\/tULEctura\/files\/2016\/07\/viajesequivocados.png\",\"datePublished\":\"2015-07-19T05:00:02+00:00\",\"dateModified\":\"2015-11-06T14:12:33+00:00\",\"breadcrumb\":{\"@id\":\"https:\/\/bibliotecas.unileon.es\/tULEctura\/pagina-ejemplo\/curso-2015-2016\/lectura-2-el-libro-de-los-viajes-equivocados\/#breadcrumb\"},\"inLanguage\":\"es\",\"potentialAction\":[{\"@type\":\"ReadAction\",\"target\":[\"https:\/\/bibliotecas.unileon.es\/tULEctura\/pagina-ejemplo\/curso-2015-2016\/lectura-2-el-libro-de-los-viajes-equivocados\/\"]}]},{\"@type\":\"ImageObject\",\"inLanguage\":\"es\",\"@id\":\"https:\/\/bibliotecas.unileon.es\/tULEctura\/pagina-ejemplo\/curso-2015-2016\/lectura-2-el-libro-de-los-viajes-equivocados\/#primaryimage\",\"url\":\"https:\/\/bibliotecas.unileon.es\/tULEctura\/files\/2016\/07\/viajesequivocados.png\",\"contentUrl\":\"https:\/\/bibliotecas.unileon.es\/tULEctura\/files\/2016\/07\/viajesequivocados.png\",\"width\":198,\"height\":320,\"caption\":\"El libro de los viajes equivocados, de Clara Obligado\"},{\"@type\":\"BreadcrumbList\",\"@id\":\"https:\/\/bibliotecas.unileon.es\/tULEctura\/pagina-ejemplo\/curso-2015-2016\/lectura-2-el-libro-de-los-viajes-equivocados\/#breadcrumb\",\"itemListElement\":[{\"@type\":\"ListItem\",\"position\":1,\"name\":\"Home\",\"item\":\"https:\/\/bibliotecas.unileon.es\/tULEctura\/\"},{\"@type\":\"ListItem\",\"position\":2,\"name\":\"Club de Lectura\",\"item\":\"https:\/\/bibliotecas.unileon.es\/tULEctura\/pagina-ejemplo\/\"},{\"@type\":\"ListItem\",\"position\":3,\"name\":\"Curso 2015-2016\",\"item\":\"https:\/\/bibliotecas.unileon.es\/tULEctura\/pagina-ejemplo\/curso-2015-2016\/\"},{\"@type\":\"ListItem\",\"position\":4,\"name\":\"Lectura 2: El libro de los viajes equivocados\"}]},{\"@type\":\"WebSite\",\"@id\":\"https:\/\/bibliotecas.unileon.es\/tULEctura\/#website\",\"url\":\"https:\/\/bibliotecas.unileon.es\/tULEctura\/\",\"name\":\"tULEctura\",\"description\":\"Espacio de la Universidad de Le\u00f3n dedicado a la lectura\",\"publisher\":{\"@id\":\"https:\/\/bibliotecas.unileon.es\/tULEctura\/#organization\"},\"potentialAction\":[{\"@type\":\"SearchAction\",\"target\":{\"@type\":\"EntryPoint\",\"urlTemplate\":\"https:\/\/bibliotecas.unileon.es\/tULEctura\/?s={search_term_string}\"},\"query-input\":{\"@type\":\"PropertyValueSpecification\",\"valueRequired\":true,\"valueName\":\"search_term_string\"}}],\"inLanguage\":\"es\"},{\"@type\":\"Organization\",\"@id\":\"https:\/\/bibliotecas.unileon.es\/tULEctura\/#organization\",\"name\":\"Universidad de Le\u00f3n\",\"url\":\"https:\/\/bibliotecas.unileon.es\/tULEctura\/\",\"logo\":{\"@type\":\"ImageObject\",\"inLanguage\":\"es\",\"@id\":\"https:\/\/bibliotecas.unileon.es\/tULEctura\/#\/schema\/logo\/image\/\",\"url\":\"https:\/\/bibliotecas.unileon.es\/tULEctura\/files\/2018\/08\/TULECTURA_LOGO1.png\",\"contentUrl\":\"https:\/\/bibliotecas.unileon.es\/tULEctura\/files\/2018\/08\/TULECTURA_LOGO1.png\",\"width\":\"960\",\"height\":\"258\",\"caption\":\"Universidad de Le\u00f3n\"},\"image\":{\"@id\":\"https:\/\/bibliotecas.unileon.es\/tULEctura\/#\/schema\/logo\/image\/\"},\"sameAs\":[\"https:\/\/www.facebook.com\/tulectura.unileon\/\",\"https:\/\/x.com\/tULEctura_ULE\",\"https:\/\/www.instagram.com\/tulectura.unileon\/\",\"https:\/\/www.pinterest.es\/tulectura\/\",\"https:\/\/www.youtube.com\/channel\/UCoWaDD39lVlAQcOchwlTPVw\"]}]}<\/script>\n<!-- \/ Yoast SEO plugin. -->","yoast_head_json":{"title":"Lectura 2: El libro de los viajes equivocados - tULEctura","robots":{"index":"index","follow":"follow","max-snippet":"max-snippet:-1","max-image-preview":"max-image-preview:large","max-video-preview":"max-video-preview:-1"},"canonical":"https:\/\/bibliotecas.unileon.es\/tULEctura\/pagina-ejemplo\/curso-2015-2016\/lectura-2-el-libro-de-los-viajes-equivocados\/","og_locale":"es_ES","og_type":"article","og_title":"Lectura 2: El libro de los viajes equivocados - tULEctura","og_description":"&nbsp; El libro de los viajes equivocados, de \u00a0Clara Obligado El libro de los viajes equivocados \/ Clara Obligado-- Madrid : P\u00e1ginas de Espuma, 2011 140 p. ; 24 cm-- (Voces. Literatura ; 167) ISBN\u00a0978-84-8393-052-6 \u00abNada se sue\u00f1a en vano, ni son gratuitos los or\u00e1culos. Nada que est\u00e9 en el futuro ha evitado su huella [&hellip;]","og_url":"https:\/\/bibliotecas.unileon.es\/tULEctura\/pagina-ejemplo\/curso-2015-2016\/lectura-2-el-libro-de-los-viajes-equivocados\/","og_site_name":"tULEctura","article_publisher":"https:\/\/www.facebook.com\/tulectura.unileon\/","article_modified_time":"2015-11-06T14:12:33+00:00","og_image":[{"width":198,"height":320,"url":"https:\/\/bibliotecas.unileon.es\/tULEctura\/files\/2016\/07\/viajesequivocados.png","type":"image\/png"}],"twitter_card":"summary_large_image","twitter_site":"@tULEctura_ULE","twitter_misc":{"Tiempo de lectura":"2 minutos"},"schema":{"@context":"https:\/\/schema.org","@graph":[{"@type":"WebPage","@id":"https:\/\/bibliotecas.unileon.es\/tULEctura\/pagina-ejemplo\/curso-2015-2016\/lectura-2-el-libro-de-los-viajes-equivocados\/","url":"https:\/\/bibliotecas.unileon.es\/tULEctura\/pagina-ejemplo\/curso-2015-2016\/lectura-2-el-libro-de-los-viajes-equivocados\/","name":"Lectura 2: El libro de los viajes equivocados - tULEctura","isPartOf":{"@id":"https:\/\/bibliotecas.unileon.es\/tULEctura\/#website"},"primaryImageOfPage":{"@id":"https:\/\/bibliotecas.unileon.es\/tULEctura\/pagina-ejemplo\/curso-2015-2016\/lectura-2-el-libro-de-los-viajes-equivocados\/#primaryimage"},"image":{"@id":"https:\/\/bibliotecas.unileon.es\/tULEctura\/pagina-ejemplo\/curso-2015-2016\/lectura-2-el-libro-de-los-viajes-equivocados\/#primaryimage"},"thumbnailUrl":"http:\/\/bibliotecas.unileon.es\/tULEctura\/files\/2016\/07\/viajesequivocados.png","datePublished":"2015-07-19T05:00:02+00:00","dateModified":"2015-11-06T14:12:33+00:00","breadcrumb":{"@id":"https:\/\/bibliotecas.unileon.es\/tULEctura\/pagina-ejemplo\/curso-2015-2016\/lectura-2-el-libro-de-los-viajes-equivocados\/#breadcrumb"},"inLanguage":"es","potentialAction":[{"@type":"ReadAction","target":["https:\/\/bibliotecas.unileon.es\/tULEctura\/pagina-ejemplo\/curso-2015-2016\/lectura-2-el-libro-de-los-viajes-equivocados\/"]}]},{"@type":"ImageObject","inLanguage":"es","@id":"https:\/\/bibliotecas.unileon.es\/tULEctura\/pagina-ejemplo\/curso-2015-2016\/lectura-2-el-libro-de-los-viajes-equivocados\/#primaryimage","url":"https:\/\/bibliotecas.unileon.es\/tULEctura\/files\/2016\/07\/viajesequivocados.png","contentUrl":"https:\/\/bibliotecas.unileon.es\/tULEctura\/files\/2016\/07\/viajesequivocados.png","width":198,"height":320,"caption":"El libro de los viajes equivocados, de Clara Obligado"},{"@type":"BreadcrumbList","@id":"https:\/\/bibliotecas.unileon.es\/tULEctura\/pagina-ejemplo\/curso-2015-2016\/lectura-2-el-libro-de-los-viajes-equivocados\/#breadcrumb","itemListElement":[{"@type":"ListItem","position":1,"name":"Home","item":"https:\/\/bibliotecas.unileon.es\/tULEctura\/"},{"@type":"ListItem","position":2,"name":"Club de Lectura","item":"https:\/\/bibliotecas.unileon.es\/tULEctura\/pagina-ejemplo\/"},{"@type":"ListItem","position":3,"name":"Curso 2015-2016","item":"https:\/\/bibliotecas.unileon.es\/tULEctura\/pagina-ejemplo\/curso-2015-2016\/"},{"@type":"ListItem","position":4,"name":"Lectura 2: El libro de los viajes equivocados"}]},{"@type":"WebSite","@id":"https:\/\/bibliotecas.unileon.es\/tULEctura\/#website","url":"https:\/\/bibliotecas.unileon.es\/tULEctura\/","name":"tULEctura","description":"Espacio de la Universidad de Le\u00f3n dedicado a la lectura","publisher":{"@id":"https:\/\/bibliotecas.unileon.es\/tULEctura\/#organization"},"potentialAction":[{"@type":"SearchAction","target":{"@type":"EntryPoint","urlTemplate":"https:\/\/bibliotecas.unileon.es\/tULEctura\/?s={search_term_string}"},"query-input":{"@type":"PropertyValueSpecification","valueRequired":true,"valueName":"search_term_string"}}],"inLanguage":"es"},{"@type":"Organization","@id":"https:\/\/bibliotecas.unileon.es\/tULEctura\/#organization","name":"Universidad de Le\u00f3n","url":"https:\/\/bibliotecas.unileon.es\/tULEctura\/","logo":{"@type":"ImageObject","inLanguage":"es","@id":"https:\/\/bibliotecas.unileon.es\/tULEctura\/#\/schema\/logo\/image\/","url":"https:\/\/bibliotecas.unileon.es\/tULEctura\/files\/2018\/08\/TULECTURA_LOGO1.png","contentUrl":"https:\/\/bibliotecas.unileon.es\/tULEctura\/files\/2018\/08\/TULECTURA_LOGO1.png","width":"960","height":"258","caption":"Universidad de Le\u00f3n"},"image":{"@id":"https:\/\/bibliotecas.unileon.es\/tULEctura\/#\/schema\/logo\/image\/"},"sameAs":["https:\/\/www.facebook.com\/tulectura.unileon\/","https:\/\/x.com\/tULEctura_ULE","https:\/\/www.instagram.com\/tulectura.unileon\/","https:\/\/www.pinterest.es\/tulectura\/","https:\/\/www.youtube.com\/channel\/UCoWaDD39lVlAQcOchwlTPVw"]}]}},"_links":{"self":[{"href":"https:\/\/bibliotecas.unileon.es\/tULEctura\/wp-json\/wp\/v2\/pages\/3526","targetHints":{"allow":["GET"]}}],"collection":[{"href":"https:\/\/bibliotecas.unileon.es\/tULEctura\/wp-json\/wp\/v2\/pages"}],"about":[{"href":"https:\/\/bibliotecas.unileon.es\/tULEctura\/wp-json\/wp\/v2\/types\/page"}],"author":[{"embeddable":true,"href":"https:\/\/bibliotecas.unileon.es\/tULEctura\/wp-json\/wp\/v2\/users\/73"}],"replies":[{"embeddable":true,"href":"https:\/\/bibliotecas.unileon.es\/tULEctura\/wp-json\/wp\/v2\/comments?post=3526"}],"version-history":[{"count":1,"href":"https:\/\/bibliotecas.unileon.es\/tULEctura\/wp-json\/wp\/v2\/pages\/3526\/revisions"}],"predecessor-version":[{"id":3527,"href":"https:\/\/bibliotecas.unileon.es\/tULEctura\/wp-json\/wp\/v2\/pages\/3526\/revisions\/3527"}],"up":[{"embeddable":true,"href":"https:\/\/bibliotecas.unileon.es\/tULEctura\/wp-json\/wp\/v2\/pages\/3417"}],"wp:attachment":[{"href":"https:\/\/bibliotecas.unileon.es\/tULEctura\/wp-json\/wp\/v2\/media?parent=3526"}],"curies":[{"name":"wp","href":"https:\/\/api.w.org\/{rel}","templated":true}]}}