{"id":47134,"date":"2019-04-25T13:34:27","date_gmt":"2019-04-25T11:34:27","guid":{"rendered":"http:\/\/bibliotecas.unileon.es\/tULEctura\/?page_id=47134"},"modified":"2023-08-31T11:27:48","modified_gmt":"2023-08-31T09:27:48","slug":"riul-jornadas","status":"publish","type":"page","link":"https:\/\/bibliotecas.unileon.es\/tULEctura\/actividades\/riul-jornadas\/","title":{"rendered":"RIUL (Jornadas)"},"content":{"rendered":"<h3 style=\"text-align: justify;\"><img loading=\"lazy\" decoding=\"async\" class=\"size-full wp-image-49074 aligncenter\" src=\"https:\/\/bibliotecas.unileon.es\/tULEctura\/files\/2023\/08\/RIUL.png\" alt=\"\" width=\"840\" height=\"204\" \/>Desde 2013 se llevan celebrando anualmente en Le\u00f3n las Jornadas de la Red Internacional de Universidades Lectoras sobre Literatura Actual y cada edici\u00f3n supera en \u00e9xito y concurrencia de asistentes a la anterior.<\/h3>\n<div id=\"attachment_5185\" style=\"width: 368px\" class=\"wp-caption alignleft\"><img loading=\"lazy\" decoding=\"async\" aria-describedby=\"caption-attachment-5185\" class=\"wp-image-5185 size-full\" src=\"https:\/\/bibliotecas.unileon.es\/tULEctura\/files\/2017\/02\/troche.jpg\" alt=\"\" width=\"358\" height=\"478\" srcset=\"https:\/\/bibliotecas.unileon.es\/tULEctura\/files\/2017\/02\/troche.jpg 358w, https:\/\/bibliotecas.unileon.es\/tULEctura\/files\/2017\/02\/troche-225x300.jpg 225w\" sizes=\"auto, (max-width: 358px) 100vw, 358px\" \/><p id=\"caption-attachment-5185\" class=\"wp-caption-text\"><a href=\"https:\/\/www.instagram.com\/portroche\/?hl=es\" target=\"_blank\" rel=\"noopener\">Gervasio Troche<\/a><\/p><\/div>\n<p style=\"text-align: justify;\">Estas Jornadas est\u00e1n destinadas a los universitarios, especialistas e interesados en el \u00e1mbito de estudio de la literatura actual, pero tambi\u00e9n al p\u00fablico en general atra\u00eddo por la tem\u00e1tica abordada.\u00a0 Estos encuentros se plantean con los objetivos de potenciar la lectura y escritura, tener un seguimiento de las \u00a0manifestaciones de la literatura actual y disfrutar de las letras con el conjunto de la sociedad leonesa y con quien nos quiera visitar en esos d\u00edas. Todo el mundo podr\u00e1 asistir de forma abierta y gratuita a las sesiones y charlas con los autores, o seguirlas a trav\u00e9s de la modalidad as\u00edncrona si se encuentran muy lejos.<\/p>\n<h3 style=\"text-align: justify;\">Con el fin de ofrecer una ense\u00f1anza complementaria y directa al alumnado de la Universidad de Le\u00f3n, es posible <strong>formalizar la matr\u00edcula\u00a0 como Curso de Extensi\u00f3n Universitaria de estas jornadas\u00a0 y beneficiarse de la convalidaci\u00f3n de\u00a0 los cr\u00e9ditos ECTS.<\/strong><\/h3>\n<h3 style=\"text-align: justify;\">Pero\u00a0<strong>aquellas\u00a0 personas que no necesiten certificado de cr\u00e9ditos pueden asistir libre y gratuitamente<\/strong> a las sesiones.<\/h3>\n<p>Esta es la informaci\u00f3n de las jornadas realizas hasta el momento:<\/p>\n<ul>\n<li><strong><a href=\"https:\/\/bibliotecas.unileon.es\/tULEctura\/actividades\/riul-jornadas\/ix-jornadas-de-la-riul-sobre-la-literatura-actual\/\" target=\"_blank\" rel=\"noopener\">IX Jornadas de la RIUL sobre la Literatura Actual<\/a><\/strong><\/li>\n<li><strong><a href=\"https:\/\/bibliotecas.unileon.es\/tULEctura\/actividades\/riul-jornadas\/viii-jornadas-de-la-riul-sobre-la-literatura-actual\/\" target=\"_blank\" rel=\"noopener\">VIII Jornadas de la RIUL sobre la Literatura Actual<\/a><\/strong><\/li>\n<li><strong><a href=\"https:\/\/bibliotecas.unileon.es\/tULEctura\/actividades\/riul-jornadas\/vii-jornadas-de-la-riul-sobre-la-literatura-actual\/\" target=\"_blank\" rel=\"noopener\">VII Jornadas de la RIUL sobre la Literatura Actual\u00a0<\/a><\/strong><\/li>\n<li><strong><a href=\"https:\/\/bibliotecas.unileon.es\/tULEctura\/actividades\/riul-jornadas\/vi-jornadas-riul-literatura-actual\/\" target=\"_blank\" rel=\"noopener\">VI Jornadas de la RIUL sobre la Literatura Actual\u00a0<\/a><\/strong><\/li>\n<li><strong><a href=\"https:\/\/bibliotecas.unileon.es\/tULEctura\/actividades\/riul-jornadas\/v-jornadas-de-la-riul-sobre-la-literatura-actual\/\" target=\"_blank\" rel=\"noopener\">V Jornadas de la RIUL sobre la Literatura Actual<\/a><\/strong><\/li>\n<li><strong><a href=\"https:\/\/bibliotecas.unileon.es\/tULEctura\/actividades\/riul-jornadas\/iv-jornadas-de-la-riul-sobre-la-literatura-actual\/\" target=\"_blank\" rel=\"noopener\">IV Jornadas de la RIUL sobre la Literatura Actual<\/a><\/strong><\/li>\n<li><strong><a href=\"https:\/\/bibliotecas.unileon.es\/tULEctura\/actividades\/riul-jornadas\/iii-jornadas-de-la-riul-sobre-la-literatura-actual\/\" target=\"_blank\" rel=\"noopener\">III Jornadas de la RIUL sobre la Literatura Actual\u00a0<\/a><\/strong><\/li>\n<li><strong><a href=\"https:\/\/bibliotecas.unileon.es\/tULEctura\/actividades\/riul-jornadas\/ii-jornadas-de-la-riul-sobre-la-literatura-actual\/\" target=\"_blank\" rel=\"noopener\">II Jornadas de la RIUL sobre la Literatura Actual<\/a><\/strong><\/li>\n<li><strong><a href=\"https:\/\/bibliotecas.unileon.es\/tULEctura\/actividades\/riul-jornadas\/jornadas-de-la-riul-sobre-la-literatura-actual\/\" target=\"_blank\" rel=\"noopener\">I Jornadas de la RIUL sobre la Literatura Actual\u00a0<\/a><\/strong><\/li>\n<\/ul>\n","protected":false},"excerpt":{"rendered":"<p>Desde 2013 se llevan celebrando anualmente en Le\u00f3n las Jornadas de la Red Internacional de Universidades Lectoras sobre Literatura Actual y cada edici\u00f3n supera en \u00e9xito y concurrencia de asistentes a la anterior. Estas Jornadas est\u00e1n destinadas a los universitarios, especialistas e interesados en el \u00e1mbito de estudio de la literatura actual, pero tambi\u00e9n al [&hellip;]<\/p>\n","protected":false},"author":73,"featured_media":0,"parent":12,"menu_order":0,"comment_status":"closed","ping_status":"closed","template":"","meta":{"_bbp_topic_count":0,"_bbp_reply_count":0,"_bbp_total_topic_count":0,"_bbp_total_reply_count":0,"_bbp_voice_count":0,"_bbp_anonymous_reply_count":0,"_bbp_topic_count_hidden":0,"_bbp_reply_count_hidden":0,"_bbp_forum_subforum_count":0,"_monsterinsights_skip_tracking":false,"_monsterinsights_sitenote_active":false,"_monsterinsights_sitenote_note":"","_monsterinsights_sitenote_category":0,"footnotes":""},"class_list":["post-47134","page","type-page","status-publish","hentry"],"yoast_head":"<!-- This site is optimized with the Yoast SEO plugin v25.8 - https:\/\/yoast.com\/wordpress\/plugins\/seo\/ -->\n<title>RIUL (Jornadas) - tULEctura<\/title>\n<meta name=\"robots\" content=\"index, follow, max-snippet:-1, max-image-preview:large, max-video-preview:-1\" \/>\n<link rel=\"canonical\" href=\"https:\/\/bibliotecas.unileon.es\/tULEctura\/actividades\/riul-jornadas\/\" \/>\n<meta property=\"og:locale\" content=\"es_ES\" \/>\n<meta property=\"og:type\" content=\"article\" \/>\n<meta property=\"og:title\" content=\"RIUL (Jornadas) - tULEctura\" \/>\n<meta property=\"og:description\" content=\"Desde 2013 se llevan celebrando anualmente en Le\u00f3n las Jornadas de la Red Internacional de Universidades Lectoras sobre Literatura Actual y cada edici\u00f3n supera en \u00e9xito y concurrencia de asistentes a la anterior. Estas Jornadas est\u00e1n destinadas a los universitarios, especialistas e interesados en el \u00e1mbito de estudio de la literatura actual, pero tambi\u00e9n al [&hellip;]\" \/>\n<meta property=\"og:url\" content=\"https:\/\/bibliotecas.unileon.es\/tULEctura\/actividades\/riul-jornadas\/\" \/>\n<meta property=\"og:site_name\" content=\"tULEctura\" \/>\n<meta property=\"article:publisher\" content=\"https:\/\/www.facebook.com\/tulectura.unileon\/\" \/>\n<meta property=\"article:modified_time\" content=\"2023-08-31T09:27:48+00:00\" \/>\n<meta property=\"og:image\" content=\"https:\/\/bibliotecas.unileon.es\/tULEctura\/files\/2023\/08\/RIUL.png\" \/>\n<meta name=\"twitter:card\" content=\"summary_large_image\" \/>\n<meta name=\"twitter:site\" content=\"@tULEctura_ULE\" \/>\n<meta name=\"twitter:label1\" content=\"Tiempo de lectura\" \/>\n\t<meta name=\"twitter:data1\" content=\"2 minutos\" \/>\n<script type=\"application\/ld+json\" class=\"yoast-schema-graph\">{\"@context\":\"https:\/\/schema.org\",\"@graph\":[{\"@type\":\"WebPage\",\"@id\":\"https:\/\/bibliotecas.unileon.es\/tULEctura\/actividades\/riul-jornadas\/\",\"url\":\"https:\/\/bibliotecas.unileon.es\/tULEctura\/actividades\/riul-jornadas\/\",\"name\":\"RIUL (Jornadas) - tULEctura\",\"isPartOf\":{\"@id\":\"https:\/\/bibliotecas.unileon.es\/tULEctura\/#website\"},\"primaryImageOfPage\":{\"@id\":\"https:\/\/bibliotecas.unileon.es\/tULEctura\/actividades\/riul-jornadas\/#primaryimage\"},\"image\":{\"@id\":\"https:\/\/bibliotecas.unileon.es\/tULEctura\/actividades\/riul-jornadas\/#primaryimage\"},\"thumbnailUrl\":\"https:\/\/bibliotecas.unileon.es\/tULEctura\/files\/2023\/08\/RIUL.png\",\"datePublished\":\"2019-04-25T11:34:27+00:00\",\"dateModified\":\"2023-08-31T09:27:48+00:00\",\"breadcrumb\":{\"@id\":\"https:\/\/bibliotecas.unileon.es\/tULEctura\/actividades\/riul-jornadas\/#breadcrumb\"},\"inLanguage\":\"es\",\"potentialAction\":[{\"@type\":\"ReadAction\",\"target\":[\"https:\/\/bibliotecas.unileon.es\/tULEctura\/actividades\/riul-jornadas\/\"]}]},{\"@type\":\"ImageObject\",\"inLanguage\":\"es\",\"@id\":\"https:\/\/bibliotecas.unileon.es\/tULEctura\/actividades\/riul-jornadas\/#primaryimage\",\"url\":\"https:\/\/bibliotecas.unileon.es\/tULEctura\/files\/2023\/08\/RIUL.png\",\"contentUrl\":\"https:\/\/bibliotecas.unileon.es\/tULEctura\/files\/2023\/08\/RIUL.png\",\"width\":840,\"height\":204},{\"@type\":\"BreadcrumbList\",\"@id\":\"https:\/\/bibliotecas.unileon.es\/tULEctura\/actividades\/riul-jornadas\/#breadcrumb\",\"itemListElement\":[{\"@type\":\"ListItem\",\"position\":1,\"name\":\"Home\",\"item\":\"https:\/\/bibliotecas.unileon.es\/tULEctura\/\"},{\"@type\":\"ListItem\",\"position\":2,\"name\":\"Eventos\",\"item\":\"https:\/\/bibliotecas.unileon.es\/tULEctura\/actividades\/\"},{\"@type\":\"ListItem\",\"position\":3,\"name\":\"RIUL (Jornadas)\"}]},{\"@type\":\"WebSite\",\"@id\":\"https:\/\/bibliotecas.unileon.es\/tULEctura\/#website\",\"url\":\"https:\/\/bibliotecas.unileon.es\/tULEctura\/\",\"name\":\"tULEctura\",\"description\":\"Espacio de la Universidad de Le\u00f3n dedicado a la lectura\",\"publisher\":{\"@id\":\"https:\/\/bibliotecas.unileon.es\/tULEctura\/#organization\"},\"potentialAction\":[{\"@type\":\"SearchAction\",\"target\":{\"@type\":\"EntryPoint\",\"urlTemplate\":\"https:\/\/bibliotecas.unileon.es\/tULEctura\/?s={search_term_string}\"},\"query-input\":{\"@type\":\"PropertyValueSpecification\",\"valueRequired\":true,\"valueName\":\"search_term_string\"}}],\"inLanguage\":\"es\"},{\"@type\":\"Organization\",\"@id\":\"https:\/\/bibliotecas.unileon.es\/tULEctura\/#organization\",\"name\":\"Universidad de Le\u00f3n\",\"url\":\"https:\/\/bibliotecas.unileon.es\/tULEctura\/\",\"logo\":{\"@type\":\"ImageObject\",\"inLanguage\":\"es\",\"@id\":\"https:\/\/bibliotecas.unileon.es\/tULEctura\/#\/schema\/logo\/image\/\",\"url\":\"https:\/\/bibliotecas.unileon.es\/tULEctura\/files\/2018\/08\/TULECTURA_LOGO1.png\",\"contentUrl\":\"https:\/\/bibliotecas.unileon.es\/tULEctura\/files\/2018\/08\/TULECTURA_LOGO1.png\",\"width\":\"960\",\"height\":\"258\",\"caption\":\"Universidad de Le\u00f3n\"},\"image\":{\"@id\":\"https:\/\/bibliotecas.unileon.es\/tULEctura\/#\/schema\/logo\/image\/\"},\"sameAs\":[\"https:\/\/www.facebook.com\/tulectura.unileon\/\",\"https:\/\/x.com\/tULEctura_ULE\",\"https:\/\/www.instagram.com\/tulectura.unileon\/\",\"https:\/\/www.pinterest.es\/tulectura\/\",\"https:\/\/www.youtube.com\/channel\/UCoWaDD39lVlAQcOchwlTPVw\"]}]}<\/script>\n<!-- \/ Yoast SEO plugin. -->","yoast_head_json":{"title":"RIUL (Jornadas) - tULEctura","robots":{"index":"index","follow":"follow","max-snippet":"max-snippet:-1","max-image-preview":"max-image-preview:large","max-video-preview":"max-video-preview:-1"},"canonical":"https:\/\/bibliotecas.unileon.es\/tULEctura\/actividades\/riul-jornadas\/","og_locale":"es_ES","og_type":"article","og_title":"RIUL (Jornadas) - tULEctura","og_description":"Desde 2013 se llevan celebrando anualmente en Le\u00f3n las Jornadas de la Red Internacional de Universidades Lectoras sobre Literatura Actual y cada edici\u00f3n supera en \u00e9xito y concurrencia de asistentes a la anterior. Estas Jornadas est\u00e1n destinadas a los universitarios, especialistas e interesados en el \u00e1mbito de estudio de la literatura actual, pero tambi\u00e9n al [&hellip;]","og_url":"https:\/\/bibliotecas.unileon.es\/tULEctura\/actividades\/riul-jornadas\/","og_site_name":"tULEctura","article_publisher":"https:\/\/www.facebook.com\/tulectura.unileon\/","article_modified_time":"2023-08-31T09:27:48+00:00","og_image":[{"url":"https:\/\/bibliotecas.unileon.es\/tULEctura\/files\/2023\/08\/RIUL.png","type":"","width":"","height":""}],"twitter_card":"summary_large_image","twitter_site":"@tULEctura_ULE","twitter_misc":{"Tiempo de lectura":"2 minutos"},"schema":{"@context":"https:\/\/schema.org","@graph":[{"@type":"WebPage","@id":"https:\/\/bibliotecas.unileon.es\/tULEctura\/actividades\/riul-jornadas\/","url":"https:\/\/bibliotecas.unileon.es\/tULEctura\/actividades\/riul-jornadas\/","name":"RIUL (Jornadas) - tULEctura","isPartOf":{"@id":"https:\/\/bibliotecas.unileon.es\/tULEctura\/#website"},"primaryImageOfPage":{"@id":"https:\/\/bibliotecas.unileon.es\/tULEctura\/actividades\/riul-jornadas\/#primaryimage"},"image":{"@id":"https:\/\/bibliotecas.unileon.es\/tULEctura\/actividades\/riul-jornadas\/#primaryimage"},"thumbnailUrl":"https:\/\/bibliotecas.unileon.es\/tULEctura\/files\/2023\/08\/RIUL.png","datePublished":"2019-04-25T11:34:27+00:00","dateModified":"2023-08-31T09:27:48+00:00","breadcrumb":{"@id":"https:\/\/bibliotecas.unileon.es\/tULEctura\/actividades\/riul-jornadas\/#breadcrumb"},"inLanguage":"es","potentialAction":[{"@type":"ReadAction","target":["https:\/\/bibliotecas.unileon.es\/tULEctura\/actividades\/riul-jornadas\/"]}]},{"@type":"ImageObject","inLanguage":"es","@id":"https:\/\/bibliotecas.unileon.es\/tULEctura\/actividades\/riul-jornadas\/#primaryimage","url":"https:\/\/bibliotecas.unileon.es\/tULEctura\/files\/2023\/08\/RIUL.png","contentUrl":"https:\/\/bibliotecas.unileon.es\/tULEctura\/files\/2023\/08\/RIUL.png","width":840,"height":204},{"@type":"BreadcrumbList","@id":"https:\/\/bibliotecas.unileon.es\/tULEctura\/actividades\/riul-jornadas\/#breadcrumb","itemListElement":[{"@type":"ListItem","position":1,"name":"Home","item":"https:\/\/bibliotecas.unileon.es\/tULEctura\/"},{"@type":"ListItem","position":2,"name":"Eventos","item":"https:\/\/bibliotecas.unileon.es\/tULEctura\/actividades\/"},{"@type":"ListItem","position":3,"name":"RIUL (Jornadas)"}]},{"@type":"WebSite","@id":"https:\/\/bibliotecas.unileon.es\/tULEctura\/#website","url":"https:\/\/bibliotecas.unileon.es\/tULEctura\/","name":"tULEctura","description":"Espacio de la Universidad de Le\u00f3n dedicado a la lectura","publisher":{"@id":"https:\/\/bibliotecas.unileon.es\/tULEctura\/#organization"},"potentialAction":[{"@type":"SearchAction","target":{"@type":"EntryPoint","urlTemplate":"https:\/\/bibliotecas.unileon.es\/tULEctura\/?s={search_term_string}"},"query-input":{"@type":"PropertyValueSpecification","valueRequired":true,"valueName":"search_term_string"}}],"inLanguage":"es"},{"@type":"Organization","@id":"https:\/\/bibliotecas.unileon.es\/tULEctura\/#organization","name":"Universidad de Le\u00f3n","url":"https:\/\/bibliotecas.unileon.es\/tULEctura\/","logo":{"@type":"ImageObject","inLanguage":"es","@id":"https:\/\/bibliotecas.unileon.es\/tULEctura\/#\/schema\/logo\/image\/","url":"https:\/\/bibliotecas.unileon.es\/tULEctura\/files\/2018\/08\/TULECTURA_LOGO1.png","contentUrl":"https:\/\/bibliotecas.unileon.es\/tULEctura\/files\/2018\/08\/TULECTURA_LOGO1.png","width":"960","height":"258","caption":"Universidad de Le\u00f3n"},"image":{"@id":"https:\/\/bibliotecas.unileon.es\/tULEctura\/#\/schema\/logo\/image\/"},"sameAs":["https:\/\/www.facebook.com\/tulectura.unileon\/","https:\/\/x.com\/tULEctura_ULE","https:\/\/www.instagram.com\/tulectura.unileon\/","https:\/\/www.pinterest.es\/tulectura\/","https:\/\/www.youtube.com\/channel\/UCoWaDD39lVlAQcOchwlTPVw"]}]}},"_links":{"self":[{"href":"https:\/\/bibliotecas.unileon.es\/tULEctura\/wp-json\/wp\/v2\/pages\/47134","targetHints":{"allow":["GET"]}}],"collection":[{"href":"https:\/\/bibliotecas.unileon.es\/tULEctura\/wp-json\/wp\/v2\/pages"}],"about":[{"href":"https:\/\/bibliotecas.unileon.es\/tULEctura\/wp-json\/wp\/v2\/types\/page"}],"author":[{"embeddable":true,"href":"https:\/\/bibliotecas.unileon.es\/tULEctura\/wp-json\/wp\/v2\/users\/73"}],"replies":[{"embeddable":true,"href":"https:\/\/bibliotecas.unileon.es\/tULEctura\/wp-json\/wp\/v2\/comments?post=47134"}],"version-history":[{"count":1,"href":"https:\/\/bibliotecas.unileon.es\/tULEctura\/wp-json\/wp\/v2\/pages\/47134\/revisions"}],"predecessor-version":[{"id":49066,"href":"https:\/\/bibliotecas.unileon.es\/tULEctura\/wp-json\/wp\/v2\/pages\/47134\/revisions\/49066"}],"up":[{"embeddable":true,"href":"https:\/\/bibliotecas.unileon.es\/tULEctura\/wp-json\/wp\/v2\/pages\/12"}],"wp:attachment":[{"href":"https:\/\/bibliotecas.unileon.es\/tULEctura\/wp-json\/wp\/v2\/media?parent=47134"}],"curies":[{"name":"wp","href":"https:\/\/api.w.org\/{rel}","templated":true}]}}