{"id":47382,"date":"2019-07-15T12:00:09","date_gmt":"2019-07-15T10:00:09","guid":{"rendered":"http:\/\/bibliotecas.unileon.es\/tULEctura\/?page_id=47382"},"modified":"2019-10-10T18:58:52","modified_gmt":"2019-10-10T16:58:52","slug":"agua-verde-cielo-verde-mavis-gallant","status":"publish","type":"page","link":"https:\/\/bibliotecas.unileon.es\/tULEctura\/pagina-ejemplo\/curso-2019-2020\/agua-verde-cielo-verde-mavis-gallant\/","title":{"rendered":"Lectura 1: Agua verde, cielo verde"},"content":{"rendered":"<h2 style=\"text-align: center;\"><span style=\"color: #008000;\">\u00abAgua verde, cielo verde\u00bb, de\u00a0 Mavis Gallant\u00a0<\/span><\/h2>\n<p>&nbsp;<\/p>\n<p><img loading=\"lazy\" decoding=\"async\" class=\"alignright wp-image-47383\" src=\"http:\/\/bibliotecas.unileon.es\/tULEctura\/files\/2019\/07\/Agua-verde-cielo-verd-196x300.jpg\" alt=\"\" width=\"186\" height=\"285\" srcset=\"https:\/\/bibliotecas.unileon.es\/tULEctura\/files\/2019\/07\/Agua-verde-cielo-verd-196x300.jpg 196w, https:\/\/bibliotecas.unileon.es\/tULEctura\/files\/2019\/07\/Agua-verde-cielo-verd-768x1178.jpg 768w, https:\/\/bibliotecas.unileon.es\/tULEctura\/files\/2019\/07\/Agua-verde-cielo-verd-668x1024.jpg 668w, https:\/\/bibliotecas.unileon.es\/tULEctura\/files\/2019\/07\/Agua-verde-cielo-verd-624x957.jpg 624w, https:\/\/bibliotecas.unileon.es\/tULEctura\/files\/2019\/07\/Agua-verde-cielo-verd.jpg 1540w\" sizes=\"auto, (max-width: 186px) 100vw, 186px\" \/><\/p>\n<p>Gallant, Mavis<br \/>\nAgua verde, cielo verde \/ Mavis Gallant ; traducci\u00f3n del ingl\u00e9s a cargo de Miguel Ros Gonz\u00e1lez<br \/>\nMadrid : Impedimenta , 2018<br \/>\n187 p.<br \/>\n978-84-17115-56-2<\/p>\n<p>&nbsp;<\/p>\n<p><span style=\"color: #008000;\"><strong>Calendario<\/strong><\/span><\/p>\n<ul>\n<li style=\"text-align: justify;\">30 de septiembre de 2019: <strong><a href=\"https:\/\/bibliotecas.unileon.es\/tULEctura\/2019\/09\/30\/guia-a-la-lectura-agua-verde-cielo-verde-de-mavis-gallant\/\" target=\"_blank\" rel=\"noopener noreferrer\">Coloquio participativo de gu\u00eda a la lectura.<\/a><\/strong><\/li>\n<li style=\"text-align: justify;\">7\u00a0 de octubre de 2019:: <strong><a href=\"https:\/\/bibliotecas.unileon.es\/tULEctura\/2019\/10\/10\/agua-verde-cielo-verde-de-mavis-gallant-coloquio\/\" target=\"_blank\" rel=\"noopener noreferrer\">Coloquio participativo de los socios<\/a>.<\/strong><\/li>\n<\/ul>\n<p><span style=\"color: #008000;\"><strong>Lugar y horario<\/strong><\/span><\/p>\n<p>Los encuentros de esta \u00a0lectura tendr\u00e1n lugar en la sala de conferencias de la Biblioteca General San Isidoro a las 19:00 horas. Se ruega puntualidad.<\/p>\n<p><strong><span style=\"color: #339966;\">La obra\u00a0(informaci\u00f3n de la editorial)<\/span><\/strong><\/p>\n<p style=\"text-align: justify;\">Flor McCarthy lleva una existencia que a muchos podr\u00eda parecerles id\u00edlica. Despu\u00e9s del traum\u00e1tico divorcio de su madre, que ya no puede soportar seguir viviendo en Am\u00e9rica, ambas emprenden un largo viaje por distintos pa\u00edses de Europa. Recalan en ciudades como Venecia, Cannes y Par\u00eds, pero el encanto es solo aparente. Abocadas al exilio, madre e hija dependen de la caridad de sus familiares y, oculta tras un velo de falso glamour, aparece frente a ellas la locura de un desarraigo marcado por la dependencia f\u00edsica y emocional. La vida de Flor se va transformando en una pesadilla expuesta ante las miradas de aquellos con quienes se encuentra a lo largo de los a\u00f1os, como su t\u00edmido primo George o los amigos ocasionales de su madre. Su b\u00fasqueda de protecci\u00f3n aflora tras cada encuentro en una clara derivaci\u00f3n de su necesidad de contar con un hogar al que regresar.<\/p>\n<p><strong><span style=\"color: #339966;\">La autora\u00a0(informaci\u00f3n de la editorial)<\/span><\/strong><\/p>\n<p style=\"text-align: justify;\"><span style=\"color: #339966;\"><strong>Mavis Gallant<\/strong> <\/span>(Montreal, 1922 &#8211; Par\u00eds, 2014)\u00a0naci\u00f3 en 1922 en Montreal, Quebec. Cuando ten\u00eda diez a\u00f1os, tras el fallecimiento de su padre, su madre volvi\u00f3 a casarse r\u00e1pidamente y se mud\u00f3 a Nueva York, dej\u00e1ndola en manos de un tutor legal. Gallant no supo nada de algunos episodios de esta \u00e9poca de su vida hasta varios a\u00f1os despu\u00e9s. Sobre su madre lleg\u00f3 a escribir en The New York Times: \u00abTuve una madre que no deber\u00eda haber tenido hijos jam\u00e1s\u00bb.<br \/>\nA los veinte a\u00f1os, contrajo matrimonio con un m\u00fasico, John Gallant, del que se divorciar\u00eda cinco a\u00f1os m\u00e1s tarde. Comenz\u00f3 su carrera como reportera en<br \/>\nel\u00a0Montreal Standard\u00a0mientras publicaba, en los a\u00f1os 40, sus primeros relatos cortos en las revistas\u00a0Preview\u00a0y\u00a0Northern Review. En 1950 se consagr\u00f3 enteramente a la ficci\u00f3n y decidi\u00f3 mudarse a Europa con la esperanza de poder salir adelante exclusivamente con su escritura. Vivi\u00f3 una temporada en Espa\u00f1a antes de mudarse a Par\u00eds, donde residir\u00eda ya el resto de su vida. En septiembre del a\u00f1o 1951,\u00a0The New Yorker\u00a0public\u00f3 el que ser\u00eda su primer relato de alcance internacional: \u00abMadeline\u2019s Birthday\u00bb. Esta cabecera continu\u00f3 publicando sus cuentos, pero Gallant no lo supo hasta que vio su nombre en una revista que encontr\u00f3 por casualidad. Su agente literario, Jacques Chambrun, le hab\u00eda estafado m\u00e1s de mil d\u00f3lares en derechos de autor despu\u00e9s de asegurarle que sus historias hab\u00edan sido rechazadas. En cualquier caso, aquel fue el comienzo de una estrecha relaci\u00f3n entre Gallant y\u00a0The New Yorker, donde publicar\u00eda m\u00e1s de un centenar de relatos a lo largo de su vida, poni\u00e9ndose a la altura de escritores como John Cheever o John Updike. Aparte de Alice Munro, Mavis Gallant es una de las pocas plumas canadienses cuyas obras aparecieron con regularidad en esta revista. Durante su vida, escribi\u00f3 dos novelas,\u00a0Agua verde, cielo verde\u00a0(1959) y\u00a0A Fairly Good Time\u00a0(1970); una pieza dram\u00e1tica,\u00a0What Is to Be Done?\u00a0(1984), y una compilaci\u00f3n de textos de no ficci\u00f3n bajo el t\u00edtulo\u00a0Paris Notebooks: Selected Essays and Reviews\u00a0(1986), am\u00e9n de varias colecciones de relatos que siempre obtuvieron tanto el aplauso de la cr\u00edtica como el del p\u00fablico. Falleci\u00f3 en 2014 en Par\u00eds.Agua verde cielo verde<\/p>\n<p><span style=\"color: #339966;\"><strong>Puedes empezar a leer\u00a0 la obra<span style=\"color: #339966;\"><a style=\"color: #339966;\" href=\"http:\/\/bibliotecas.unileon.es\/tULEctura\/files\/2019\/07\/Agua-verde-cielo-verde.pdf\" class=\"mtli_attachment mtli_pdf\" target=\"_blank\" rel=\"noopener noreferrer\"> \u00abAgua verde, cielo verde\u00bb<\/a>,<\/span> de\u00a0 Mavis Gallant .<\/strong><\/span><\/p>\n","protected":false},"excerpt":{"rendered":"<p>\u00abAgua verde, cielo verde\u00bb, de\u00a0 Mavis Gallant\u00a0 &nbsp; Gallant, Mavis Agua verde, cielo verde \/ Mavis Gallant ; traducci\u00f3n del ingl\u00e9s a cargo de Miguel Ros Gonz\u00e1lez Madrid : Impedimenta , 2018 187 p. 978-84-17115-56-2 &nbsp; Calendario 30 de septiembre de 2019: Coloquio participativo de gu\u00eda a la lectura. 7\u00a0 de octubre de 2019:: Coloquio [&hellip;]<\/p>\n","protected":false},"author":73,"featured_media":0,"parent":47381,"menu_order":1,"comment_status":"closed","ping_status":"closed","template":"","meta":{"_bbp_topic_count":0,"_bbp_reply_count":0,"_bbp_total_topic_count":0,"_bbp_total_reply_count":0,"_bbp_voice_count":0,"_bbp_anonymous_reply_count":0,"_bbp_topic_count_hidden":0,"_bbp_reply_count_hidden":0,"_bbp_forum_subforum_count":0,"_monsterinsights_skip_tracking":false,"_monsterinsights_sitenote_active":false,"_monsterinsights_sitenote_note":"","_monsterinsights_sitenote_category":0,"footnotes":""},"class_list":["post-47382","page","type-page","status-publish","hentry"],"yoast_head":"<!-- This site is optimized with the Yoast SEO plugin v25.8 - https:\/\/yoast.com\/wordpress\/plugins\/seo\/ -->\n<title>Lectura 1: Agua verde, cielo verde - tULEctura<\/title>\n<meta name=\"robots\" content=\"index, follow, max-snippet:-1, max-image-preview:large, max-video-preview:-1\" \/>\n<link rel=\"canonical\" href=\"https:\/\/bibliotecas.unileon.es\/tULEctura\/pagina-ejemplo\/curso-2019-2020\/agua-verde-cielo-verde-mavis-gallant\/\" \/>\n<meta property=\"og:locale\" content=\"es_ES\" \/>\n<meta property=\"og:type\" content=\"article\" \/>\n<meta property=\"og:title\" content=\"Lectura 1: Agua verde, cielo verde - tULEctura\" \/>\n<meta property=\"og:description\" content=\"\u00abAgua verde, cielo verde\u00bb, de\u00a0 Mavis Gallant\u00a0 &nbsp; Gallant, Mavis Agua verde, cielo verde \/ Mavis Gallant ; traducci\u00f3n del ingl\u00e9s a cargo de Miguel Ros Gonz\u00e1lez Madrid : Impedimenta , 2018 187 p. 978-84-17115-56-2 &nbsp; Calendario 30 de septiembre de 2019: Coloquio participativo de gu\u00eda a la lectura. 7\u00a0 de octubre de 2019:: Coloquio [&hellip;]\" \/>\n<meta property=\"og:url\" content=\"https:\/\/bibliotecas.unileon.es\/tULEctura\/pagina-ejemplo\/curso-2019-2020\/agua-verde-cielo-verde-mavis-gallant\/\" \/>\n<meta property=\"og:site_name\" content=\"tULEctura\" \/>\n<meta property=\"article:publisher\" content=\"https:\/\/www.facebook.com\/tulectura.unileon\/\" \/>\n<meta property=\"article:modified_time\" content=\"2019-10-10T16:58:52+00:00\" \/>\n<meta property=\"og:image\" content=\"https:\/\/bibliotecas.unileon.es\/tULEctura\/files\/2019\/07\/Agua-verde-cielo-verd.jpg\" \/>\n\t<meta property=\"og:image:width\" content=\"1540\" \/>\n\t<meta property=\"og:image:height\" content=\"2362\" \/>\n\t<meta property=\"og:image:type\" content=\"image\/jpeg\" \/>\n<meta name=\"twitter:card\" content=\"summary_large_image\" \/>\n<meta name=\"twitter:site\" content=\"@tULEctura_ULE\" \/>\n<meta name=\"twitter:label1\" content=\"Tiempo de lectura\" \/>\n\t<meta name=\"twitter:data1\" content=\"3 minutos\" \/>\n<script type=\"application\/ld+json\" class=\"yoast-schema-graph\">{\"@context\":\"https:\/\/schema.org\",\"@graph\":[{\"@type\":\"WebPage\",\"@id\":\"https:\/\/bibliotecas.unileon.es\/tULEctura\/pagina-ejemplo\/curso-2019-2020\/agua-verde-cielo-verde-mavis-gallant\/\",\"url\":\"https:\/\/bibliotecas.unileon.es\/tULEctura\/pagina-ejemplo\/curso-2019-2020\/agua-verde-cielo-verde-mavis-gallant\/\",\"name\":\"Lectura 1: Agua verde, cielo verde - tULEctura\",\"isPartOf\":{\"@id\":\"https:\/\/bibliotecas.unileon.es\/tULEctura\/#website\"},\"primaryImageOfPage\":{\"@id\":\"https:\/\/bibliotecas.unileon.es\/tULEctura\/pagina-ejemplo\/curso-2019-2020\/agua-verde-cielo-verde-mavis-gallant\/#primaryimage\"},\"image\":{\"@id\":\"https:\/\/bibliotecas.unileon.es\/tULEctura\/pagina-ejemplo\/curso-2019-2020\/agua-verde-cielo-verde-mavis-gallant\/#primaryimage\"},\"thumbnailUrl\":\"http:\/\/bibliotecas.unileon.es\/tULEctura\/files\/2019\/07\/Agua-verde-cielo-verd-196x300.jpg\",\"datePublished\":\"2019-07-15T10:00:09+00:00\",\"dateModified\":\"2019-10-10T16:58:52+00:00\",\"breadcrumb\":{\"@id\":\"https:\/\/bibliotecas.unileon.es\/tULEctura\/pagina-ejemplo\/curso-2019-2020\/agua-verde-cielo-verde-mavis-gallant\/#breadcrumb\"},\"inLanguage\":\"es\",\"potentialAction\":[{\"@type\":\"ReadAction\",\"target\":[\"https:\/\/bibliotecas.unileon.es\/tULEctura\/pagina-ejemplo\/curso-2019-2020\/agua-verde-cielo-verde-mavis-gallant\/\"]}]},{\"@type\":\"ImageObject\",\"inLanguage\":\"es\",\"@id\":\"https:\/\/bibliotecas.unileon.es\/tULEctura\/pagina-ejemplo\/curso-2019-2020\/agua-verde-cielo-verde-mavis-gallant\/#primaryimage\",\"url\":\"https:\/\/bibliotecas.unileon.es\/tULEctura\/files\/2019\/07\/Agua-verde-cielo-verd.jpg\",\"contentUrl\":\"https:\/\/bibliotecas.unileon.es\/tULEctura\/files\/2019\/07\/Agua-verde-cielo-verd.jpg\",\"width\":1540,\"height\":2362,\"caption\":\"(Madrid: Impedimenta, 2018)\"},{\"@type\":\"BreadcrumbList\",\"@id\":\"https:\/\/bibliotecas.unileon.es\/tULEctura\/pagina-ejemplo\/curso-2019-2020\/agua-verde-cielo-verde-mavis-gallant\/#breadcrumb\",\"itemListElement\":[{\"@type\":\"ListItem\",\"position\":1,\"name\":\"Home\",\"item\":\"https:\/\/bibliotecas.unileon.es\/tULEctura\/\"},{\"@type\":\"ListItem\",\"position\":2,\"name\":\"Club de Lectura\",\"item\":\"https:\/\/bibliotecas.unileon.es\/tULEctura\/pagina-ejemplo\/\"},{\"@type\":\"ListItem\",\"position\":3,\"name\":\"Curso 2019-2020\",\"item\":\"https:\/\/bibliotecas.unileon.es\/tULEctura\/pagina-ejemplo\/curso-2019-2020\/\"},{\"@type\":\"ListItem\",\"position\":4,\"name\":\"Lectura 1: Agua verde, cielo verde\"}]},{\"@type\":\"WebSite\",\"@id\":\"https:\/\/bibliotecas.unileon.es\/tULEctura\/#website\",\"url\":\"https:\/\/bibliotecas.unileon.es\/tULEctura\/\",\"name\":\"tULEctura\",\"description\":\"Espacio de la Universidad de Le\u00f3n dedicado a la lectura\",\"publisher\":{\"@id\":\"https:\/\/bibliotecas.unileon.es\/tULEctura\/#organization\"},\"potentialAction\":[{\"@type\":\"SearchAction\",\"target\":{\"@type\":\"EntryPoint\",\"urlTemplate\":\"https:\/\/bibliotecas.unileon.es\/tULEctura\/?s={search_term_string}\"},\"query-input\":{\"@type\":\"PropertyValueSpecification\",\"valueRequired\":true,\"valueName\":\"search_term_string\"}}],\"inLanguage\":\"es\"},{\"@type\":\"Organization\",\"@id\":\"https:\/\/bibliotecas.unileon.es\/tULEctura\/#organization\",\"name\":\"Universidad de Le\u00f3n\",\"url\":\"https:\/\/bibliotecas.unileon.es\/tULEctura\/\",\"logo\":{\"@type\":\"ImageObject\",\"inLanguage\":\"es\",\"@id\":\"https:\/\/bibliotecas.unileon.es\/tULEctura\/#\/schema\/logo\/image\/\",\"url\":\"https:\/\/bibliotecas.unileon.es\/tULEctura\/files\/2018\/08\/TULECTURA_LOGO1.png\",\"contentUrl\":\"https:\/\/bibliotecas.unileon.es\/tULEctura\/files\/2018\/08\/TULECTURA_LOGO1.png\",\"width\":\"960\",\"height\":\"258\",\"caption\":\"Universidad de Le\u00f3n\"},\"image\":{\"@id\":\"https:\/\/bibliotecas.unileon.es\/tULEctura\/#\/schema\/logo\/image\/\"},\"sameAs\":[\"https:\/\/www.facebook.com\/tulectura.unileon\/\",\"https:\/\/x.com\/tULEctura_ULE\",\"https:\/\/www.instagram.com\/tulectura.unileon\/\",\"https:\/\/www.pinterest.es\/tulectura\/\",\"https:\/\/www.youtube.com\/channel\/UCoWaDD39lVlAQcOchwlTPVw\"]}]}<\/script>\n<!-- \/ Yoast SEO plugin. -->","yoast_head_json":{"title":"Lectura 1: Agua verde, cielo verde - tULEctura","robots":{"index":"index","follow":"follow","max-snippet":"max-snippet:-1","max-image-preview":"max-image-preview:large","max-video-preview":"max-video-preview:-1"},"canonical":"https:\/\/bibliotecas.unileon.es\/tULEctura\/pagina-ejemplo\/curso-2019-2020\/agua-verde-cielo-verde-mavis-gallant\/","og_locale":"es_ES","og_type":"article","og_title":"Lectura 1: Agua verde, cielo verde - tULEctura","og_description":"\u00abAgua verde, cielo verde\u00bb, de\u00a0 Mavis Gallant\u00a0 &nbsp; Gallant, Mavis Agua verde, cielo verde \/ Mavis Gallant ; traducci\u00f3n del ingl\u00e9s a cargo de Miguel Ros Gonz\u00e1lez Madrid : Impedimenta , 2018 187 p. 978-84-17115-56-2 &nbsp; Calendario 30 de septiembre de 2019: Coloquio participativo de gu\u00eda a la lectura. 7\u00a0 de octubre de 2019:: Coloquio [&hellip;]","og_url":"https:\/\/bibliotecas.unileon.es\/tULEctura\/pagina-ejemplo\/curso-2019-2020\/agua-verde-cielo-verde-mavis-gallant\/","og_site_name":"tULEctura","article_publisher":"https:\/\/www.facebook.com\/tulectura.unileon\/","article_modified_time":"2019-10-10T16:58:52+00:00","og_image":[{"width":1540,"height":2362,"url":"https:\/\/bibliotecas.unileon.es\/tULEctura\/files\/2019\/07\/Agua-verde-cielo-verd.jpg","type":"image\/jpeg"}],"twitter_card":"summary_large_image","twitter_site":"@tULEctura_ULE","twitter_misc":{"Tiempo de lectura":"3 minutos"},"schema":{"@context":"https:\/\/schema.org","@graph":[{"@type":"WebPage","@id":"https:\/\/bibliotecas.unileon.es\/tULEctura\/pagina-ejemplo\/curso-2019-2020\/agua-verde-cielo-verde-mavis-gallant\/","url":"https:\/\/bibliotecas.unileon.es\/tULEctura\/pagina-ejemplo\/curso-2019-2020\/agua-verde-cielo-verde-mavis-gallant\/","name":"Lectura 1: Agua verde, cielo verde - tULEctura","isPartOf":{"@id":"https:\/\/bibliotecas.unileon.es\/tULEctura\/#website"},"primaryImageOfPage":{"@id":"https:\/\/bibliotecas.unileon.es\/tULEctura\/pagina-ejemplo\/curso-2019-2020\/agua-verde-cielo-verde-mavis-gallant\/#primaryimage"},"image":{"@id":"https:\/\/bibliotecas.unileon.es\/tULEctura\/pagina-ejemplo\/curso-2019-2020\/agua-verde-cielo-verde-mavis-gallant\/#primaryimage"},"thumbnailUrl":"http:\/\/bibliotecas.unileon.es\/tULEctura\/files\/2019\/07\/Agua-verde-cielo-verd-196x300.jpg","datePublished":"2019-07-15T10:00:09+00:00","dateModified":"2019-10-10T16:58:52+00:00","breadcrumb":{"@id":"https:\/\/bibliotecas.unileon.es\/tULEctura\/pagina-ejemplo\/curso-2019-2020\/agua-verde-cielo-verde-mavis-gallant\/#breadcrumb"},"inLanguage":"es","potentialAction":[{"@type":"ReadAction","target":["https:\/\/bibliotecas.unileon.es\/tULEctura\/pagina-ejemplo\/curso-2019-2020\/agua-verde-cielo-verde-mavis-gallant\/"]}]},{"@type":"ImageObject","inLanguage":"es","@id":"https:\/\/bibliotecas.unileon.es\/tULEctura\/pagina-ejemplo\/curso-2019-2020\/agua-verde-cielo-verde-mavis-gallant\/#primaryimage","url":"https:\/\/bibliotecas.unileon.es\/tULEctura\/files\/2019\/07\/Agua-verde-cielo-verd.jpg","contentUrl":"https:\/\/bibliotecas.unileon.es\/tULEctura\/files\/2019\/07\/Agua-verde-cielo-verd.jpg","width":1540,"height":2362,"caption":"(Madrid: Impedimenta, 2018)"},{"@type":"BreadcrumbList","@id":"https:\/\/bibliotecas.unileon.es\/tULEctura\/pagina-ejemplo\/curso-2019-2020\/agua-verde-cielo-verde-mavis-gallant\/#breadcrumb","itemListElement":[{"@type":"ListItem","position":1,"name":"Home","item":"https:\/\/bibliotecas.unileon.es\/tULEctura\/"},{"@type":"ListItem","position":2,"name":"Club de Lectura","item":"https:\/\/bibliotecas.unileon.es\/tULEctura\/pagina-ejemplo\/"},{"@type":"ListItem","position":3,"name":"Curso 2019-2020","item":"https:\/\/bibliotecas.unileon.es\/tULEctura\/pagina-ejemplo\/curso-2019-2020\/"},{"@type":"ListItem","position":4,"name":"Lectura 1: Agua verde, cielo verde"}]},{"@type":"WebSite","@id":"https:\/\/bibliotecas.unileon.es\/tULEctura\/#website","url":"https:\/\/bibliotecas.unileon.es\/tULEctura\/","name":"tULEctura","description":"Espacio de la Universidad de Le\u00f3n dedicado a la lectura","publisher":{"@id":"https:\/\/bibliotecas.unileon.es\/tULEctura\/#organization"},"potentialAction":[{"@type":"SearchAction","target":{"@type":"EntryPoint","urlTemplate":"https:\/\/bibliotecas.unileon.es\/tULEctura\/?s={search_term_string}"},"query-input":{"@type":"PropertyValueSpecification","valueRequired":true,"valueName":"search_term_string"}}],"inLanguage":"es"},{"@type":"Organization","@id":"https:\/\/bibliotecas.unileon.es\/tULEctura\/#organization","name":"Universidad de Le\u00f3n","url":"https:\/\/bibliotecas.unileon.es\/tULEctura\/","logo":{"@type":"ImageObject","inLanguage":"es","@id":"https:\/\/bibliotecas.unileon.es\/tULEctura\/#\/schema\/logo\/image\/","url":"https:\/\/bibliotecas.unileon.es\/tULEctura\/files\/2018\/08\/TULECTURA_LOGO1.png","contentUrl":"https:\/\/bibliotecas.unileon.es\/tULEctura\/files\/2018\/08\/TULECTURA_LOGO1.png","width":"960","height":"258","caption":"Universidad de Le\u00f3n"},"image":{"@id":"https:\/\/bibliotecas.unileon.es\/tULEctura\/#\/schema\/logo\/image\/"},"sameAs":["https:\/\/www.facebook.com\/tulectura.unileon\/","https:\/\/x.com\/tULEctura_ULE","https:\/\/www.instagram.com\/tulectura.unileon\/","https:\/\/www.pinterest.es\/tulectura\/","https:\/\/www.youtube.com\/channel\/UCoWaDD39lVlAQcOchwlTPVw"]}]}},"_links":{"self":[{"href":"https:\/\/bibliotecas.unileon.es\/tULEctura\/wp-json\/wp\/v2\/pages\/47382","targetHints":{"allow":["GET"]}}],"collection":[{"href":"https:\/\/bibliotecas.unileon.es\/tULEctura\/wp-json\/wp\/v2\/pages"}],"about":[{"href":"https:\/\/bibliotecas.unileon.es\/tULEctura\/wp-json\/wp\/v2\/types\/page"}],"author":[{"embeddable":true,"href":"https:\/\/bibliotecas.unileon.es\/tULEctura\/wp-json\/wp\/v2\/users\/73"}],"replies":[{"embeddable":true,"href":"https:\/\/bibliotecas.unileon.es\/tULEctura\/wp-json\/wp\/v2\/comments?post=47382"}],"version-history":[{"count":1,"href":"https:\/\/bibliotecas.unileon.es\/tULEctura\/wp-json\/wp\/v2\/pages\/47382\/revisions"}],"predecessor-version":[{"id":47384,"href":"https:\/\/bibliotecas.unileon.es\/tULEctura\/wp-json\/wp\/v2\/pages\/47382\/revisions\/47384"}],"up":[{"embeddable":true,"href":"https:\/\/bibliotecas.unileon.es\/tULEctura\/wp-json\/wp\/v2\/pages\/47381"}],"wp:attachment":[{"href":"https:\/\/bibliotecas.unileon.es\/tULEctura\/wp-json\/wp\/v2\/media?parent=47382"}],"curies":[{"name":"wp","href":"https:\/\/api.w.org\/{rel}","templated":true}]}}