{"id":47943,"date":"2020-07-27T21:56:01","date_gmt":"2020-07-27T19:56:01","guid":{"rendered":"https:\/\/bibliotecas.unileon.es\/tULEctura\/?page_id=47943"},"modified":"2021-08-18T10:01:10","modified_gmt":"2021-08-18T08:01:10","slug":"baba-yaga-puso-un-huevo-dubravka-ugresic","status":"publish","type":"page","link":"https:\/\/bibliotecas.unileon.es\/tULEctura\/pagina-ejemplo\/curso-2020-2021\/baba-yaga-puso-un-huevo-dubravka-ugresic\/","title":{"rendered":"Lectura 3: Baba Yag\u00e1 puso un huevo, de Dubravka Ugresic"},"content":{"rendered":"<h1 style=\"text-align: center;\"><span style=\"color: #cf1515;\">\u00a0Baba Yag\u00e1 puso un huevo, de Dubravka Ugresic<\/span><img loading=\"lazy\" decoding=\"async\" class=\"alignleft wp-image-47945\" src=\"https:\/\/bibliotecas.unileon.es\/tULEctura\/files\/2020\/07\/baba-yaga-Dubravka-Ugresic.jpg\" alt=\"Baba Yaga Dubravka Ugresic\" width=\"235\" height=\"351\" \/><\/h1>\n<p style=\"text-align: justify;\">Ugre\u0161ic, Dubravka<br \/>\nBaba Yag\u00e1 puso un huevo \/ Dubravka Ugre\u0161ic ; traducci\u00f3n de Luisa Fernanda Garrido y\u00a0 Tihomir Pistelek<br \/>\nMadrid : Impedimenta, 2020<br \/>\n376 p.<br \/>\n978-84-17553-39-5<\/p>\n<p><span style=\"color: #cf1515;\"><strong>Calendario<\/strong><\/span><\/p>\n<ul>\n<li>17 de noviembre de 2020 &#8211; <a href=\"https:\/\/bibliotecas.unileon.es\/tULEctura\/2020\/11\/17\/guia-a-la-lectura-baba-yaga-puso-un-huevo\/\" target=\"_blank\" rel=\"noopener\">Sesi\u00f3n de Gu\u00eda a la lectura<\/a>, a cargo de <strong><span style=\"color: #cf1515;\">Raquel de la Varga<\/span><\/strong><\/li>\n<li>24 de noviembre de 2020 &#8211; <a href=\"https:\/\/bibliotecas.unileon.es\/tULEctura\/2020\/11\/28\/coloquio-participativo-de-los-socios-baba-yaga-puso-un-huevo\/\" target=\"_blank\" rel=\"noopener\">Sesi\u00f3n de Coloquio de los socios<\/a><\/li>\n<\/ul>\n<p><span style=\"color: #cf1515;\"><strong>Lugar y horario<\/strong><\/span><\/p>\n<p style=\"text-align: justify;\">Aunque la sede del club le lectura sigue estando en la Biblioteca San Isidoro, debido a las recomendaciones sanitarias, las sesiones ser\u00e1n no presenciales, sino en formato online, a trav\u00e9s de Google Meet y de\u00a0 Ariadna, el Moodle externo de la Universidad de Le\u00f3n<\/p>\n<h3><span style=\"color: #cf1515;\">La obra (informaci\u00f3n de la editorial) <\/span><\/h3>\n<p style=\"text-align: justify;\">Un magistral cuento de cuentos que, lleno de ingenio y perspicacia, pone en el punto de mira la archiconocida figura de la anciana perversa. Un viaje fascinante en el que Baba Yag\u00e1, adoptando numerosos disfraces, nos invita a explorar el mundo de los mitos y a reflexionar sobre la identidad, los estereotipos femeninos y el poder de las f\u00e1bulas.<\/p>\n<p style=\"text-align: justify;\">Baba Yag\u00e1 es una criatura oscura y solitaria, una bruja que rapta ni\u00f1os y vive en el bosque, en una casa que se sustenta sobre patas de gallina. Pero tambi\u00e9n viaja a trav\u00e9s de las historias, y en cada una de ellas adopta una nueva forma: una escritora que regresa a la Bulgaria natal de su madre, que, atormentada por la vejez, le pide que visite los lugares a los que ella ya no podr\u00e1 volver; un tr\u00edo de ancianas misteriosas que se hospedan durante unos d\u00edas en un spa especializado en tratamientos de longevidad; y una folclorista que investiga incansable la figura tradicional de la bruja. Ancianas, esposas, madres, hijas, amantes. Todas ellas confluyen en Baba Yag\u00e1.<\/p>\n<p style=\"text-align: justify;\">A caballo entre la autobiograf\u00eda, el ensayo y el relato sobrenatural, su historia se convierte en la de Medusa, Medea y tantas otras figuras malditas, dibujando un tr\u00edptico apasionante sobre c\u00f3mo aparecen y desaparecen las mujeres de la memoria colectiva.<\/p>\n<h3><span style=\"color: #cf1515;\">La autora (informaci\u00f3n de la editorial)<\/span><\/h3>\n<p style=\"text-align: justify;\"><img loading=\"lazy\" decoding=\"async\" class=\"alignright wp-image-47947\" src=\"https:\/\/bibliotecas.unileon.es\/tULEctura\/files\/2020\/07\/Dubravka-Ugresic.jpg\" alt=\"Dubravka Ugresic\" width=\"270\" height=\"225\" \/>Dubravka Ugre\u0161ic naci\u00f3 en 1949 en Kutina,un pueblecito cercano a Zagreb.<br \/>\nTras estallar la Guerra de los Balcanes, se exili\u00f3 de su pa\u00eds. Desde entonces ha ense\u00f1ado en numerosas universidades de Europa y Am\u00e9rica, como Harvard, Columbia y la Free University de Berl\u00edn. Entre sus obras, que han sido traducidas a numerosos idiomas, destacan El museo de la rendici\u00f3n incondicional (1996) y Baba Yaga puso un huevo (2008), que ser\u00e1 publicado pr\u00f3ximamente por Impedimenta, as\u00ed como los ensayos Gracias por no leer (2003) y Karaoke Culture (2010), que qued\u00f3 finalista del National Book Critics Circle Award en 2011. Tambi\u00e9n ha recibido el Premio del Estado Austriaco a la Literatura Europea (1998), galard\u00f3n que han distinguido a otros autores como Stanislaw Lem, Marguerite Duras o Mircea Cartarescu, y en 2009 qued\u00f3 finalista del Premio Booker. Actualmente reside en \u00c1msterdam.<\/p>\n<h3 style=\"text-align: center;\"><span style=\"color: #cf1515;\">Puedes empezar a leer\u00a0 la obra<br \/>\n<a href=\"http:\/\/impedimenta.es\/media\/blogs\/libros\/capitulosPDF\/9788417553395.pdf\" class=\"mtli_attachment mtli_pdf\" target=\"_blank\" rel=\"noopener noreferrer\"><em>\u00abBaba Yag\u00e1 puso un huevo\u00bb<\/em><\/a>, de Dubravka Ugresic<\/span><\/h3>\n","protected":false},"excerpt":{"rendered":"<p>\u00a0Baba Yag\u00e1 puso un huevo, de Dubravka Ugresic Ugre\u0161ic, Dubravka Baba Yag\u00e1 puso un huevo \/ Dubravka Ugre\u0161ic ; traducci\u00f3n de Luisa Fernanda Garrido y\u00a0 Tihomir Pistelek Madrid : Impedimenta, 2020 376 p. 978-84-17553-39-5 Calendario 17 de noviembre de 2020 &#8211; Sesi\u00f3n de Gu\u00eda a la lectura, a cargo de Raquel de la Varga 24 [&hellip;]<\/p>\n","protected":false},"author":73,"featured_media":0,"parent":47963,"menu_order":3,"comment_status":"closed","ping_status":"closed","template":"","meta":{"_bbp_topic_count":0,"_bbp_reply_count":0,"_bbp_total_topic_count":0,"_bbp_total_reply_count":0,"_bbp_voice_count":0,"_bbp_anonymous_reply_count":0,"_bbp_topic_count_hidden":0,"_bbp_reply_count_hidden":0,"_bbp_forum_subforum_count":0,"_monsterinsights_skip_tracking":false,"_monsterinsights_sitenote_active":false,"_monsterinsights_sitenote_note":"","_monsterinsights_sitenote_category":0,"footnotes":""},"class_list":["post-47943","page","type-page","status-publish","hentry"],"yoast_head":"<!-- This site is optimized with the Yoast SEO plugin v25.8 - https:\/\/yoast.com\/wordpress\/plugins\/seo\/ -->\n<title>Lectura 3: Baba Yag\u00e1 puso un huevo, de Dubravka Ugresic - tULEctura<\/title>\n<meta name=\"robots\" content=\"index, follow, max-snippet:-1, max-image-preview:large, max-video-preview:-1\" \/>\n<link rel=\"canonical\" href=\"https:\/\/bibliotecas.unileon.es\/tULEctura\/pagina-ejemplo\/curso-2020-2021\/baba-yaga-puso-un-huevo-dubravka-ugresic\/\" \/>\n<meta property=\"og:locale\" content=\"es_ES\" \/>\n<meta property=\"og:type\" content=\"article\" \/>\n<meta property=\"og:title\" content=\"Lectura 3: Baba Yag\u00e1 puso un huevo, de Dubravka Ugresic - tULEctura\" \/>\n<meta property=\"og:description\" content=\"\u00a0Baba Yag\u00e1 puso un huevo, de Dubravka Ugresic Ugre\u0161ic, Dubravka Baba Yag\u00e1 puso un huevo \/ Dubravka Ugre\u0161ic ; traducci\u00f3n de Luisa Fernanda Garrido y\u00a0 Tihomir Pistelek Madrid : Impedimenta, 2020 376 p. 978-84-17553-39-5 Calendario 17 de noviembre de 2020 &#8211; Sesi\u00f3n de Gu\u00eda a la lectura, a cargo de Raquel de la Varga 24 [&hellip;]\" \/>\n<meta property=\"og:url\" content=\"https:\/\/bibliotecas.unileon.es\/tULEctura\/pagina-ejemplo\/curso-2020-2021\/baba-yaga-puso-un-huevo-dubravka-ugresic\/\" \/>\n<meta property=\"og:site_name\" content=\"tULEctura\" \/>\n<meta property=\"article:publisher\" content=\"https:\/\/www.facebook.com\/tulectura.unileon\/\" \/>\n<meta property=\"article:modified_time\" content=\"2021-08-18T08:01:10+00:00\" \/>\n<meta property=\"og:image\" content=\"https:\/\/bibliotecas.unileon.es\/tULEctura\/files\/2020\/07\/baba-yaga-Dubravka-Ugresic.jpg\" \/>\n<meta name=\"twitter:card\" content=\"summary_large_image\" \/>\n<meta name=\"twitter:site\" content=\"@tULEctura_ULE\" \/>\n<meta name=\"twitter:label1\" content=\"Tiempo de lectura\" \/>\n\t<meta name=\"twitter:data1\" content=\"3 minutos\" \/>\n<script type=\"application\/ld+json\" class=\"yoast-schema-graph\">{\"@context\":\"https:\/\/schema.org\",\"@graph\":[{\"@type\":\"WebPage\",\"@id\":\"https:\/\/bibliotecas.unileon.es\/tULEctura\/pagina-ejemplo\/curso-2020-2021\/baba-yaga-puso-un-huevo-dubravka-ugresic\/\",\"url\":\"https:\/\/bibliotecas.unileon.es\/tULEctura\/pagina-ejemplo\/curso-2020-2021\/baba-yaga-puso-un-huevo-dubravka-ugresic\/\",\"name\":\"Lectura 3: Baba Yag\u00e1 puso un huevo, de Dubravka Ugresic - tULEctura\",\"isPartOf\":{\"@id\":\"https:\/\/bibliotecas.unileon.es\/tULEctura\/#website\"},\"primaryImageOfPage\":{\"@id\":\"https:\/\/bibliotecas.unileon.es\/tULEctura\/pagina-ejemplo\/curso-2020-2021\/baba-yaga-puso-un-huevo-dubravka-ugresic\/#primaryimage\"},\"image\":{\"@id\":\"https:\/\/bibliotecas.unileon.es\/tULEctura\/pagina-ejemplo\/curso-2020-2021\/baba-yaga-puso-un-huevo-dubravka-ugresic\/#primaryimage\"},\"thumbnailUrl\":\"https:\/\/bibliotecas.unileon.es\/tULEctura\/files\/2020\/07\/baba-yaga-Dubravka-Ugresic.jpg\",\"datePublished\":\"2020-07-27T19:56:01+00:00\",\"dateModified\":\"2021-08-18T08:01:10+00:00\",\"breadcrumb\":{\"@id\":\"https:\/\/bibliotecas.unileon.es\/tULEctura\/pagina-ejemplo\/curso-2020-2021\/baba-yaga-puso-un-huevo-dubravka-ugresic\/#breadcrumb\"},\"inLanguage\":\"es\",\"potentialAction\":[{\"@type\":\"ReadAction\",\"target\":[\"https:\/\/bibliotecas.unileon.es\/tULEctura\/pagina-ejemplo\/curso-2020-2021\/baba-yaga-puso-un-huevo-dubravka-ugresic\/\"]}]},{\"@type\":\"ImageObject\",\"inLanguage\":\"es\",\"@id\":\"https:\/\/bibliotecas.unileon.es\/tULEctura\/pagina-ejemplo\/curso-2020-2021\/baba-yaga-puso-un-huevo-dubravka-ugresic\/#primaryimage\",\"url\":\"https:\/\/bibliotecas.unileon.es\/tULEctura\/files\/2020\/07\/baba-yaga-Dubravka-Ugresic.jpg\",\"contentUrl\":\"https:\/\/bibliotecas.unileon.es\/tULEctura\/files\/2020\/07\/baba-yaga-Dubravka-Ugresic.jpg\",\"width\":1051,\"height\":1569,\"caption\":\"Baba Yaga Dubravka Ugresic\"},{\"@type\":\"BreadcrumbList\",\"@id\":\"https:\/\/bibliotecas.unileon.es\/tULEctura\/pagina-ejemplo\/curso-2020-2021\/baba-yaga-puso-un-huevo-dubravka-ugresic\/#breadcrumb\",\"itemListElement\":[{\"@type\":\"ListItem\",\"position\":1,\"name\":\"Home\",\"item\":\"https:\/\/bibliotecas.unileon.es\/tULEctura\/\"},{\"@type\":\"ListItem\",\"position\":2,\"name\":\"Club de Lectura\",\"item\":\"https:\/\/bibliotecas.unileon.es\/tULEctura\/pagina-ejemplo\/\"},{\"@type\":\"ListItem\",\"position\":3,\"name\":\"Curso 2020- 2021\",\"item\":\"https:\/\/bibliotecas.unileon.es\/tULEctura\/pagina-ejemplo\/curso-2020-2021\/\"},{\"@type\":\"ListItem\",\"position\":4,\"name\":\"Lectura 3: Baba Yag\u00e1 puso un huevo, de Dubravka Ugresic\"}]},{\"@type\":\"WebSite\",\"@id\":\"https:\/\/bibliotecas.unileon.es\/tULEctura\/#website\",\"url\":\"https:\/\/bibliotecas.unileon.es\/tULEctura\/\",\"name\":\"tULEctura\",\"description\":\"Espacio de la Universidad de Le\u00f3n dedicado a la lectura\",\"publisher\":{\"@id\":\"https:\/\/bibliotecas.unileon.es\/tULEctura\/#organization\"},\"potentialAction\":[{\"@type\":\"SearchAction\",\"target\":{\"@type\":\"EntryPoint\",\"urlTemplate\":\"https:\/\/bibliotecas.unileon.es\/tULEctura\/?s={search_term_string}\"},\"query-input\":{\"@type\":\"PropertyValueSpecification\",\"valueRequired\":true,\"valueName\":\"search_term_string\"}}],\"inLanguage\":\"es\"},{\"@type\":\"Organization\",\"@id\":\"https:\/\/bibliotecas.unileon.es\/tULEctura\/#organization\",\"name\":\"Universidad de Le\u00f3n\",\"url\":\"https:\/\/bibliotecas.unileon.es\/tULEctura\/\",\"logo\":{\"@type\":\"ImageObject\",\"inLanguage\":\"es\",\"@id\":\"https:\/\/bibliotecas.unileon.es\/tULEctura\/#\/schema\/logo\/image\/\",\"url\":\"https:\/\/bibliotecas.unileon.es\/tULEctura\/files\/2018\/08\/TULECTURA_LOGO1.png\",\"contentUrl\":\"https:\/\/bibliotecas.unileon.es\/tULEctura\/files\/2018\/08\/TULECTURA_LOGO1.png\",\"width\":\"960\",\"height\":\"258\",\"caption\":\"Universidad de Le\u00f3n\"},\"image\":{\"@id\":\"https:\/\/bibliotecas.unileon.es\/tULEctura\/#\/schema\/logo\/image\/\"},\"sameAs\":[\"https:\/\/www.facebook.com\/tulectura.unileon\/\",\"https:\/\/x.com\/tULEctura_ULE\",\"https:\/\/www.instagram.com\/tulectura.unileon\/\",\"https:\/\/www.pinterest.es\/tulectura\/\",\"https:\/\/www.youtube.com\/channel\/UCoWaDD39lVlAQcOchwlTPVw\"]}]}<\/script>\n<!-- \/ Yoast SEO plugin. -->","yoast_head_json":{"title":"Lectura 3: Baba Yag\u00e1 puso un huevo, de Dubravka Ugresic - tULEctura","robots":{"index":"index","follow":"follow","max-snippet":"max-snippet:-1","max-image-preview":"max-image-preview:large","max-video-preview":"max-video-preview:-1"},"canonical":"https:\/\/bibliotecas.unileon.es\/tULEctura\/pagina-ejemplo\/curso-2020-2021\/baba-yaga-puso-un-huevo-dubravka-ugresic\/","og_locale":"es_ES","og_type":"article","og_title":"Lectura 3: Baba Yag\u00e1 puso un huevo, de Dubravka Ugresic - tULEctura","og_description":"\u00a0Baba Yag\u00e1 puso un huevo, de Dubravka Ugresic Ugre\u0161ic, Dubravka Baba Yag\u00e1 puso un huevo \/ Dubravka Ugre\u0161ic ; traducci\u00f3n de Luisa Fernanda Garrido y\u00a0 Tihomir Pistelek Madrid : Impedimenta, 2020 376 p. 978-84-17553-39-5 Calendario 17 de noviembre de 2020 &#8211; Sesi\u00f3n de Gu\u00eda a la lectura, a cargo de Raquel de la Varga 24 [&hellip;]","og_url":"https:\/\/bibliotecas.unileon.es\/tULEctura\/pagina-ejemplo\/curso-2020-2021\/baba-yaga-puso-un-huevo-dubravka-ugresic\/","og_site_name":"tULEctura","article_publisher":"https:\/\/www.facebook.com\/tulectura.unileon\/","article_modified_time":"2021-08-18T08:01:10+00:00","og_image":[{"url":"https:\/\/bibliotecas.unileon.es\/tULEctura\/files\/2020\/07\/baba-yaga-Dubravka-Ugresic.jpg","type":"","width":"","height":""}],"twitter_card":"summary_large_image","twitter_site":"@tULEctura_ULE","twitter_misc":{"Tiempo de lectura":"3 minutos"},"schema":{"@context":"https:\/\/schema.org","@graph":[{"@type":"WebPage","@id":"https:\/\/bibliotecas.unileon.es\/tULEctura\/pagina-ejemplo\/curso-2020-2021\/baba-yaga-puso-un-huevo-dubravka-ugresic\/","url":"https:\/\/bibliotecas.unileon.es\/tULEctura\/pagina-ejemplo\/curso-2020-2021\/baba-yaga-puso-un-huevo-dubravka-ugresic\/","name":"Lectura 3: Baba Yag\u00e1 puso un huevo, de Dubravka Ugresic - tULEctura","isPartOf":{"@id":"https:\/\/bibliotecas.unileon.es\/tULEctura\/#website"},"primaryImageOfPage":{"@id":"https:\/\/bibliotecas.unileon.es\/tULEctura\/pagina-ejemplo\/curso-2020-2021\/baba-yaga-puso-un-huevo-dubravka-ugresic\/#primaryimage"},"image":{"@id":"https:\/\/bibliotecas.unileon.es\/tULEctura\/pagina-ejemplo\/curso-2020-2021\/baba-yaga-puso-un-huevo-dubravka-ugresic\/#primaryimage"},"thumbnailUrl":"https:\/\/bibliotecas.unileon.es\/tULEctura\/files\/2020\/07\/baba-yaga-Dubravka-Ugresic.jpg","datePublished":"2020-07-27T19:56:01+00:00","dateModified":"2021-08-18T08:01:10+00:00","breadcrumb":{"@id":"https:\/\/bibliotecas.unileon.es\/tULEctura\/pagina-ejemplo\/curso-2020-2021\/baba-yaga-puso-un-huevo-dubravka-ugresic\/#breadcrumb"},"inLanguage":"es","potentialAction":[{"@type":"ReadAction","target":["https:\/\/bibliotecas.unileon.es\/tULEctura\/pagina-ejemplo\/curso-2020-2021\/baba-yaga-puso-un-huevo-dubravka-ugresic\/"]}]},{"@type":"ImageObject","inLanguage":"es","@id":"https:\/\/bibliotecas.unileon.es\/tULEctura\/pagina-ejemplo\/curso-2020-2021\/baba-yaga-puso-un-huevo-dubravka-ugresic\/#primaryimage","url":"https:\/\/bibliotecas.unileon.es\/tULEctura\/files\/2020\/07\/baba-yaga-Dubravka-Ugresic.jpg","contentUrl":"https:\/\/bibliotecas.unileon.es\/tULEctura\/files\/2020\/07\/baba-yaga-Dubravka-Ugresic.jpg","width":1051,"height":1569,"caption":"Baba Yaga Dubravka Ugresic"},{"@type":"BreadcrumbList","@id":"https:\/\/bibliotecas.unileon.es\/tULEctura\/pagina-ejemplo\/curso-2020-2021\/baba-yaga-puso-un-huevo-dubravka-ugresic\/#breadcrumb","itemListElement":[{"@type":"ListItem","position":1,"name":"Home","item":"https:\/\/bibliotecas.unileon.es\/tULEctura\/"},{"@type":"ListItem","position":2,"name":"Club de Lectura","item":"https:\/\/bibliotecas.unileon.es\/tULEctura\/pagina-ejemplo\/"},{"@type":"ListItem","position":3,"name":"Curso 2020- 2021","item":"https:\/\/bibliotecas.unileon.es\/tULEctura\/pagina-ejemplo\/curso-2020-2021\/"},{"@type":"ListItem","position":4,"name":"Lectura 3: Baba Yag\u00e1 puso un huevo, de Dubravka Ugresic"}]},{"@type":"WebSite","@id":"https:\/\/bibliotecas.unileon.es\/tULEctura\/#website","url":"https:\/\/bibliotecas.unileon.es\/tULEctura\/","name":"tULEctura","description":"Espacio de la Universidad de Le\u00f3n dedicado a la lectura","publisher":{"@id":"https:\/\/bibliotecas.unileon.es\/tULEctura\/#organization"},"potentialAction":[{"@type":"SearchAction","target":{"@type":"EntryPoint","urlTemplate":"https:\/\/bibliotecas.unileon.es\/tULEctura\/?s={search_term_string}"},"query-input":{"@type":"PropertyValueSpecification","valueRequired":true,"valueName":"search_term_string"}}],"inLanguage":"es"},{"@type":"Organization","@id":"https:\/\/bibliotecas.unileon.es\/tULEctura\/#organization","name":"Universidad de Le\u00f3n","url":"https:\/\/bibliotecas.unileon.es\/tULEctura\/","logo":{"@type":"ImageObject","inLanguage":"es","@id":"https:\/\/bibliotecas.unileon.es\/tULEctura\/#\/schema\/logo\/image\/","url":"https:\/\/bibliotecas.unileon.es\/tULEctura\/files\/2018\/08\/TULECTURA_LOGO1.png","contentUrl":"https:\/\/bibliotecas.unileon.es\/tULEctura\/files\/2018\/08\/TULECTURA_LOGO1.png","width":"960","height":"258","caption":"Universidad de Le\u00f3n"},"image":{"@id":"https:\/\/bibliotecas.unileon.es\/tULEctura\/#\/schema\/logo\/image\/"},"sameAs":["https:\/\/www.facebook.com\/tulectura.unileon\/","https:\/\/x.com\/tULEctura_ULE","https:\/\/www.instagram.com\/tulectura.unileon\/","https:\/\/www.pinterest.es\/tulectura\/","https:\/\/www.youtube.com\/channel\/UCoWaDD39lVlAQcOchwlTPVw"]}]}},"_links":{"self":[{"href":"https:\/\/bibliotecas.unileon.es\/tULEctura\/wp-json\/wp\/v2\/pages\/47943","targetHints":{"allow":["GET"]}}],"collection":[{"href":"https:\/\/bibliotecas.unileon.es\/tULEctura\/wp-json\/wp\/v2\/pages"}],"about":[{"href":"https:\/\/bibliotecas.unileon.es\/tULEctura\/wp-json\/wp\/v2\/types\/page"}],"author":[{"embeddable":true,"href":"https:\/\/bibliotecas.unileon.es\/tULEctura\/wp-json\/wp\/v2\/users\/73"}],"replies":[{"embeddable":true,"href":"https:\/\/bibliotecas.unileon.es\/tULEctura\/wp-json\/wp\/v2\/comments?post=47943"}],"version-history":[{"count":1,"href":"https:\/\/bibliotecas.unileon.es\/tULEctura\/wp-json\/wp\/v2\/pages\/47943\/revisions"}],"predecessor-version":[{"id":47948,"href":"https:\/\/bibliotecas.unileon.es\/tULEctura\/wp-json\/wp\/v2\/pages\/47943\/revisions\/47948"}],"up":[{"embeddable":true,"href":"https:\/\/bibliotecas.unileon.es\/tULEctura\/wp-json\/wp\/v2\/pages\/47963"}],"wp:attachment":[{"href":"https:\/\/bibliotecas.unileon.es\/tULEctura\/wp-json\/wp\/v2\/media?parent=47943"}],"curies":[{"name":"wp","href":"https:\/\/api.w.org\/{rel}","templated":true}]}}