{"id":48252,"date":"2021-07-22T10:00:48","date_gmt":"2021-07-22T08:00:48","guid":{"rendered":"https:\/\/bibliotecas.unileon.es\/tULEctura\/?page_id=48252"},"modified":"2021-11-04T12:56:15","modified_gmt":"2021-11-04T11:56:15","slug":"lectura-2-invenciones-y-recuerdos-de-luis-mateo-diez","status":"publish","type":"page","link":"https:\/\/bibliotecas.unileon.es\/tULEctura\/pagina-ejemplo\/curso-2021-2022\/lectura-2-invenciones-y-recuerdos-de-luis-mateo-diez\/","title":{"rendered":"Lectura 2:  Invenciones y recuerdos, de Luis Mateo D\u00edez"},"content":{"rendered":"<h1 style=\"text-align: center;\"><span style=\"color: #995200;\">Invenciones y recuerdos, de Luis Mateo D\u00edez<\/span><\/h1>\n<p><img loading=\"lazy\" decoding=\"async\" class=\" wp-image-48253 alignright\" src=\"https:\/\/bibliotecas.unileon.es\/tULEctura\/files\/2021\/07\/invenciones.jpg\" alt=\"Invenciones y recuerdos, de Luis Mateo D\u00edez\" width=\"238\" height=\"353\" \/>D\u00edez, Luis Mateo (1942-)<br \/>\nInvenciones y recuerdos \/ Luis Mateo D\u00edez; edici\u00f3n y pr\u00f3logo de \u00c1ngeles Encinar<br \/>\nLe\u00f3n : Eolas , 2020<br \/>\n248 p. ; 20 cm.<br \/>\nLas puertas de lo posible. Narrativas de lo ins\u00f3lito; 8<br \/>\n9788418079221<\/p>\n<p>&nbsp;<\/p>\n<div class=\"field\"><strong><span style=\"color: #995200;\">Calendario<\/span><\/strong><\/div>\n<div><\/div>\n<ul>\n<li>19 de octubre &#8211; <a href=\"https:\/\/bibliotecas.unileon.es\/tULEctura\/2021\/10\/19\/guia-a-la-lectura-invenciones-y-recuerdos-de-luis-mateo-diez\/\" target=\"_blank\" rel=\"noopener\">Sesi\u00f3n de Gu\u00eda a la lectura<\/a>, a cargo de <span style=\"color: #995200;\"><strong><a style=\"color: #995200;\" href=\"https:\/\/dialnet.unirioja.es\/servlet\/autor?codigo=102294\" target=\"_blank\" rel=\"noopener\">Natalia \u00c1lvarez M\u00e9ndez<\/a><\/strong><\/span><\/li>\n<li>25 de octubre &#8211; Sesi\u00f3n de Coloquio de los socios<\/li>\n<li>2 de noviembre &#8211; <a href=\"https:\/\/videos.unileon.es\/video\/6183a8b98f4208fb4e8b458c\" target=\"_blank\" rel=\"noopener\">Sesi\u00f3n de Encuentro entre socios y autor [v\u00eddeo]<\/a><\/li>\n<\/ul>\n<p><span style=\"color: #995200;\"><strong>Lugar y horario<\/strong><\/span><\/p>\n<p style=\"text-align: justify;\">Aunque la sede del club le lectura sigue estando en la Biblioteca San Isidoro, debido a las recomendaciones sanitarias, las sesiones ser\u00e1n no presenciales, sino en formato online, a trav\u00e9s de Google Meet.<\/p>\n<h2><span style=\"color: #995200;\">El autor: <strong>Luis Mateo D\u00edez<\/strong><\/span><\/h2>\n<div id=\"attachment_48254\" style=\"width: 1210px\" class=\"wp-caption aligncenter\"><img loading=\"lazy\" decoding=\"async\" aria-describedby=\"caption-attachment-48254\" class=\"size-full wp-image-48254\" src=\"https:\/\/bibliotecas.unileon.es\/tULEctura\/files\/2021\/07\/Luis-Mateo-Diez.jpg\" alt=\" Luis Mateo Diez\" width=\"1200\" height=\"675\" \/><p id=\"caption-attachment-48254\" class=\"wp-caption-text\">Luis Mateo Diez (fotograf\u00eda de La Nueva Cr\u00f3nica)<\/p><\/div>\n<p style=\"text-align: justify;\">Villablino (Le\u00f3n), 1942. Escritor y miembro de la Real Academia Espa\u00f1ola desde 2000, es uno de los narradores actuales m\u00e1s destacados.<\/p>\n<p style=\"text-align: justify;\">Entre sus novelas sobresalen: <em>La fuente de la edad <\/em>(1986, Premio Nacional de Narrativa y Premio de la Cr\u00edtica), <em>El expediente del n\u00e1ufrago <\/em>(1992), <em>Camino de perdici\u00f3n <\/em>(1995), <em>La mirada del alma <\/em>(1997), <em>Fantasmas del invierno <\/em>(2004), <em>La soledad de los perdidos <\/em>(2014), <em>Vicisitudes <\/em>(2017), <em>El hijo de las cosas <\/em>(2018) y <em>Juventud de cristal <\/em>(2019). En <em>El reino de Celama <\/em>(2003) reuni\u00f3 su obra sobre este territorio imaginario: <em>El esp\u00edritu del p\u00e1ramo <\/em>(1996), <em>La ruina del cielo <\/em>(1999, Premio Nacional de Narrativa y Premio de la Cr\u00edtica) y <em>El oscurecer <\/em>(2002). <em>F\u00e1bulas del sentimiento <\/em>(2013) agrupa cuatro vol\u00famenes de novelas cortas.<\/p>\n<p style=\"text-align: justify;\">Su magisterio en la narrativa breve se comprueba en <em>El <\/em><em>\u00e1rbol<\/em> <em>de<\/em> <em>los<\/em> <em>cuentos.<\/em> <em>Cuentos<\/em> <em>reunidos<\/em> <em>(1973-2004)<\/em>, <em>La<\/em> <em>cabeza<\/em> <em>en<\/em> <em>llamas<\/em> (2012, Premio Francisco Umbral), <em>Gente que conoc\u00ed en los sue\u00f1os <\/em>(2019) e <em>Invenciones y recuerdos <\/em>(2020). <em>Los desayunos del Caf\u00e9 Borenes <\/em>(2015) es su libro de ensayos m\u00e1s reciente.<\/p>\n<p style=\"text-align: justify;\">Es Premio Castilla y Le\u00f3n de las Letras, Premio de Literatura de la Comunidad de Madrid y Premio Nacional de las Letras Espa\u00f1olas 2020.<\/p>\n<p>&nbsp;<\/p>\n<h2><span style=\"color: #995200;\"><strong>Ponente y coordinadora de la lectura: <a style=\"color: #995200;\" href=\"https:\/\/dialnet.unirioja.es\/servlet\/autor?codigo=102294\" target=\"_blank\" rel=\"noopener\">Natalia \u00c1lvarez M\u00e9ndez<\/a><\/strong><\/span><\/h2>\n<p style=\"text-align: justify;\"><img loading=\"lazy\" decoding=\"async\" class=\"alignleft wp-image-48266\" src=\"https:\/\/bibliotecas.unileon.es\/tULEctura\/files\/2021\/07\/NATALIA-ALVAREZ-MENDEZ.jpeg\" alt=\"Natalia Alvarez Mendez\" width=\"267\" height=\"377\" \/>Profesora Titular de Teor\u00eda de la Literatura y Literatura Comparada en la Universidad de Le\u00f3n. En relaci\u00f3n con la literatura no mim\u00e9tica ha realizado la coordinaci\u00f3n y el pr\u00f3logo de diversos monogr\u00e1ficos en revistas especializadas. Entre sus ediciones m\u00e1s recientes destacan <em>Espejismos de la realidad. Percepciones de lo ins\u00f3lito en la literatura espa\u00f1ola (siglos XIX-XXI) <\/em>(2015), coordinado con Ana Abello Verano, <em>Territorios de la imaginaci\u00f3n. Po\u00e9ticas ficcionales de lo ins\u00f3lito en Espa\u00f1a y M\u00e9xico <\/em>(2016), coordinado con Ana Abello y Sergio Fern\u00e1ndez, <em>Pensamiento y creaci\u00f3n literaria en Sabino Ord\u00e1s (J. M\u00aa Merino, J.P. Aparicio y L.M. D\u00edez) <\/em>(2018), editado con Jos\u00e9 Mar\u00eda Pozuelo Yvancos, y <em>Realidades fracturadas. Est\u00e9ticas de lo ins\u00f3lito en la narrativa en lengua espa\u00f1ola (1980-2018) <\/em>(2019), editado con Ana Abello Verano. Ha organizado y dirigido desde 2012 hasta la actualidad numerosos eventos cient\u00edficos relacionados con lo fant\u00e1stico y lo ins\u00f3lito. Ha presentado comunicaciones sobre lo fant\u00e1stico y la literatura no mim\u00e9tica espa\u00f1ola actual en varios congresos internacionales y conferencias sobre la materia en diversos cursos y jornadas.<\/p>\n<p style=\"text-align: justify;\">Ha sido miembro del equipo investigador de destacados proyectos nacionales e internacionales y actualmente es la Investigadora Principal del Proyecto de Investigaci\u00f3n I+D del programa estatal de Generaci\u00f3n de Conocimiento ESTRATEGIAS Y FIGURACIONES DE LO INS\u00d3LITO. MANIFESTACIONES DEL MONSTRUO EN LA NARRATIVA EN \u00a0LENGUA \u00a0ESPA\u00d1OLA \u00a0(DE \u00a01980 \u00a0A \u00a0LA \u00a0ACTUALIDAD), \u00a0PGC2018-093648-B-I00. \u00a0Es \u00a0directora \u00a0del \u00a0Grupo \u00a0de\u00a0Investigaci\u00f3n de la ULE \u00abGrupo de Estudios literarios y comparados de lo Ins\u00f3lito y perspectivas de G\u00e9nero\u00bb (GEIG), miembro del Grupo de Investigaci\u00f3n de la Universidad Aut\u00f3noma de Barcelona \u00abGrupo de Estudios sobre lo Fant\u00e1stico\u00bb (GEF), miembro del consejo de redacci\u00f3n de <em>Brumal. Revista de Investigaci\u00f3n sobre lo Fant\u00e1stico <\/em>y directora de la colecci\u00f3n \u00abLas Puertas de lo Posible\u00bb (editorial Eolas) en su doble vertiente:\u00a0\u00abNarrativas de lo Ins\u00f3lito\u00bb y \u00abEstudios de lo Ins\u00f3lito\u00bb.<\/p>\n<h2><span style=\"color: #995200;\"><strong>La obra (informaci\u00f3n ofrecida por la editorial)<\/strong><\/span><\/h2>\n<p style=\"text-align: justify;\">El lenguaje, la imaginaci\u00f3n y la memoria conforman la tr\u00edada del creador de ficciones, seg\u00fan Luis Mateo D\u00edez. Hay en todas sus ficciones una profunda mirada al ser humano, a los personajes extraviados en el laberinto de la vida que pueblan las Ciudades de Sombra de sus fabulaciones, y se realiza desde una perspectiva surrealista o expresionista de la realidad. Prevalecen atm\u00f3sferas on\u00edricas, misteriosas e irreales, matizadas por un tono humor\u00edstico, grotesco o melanc\u00f3lico, que se sirve de la parodia o del absurdo para alcanzar su objetivo.<\/p>\n<p style=\"text-align: justify;\"><em>\u00abInvenciones y recuerdos\u00bb<\/em>\u00a0re\u00fane un conjunto representativo de su obra. Se inicia con una gavilla de historias enmarcadas en el \u00e1mbito de lo fant\u00e1stico o lo ins\u00f3lito para dar paso, en segundo lugar, a evocaciones de variada factura que remiten a su mundo literario. Son veinte narraciones breves donde la hibridaci\u00f3n es una caracter\u00edstica muy destacada. Se combina el cuento y el ensayo en una misma pieza, incluso es dif\u00edcil delimitar si se trata de uno u otro, y se suman a estos relatos otros anclados en la memoria de un tiempo pasado.<\/p>\n<p style=\"text-align: justify;\">La prosa de Luis Mateo D\u00edez deslumbra a cualquier lector. Animamos a entrar en estos mundos imaginarios y a disfrutar de las historias.<\/p>\n<h2 style=\"text-align: center;\"><span style=\"color: #995200;\">Puedes empezar a leer la obra<\/span><br \/>\n<a href=\"https:\/\/bibliotecas.unileon.es\/tULEctura\/files\/2021\/07\/InvencionesYRecuerdos.pdf\" class=\"mtli_attachment mtli_pdf\" target=\"_blank\" rel=\"noopener\"><span style=\"color: #995200;\"><em>\u00abInvenciones y recuerdos\u00bb<\/em>, de Luis Mateo D\u00edez<\/span><\/a><\/h2>\n<p>&nbsp;<\/p>\n<p><img loading=\"lazy\" decoding=\"async\" class=\"aligncenter size-full wp-image-48292\" src=\"https:\/\/bibliotecas.unileon.es\/tULEctura\/files\/2021\/07\/lectura-2.jpg\" alt=\"\" width=\"2000\" height=\"1600\" \/><\/p>\n","protected":false},"excerpt":{"rendered":"<p>Invenciones y recuerdos, de Luis Mateo D\u00edez D\u00edez, Luis Mateo (1942-) Invenciones y recuerdos \/ Luis Mateo D\u00edez; edici\u00f3n y pr\u00f3logo de \u00c1ngeles Encinar Le\u00f3n : Eolas , 2020 248 p. ; 20 cm. Las puertas de lo posible. Narrativas de lo ins\u00f3lito; 8 9788418079221 &nbsp; Calendario 19 de octubre &#8211; Sesi\u00f3n de Gu\u00eda a [&hellip;]<\/p>\n","protected":false},"author":73,"featured_media":0,"parent":48249,"menu_order":2,"comment_status":"closed","ping_status":"closed","template":"","meta":{"_bbp_topic_count":0,"_bbp_reply_count":0,"_bbp_total_topic_count":0,"_bbp_total_reply_count":0,"_bbp_voice_count":0,"_bbp_anonymous_reply_count":0,"_bbp_topic_count_hidden":0,"_bbp_reply_count_hidden":0,"_bbp_forum_subforum_count":0,"_monsterinsights_skip_tracking":false,"_monsterinsights_sitenote_active":false,"_monsterinsights_sitenote_note":"","_monsterinsights_sitenote_category":0,"footnotes":""},"class_list":["post-48252","page","type-page","status-publish","hentry"],"yoast_head":"<!-- This site is optimized with the Yoast SEO plugin v25.8 - https:\/\/yoast.com\/wordpress\/plugins\/seo\/ -->\n<title>Lectura 2: Invenciones y recuerdos, de Luis Mateo D\u00edez - tULEctura<\/title>\n<meta name=\"robots\" content=\"index, follow, max-snippet:-1, max-image-preview:large, max-video-preview:-1\" \/>\n<link rel=\"canonical\" href=\"https:\/\/bibliotecas.unileon.es\/tULEctura\/pagina-ejemplo\/curso-2021-2022\/lectura-2-invenciones-y-recuerdos-de-luis-mateo-diez\/\" \/>\n<meta property=\"og:locale\" content=\"es_ES\" \/>\n<meta property=\"og:type\" content=\"article\" \/>\n<meta property=\"og:title\" content=\"Lectura 2: Invenciones y recuerdos, de Luis Mateo D\u00edez - tULEctura\" \/>\n<meta property=\"og:description\" content=\"Invenciones y recuerdos, de Luis Mateo D\u00edez D\u00edez, Luis Mateo (1942-) Invenciones y recuerdos \/ Luis Mateo D\u00edez; edici\u00f3n y pr\u00f3logo de \u00c1ngeles Encinar Le\u00f3n : Eolas , 2020 248 p. ; 20 cm. Las puertas de lo posible. Narrativas de lo ins\u00f3lito; 8 9788418079221 &nbsp; Calendario 19 de octubre &#8211; Sesi\u00f3n de Gu\u00eda a [&hellip;]\" \/>\n<meta property=\"og:url\" content=\"https:\/\/bibliotecas.unileon.es\/tULEctura\/pagina-ejemplo\/curso-2021-2022\/lectura-2-invenciones-y-recuerdos-de-luis-mateo-diez\/\" \/>\n<meta property=\"og:site_name\" content=\"tULEctura\" \/>\n<meta property=\"article:publisher\" content=\"https:\/\/www.facebook.com\/tulectura.unileon\/\" \/>\n<meta property=\"article:modified_time\" content=\"2021-11-04T11:56:15+00:00\" \/>\n<meta property=\"og:image\" content=\"https:\/\/bibliotecas.unileon.es\/tULEctura\/files\/2021\/07\/invenciones.jpg\" \/>\n<meta name=\"twitter:card\" content=\"summary_large_image\" \/>\n<meta name=\"twitter:site\" content=\"@tULEctura_ULE\" \/>\n<meta name=\"twitter:label1\" content=\"Tiempo de lectura\" \/>\n\t<meta name=\"twitter:data1\" content=\"5 minutos\" \/>\n<script type=\"application\/ld+json\" class=\"yoast-schema-graph\">{\"@context\":\"https:\/\/schema.org\",\"@graph\":[{\"@type\":\"WebPage\",\"@id\":\"https:\/\/bibliotecas.unileon.es\/tULEctura\/pagina-ejemplo\/curso-2021-2022\/lectura-2-invenciones-y-recuerdos-de-luis-mateo-diez\/\",\"url\":\"https:\/\/bibliotecas.unileon.es\/tULEctura\/pagina-ejemplo\/curso-2021-2022\/lectura-2-invenciones-y-recuerdos-de-luis-mateo-diez\/\",\"name\":\"Lectura 2: Invenciones y recuerdos, de Luis Mateo D\u00edez - tULEctura\",\"isPartOf\":{\"@id\":\"https:\/\/bibliotecas.unileon.es\/tULEctura\/#website\"},\"primaryImageOfPage\":{\"@id\":\"https:\/\/bibliotecas.unileon.es\/tULEctura\/pagina-ejemplo\/curso-2021-2022\/lectura-2-invenciones-y-recuerdos-de-luis-mateo-diez\/#primaryimage\"},\"image\":{\"@id\":\"https:\/\/bibliotecas.unileon.es\/tULEctura\/pagina-ejemplo\/curso-2021-2022\/lectura-2-invenciones-y-recuerdos-de-luis-mateo-diez\/#primaryimage\"},\"thumbnailUrl\":\"https:\/\/bibliotecas.unileon.es\/tULEctura\/files\/2021\/07\/invenciones.jpg\",\"datePublished\":\"2021-07-22T08:00:48+00:00\",\"dateModified\":\"2021-11-04T11:56:15+00:00\",\"breadcrumb\":{\"@id\":\"https:\/\/bibliotecas.unileon.es\/tULEctura\/pagina-ejemplo\/curso-2021-2022\/lectura-2-invenciones-y-recuerdos-de-luis-mateo-diez\/#breadcrumb\"},\"inLanguage\":\"es\",\"potentialAction\":[{\"@type\":\"ReadAction\",\"target\":[\"https:\/\/bibliotecas.unileon.es\/tULEctura\/pagina-ejemplo\/curso-2021-2022\/lectura-2-invenciones-y-recuerdos-de-luis-mateo-diez\/\"]}]},{\"@type\":\"ImageObject\",\"inLanguage\":\"es\",\"@id\":\"https:\/\/bibliotecas.unileon.es\/tULEctura\/pagina-ejemplo\/curso-2021-2022\/lectura-2-invenciones-y-recuerdos-de-luis-mateo-diez\/#primaryimage\",\"url\":\"https:\/\/bibliotecas.unileon.es\/tULEctura\/files\/2021\/07\/invenciones.jpg\",\"contentUrl\":\"https:\/\/bibliotecas.unileon.es\/tULEctura\/files\/2021\/07\/invenciones.jpg\",\"width\":184,\"height\":273,\"caption\":\"Invenciones y recuerdos, de Luis Mateo D\u00edez\"},{\"@type\":\"BreadcrumbList\",\"@id\":\"https:\/\/bibliotecas.unileon.es\/tULEctura\/pagina-ejemplo\/curso-2021-2022\/lectura-2-invenciones-y-recuerdos-de-luis-mateo-diez\/#breadcrumb\",\"itemListElement\":[{\"@type\":\"ListItem\",\"position\":1,\"name\":\"Home\",\"item\":\"https:\/\/bibliotecas.unileon.es\/tULEctura\/\"},{\"@type\":\"ListItem\",\"position\":2,\"name\":\"Club de Lectura\",\"item\":\"https:\/\/bibliotecas.unileon.es\/tULEctura\/pagina-ejemplo\/\"},{\"@type\":\"ListItem\",\"position\":3,\"name\":\"Curso 2021- 2022\",\"item\":\"https:\/\/bibliotecas.unileon.es\/tULEctura\/pagina-ejemplo\/curso-2021-2022\/\"},{\"@type\":\"ListItem\",\"position\":4,\"name\":\"Lectura 2: Invenciones y recuerdos, de Luis Mateo D\u00edez\"}]},{\"@type\":\"WebSite\",\"@id\":\"https:\/\/bibliotecas.unileon.es\/tULEctura\/#website\",\"url\":\"https:\/\/bibliotecas.unileon.es\/tULEctura\/\",\"name\":\"tULEctura\",\"description\":\"Espacio de la Universidad de Le\u00f3n dedicado a la lectura\",\"publisher\":{\"@id\":\"https:\/\/bibliotecas.unileon.es\/tULEctura\/#organization\"},\"potentialAction\":[{\"@type\":\"SearchAction\",\"target\":{\"@type\":\"EntryPoint\",\"urlTemplate\":\"https:\/\/bibliotecas.unileon.es\/tULEctura\/?s={search_term_string}\"},\"query-input\":{\"@type\":\"PropertyValueSpecification\",\"valueRequired\":true,\"valueName\":\"search_term_string\"}}],\"inLanguage\":\"es\"},{\"@type\":\"Organization\",\"@id\":\"https:\/\/bibliotecas.unileon.es\/tULEctura\/#organization\",\"name\":\"Universidad de Le\u00f3n\",\"url\":\"https:\/\/bibliotecas.unileon.es\/tULEctura\/\",\"logo\":{\"@type\":\"ImageObject\",\"inLanguage\":\"es\",\"@id\":\"https:\/\/bibliotecas.unileon.es\/tULEctura\/#\/schema\/logo\/image\/\",\"url\":\"https:\/\/bibliotecas.unileon.es\/tULEctura\/files\/2018\/08\/TULECTURA_LOGO1.png\",\"contentUrl\":\"https:\/\/bibliotecas.unileon.es\/tULEctura\/files\/2018\/08\/TULECTURA_LOGO1.png\",\"width\":\"960\",\"height\":\"258\",\"caption\":\"Universidad de Le\u00f3n\"},\"image\":{\"@id\":\"https:\/\/bibliotecas.unileon.es\/tULEctura\/#\/schema\/logo\/image\/\"},\"sameAs\":[\"https:\/\/www.facebook.com\/tulectura.unileon\/\",\"https:\/\/x.com\/tULEctura_ULE\",\"https:\/\/www.instagram.com\/tulectura.unileon\/\",\"https:\/\/www.pinterest.es\/tulectura\/\",\"https:\/\/www.youtube.com\/channel\/UCoWaDD39lVlAQcOchwlTPVw\"]}]}<\/script>\n<!-- \/ Yoast SEO plugin. -->","yoast_head_json":{"title":"Lectura 2: Invenciones y recuerdos, de Luis Mateo D\u00edez - tULEctura","robots":{"index":"index","follow":"follow","max-snippet":"max-snippet:-1","max-image-preview":"max-image-preview:large","max-video-preview":"max-video-preview:-1"},"canonical":"https:\/\/bibliotecas.unileon.es\/tULEctura\/pagina-ejemplo\/curso-2021-2022\/lectura-2-invenciones-y-recuerdos-de-luis-mateo-diez\/","og_locale":"es_ES","og_type":"article","og_title":"Lectura 2: Invenciones y recuerdos, de Luis Mateo D\u00edez - tULEctura","og_description":"Invenciones y recuerdos, de Luis Mateo D\u00edez D\u00edez, Luis Mateo (1942-) Invenciones y recuerdos \/ Luis Mateo D\u00edez; edici\u00f3n y pr\u00f3logo de \u00c1ngeles Encinar Le\u00f3n : Eolas , 2020 248 p. ; 20 cm. Las puertas de lo posible. Narrativas de lo ins\u00f3lito; 8 9788418079221 &nbsp; Calendario 19 de octubre &#8211; Sesi\u00f3n de Gu\u00eda a [&hellip;]","og_url":"https:\/\/bibliotecas.unileon.es\/tULEctura\/pagina-ejemplo\/curso-2021-2022\/lectura-2-invenciones-y-recuerdos-de-luis-mateo-diez\/","og_site_name":"tULEctura","article_publisher":"https:\/\/www.facebook.com\/tulectura.unileon\/","article_modified_time":"2021-11-04T11:56:15+00:00","og_image":[{"url":"https:\/\/bibliotecas.unileon.es\/tULEctura\/files\/2021\/07\/invenciones.jpg","type":"","width":"","height":""}],"twitter_card":"summary_large_image","twitter_site":"@tULEctura_ULE","twitter_misc":{"Tiempo de lectura":"5 minutos"},"schema":{"@context":"https:\/\/schema.org","@graph":[{"@type":"WebPage","@id":"https:\/\/bibliotecas.unileon.es\/tULEctura\/pagina-ejemplo\/curso-2021-2022\/lectura-2-invenciones-y-recuerdos-de-luis-mateo-diez\/","url":"https:\/\/bibliotecas.unileon.es\/tULEctura\/pagina-ejemplo\/curso-2021-2022\/lectura-2-invenciones-y-recuerdos-de-luis-mateo-diez\/","name":"Lectura 2: Invenciones y recuerdos, de Luis Mateo D\u00edez - tULEctura","isPartOf":{"@id":"https:\/\/bibliotecas.unileon.es\/tULEctura\/#website"},"primaryImageOfPage":{"@id":"https:\/\/bibliotecas.unileon.es\/tULEctura\/pagina-ejemplo\/curso-2021-2022\/lectura-2-invenciones-y-recuerdos-de-luis-mateo-diez\/#primaryimage"},"image":{"@id":"https:\/\/bibliotecas.unileon.es\/tULEctura\/pagina-ejemplo\/curso-2021-2022\/lectura-2-invenciones-y-recuerdos-de-luis-mateo-diez\/#primaryimage"},"thumbnailUrl":"https:\/\/bibliotecas.unileon.es\/tULEctura\/files\/2021\/07\/invenciones.jpg","datePublished":"2021-07-22T08:00:48+00:00","dateModified":"2021-11-04T11:56:15+00:00","breadcrumb":{"@id":"https:\/\/bibliotecas.unileon.es\/tULEctura\/pagina-ejemplo\/curso-2021-2022\/lectura-2-invenciones-y-recuerdos-de-luis-mateo-diez\/#breadcrumb"},"inLanguage":"es","potentialAction":[{"@type":"ReadAction","target":["https:\/\/bibliotecas.unileon.es\/tULEctura\/pagina-ejemplo\/curso-2021-2022\/lectura-2-invenciones-y-recuerdos-de-luis-mateo-diez\/"]}]},{"@type":"ImageObject","inLanguage":"es","@id":"https:\/\/bibliotecas.unileon.es\/tULEctura\/pagina-ejemplo\/curso-2021-2022\/lectura-2-invenciones-y-recuerdos-de-luis-mateo-diez\/#primaryimage","url":"https:\/\/bibliotecas.unileon.es\/tULEctura\/files\/2021\/07\/invenciones.jpg","contentUrl":"https:\/\/bibliotecas.unileon.es\/tULEctura\/files\/2021\/07\/invenciones.jpg","width":184,"height":273,"caption":"Invenciones y recuerdos, de Luis Mateo D\u00edez"},{"@type":"BreadcrumbList","@id":"https:\/\/bibliotecas.unileon.es\/tULEctura\/pagina-ejemplo\/curso-2021-2022\/lectura-2-invenciones-y-recuerdos-de-luis-mateo-diez\/#breadcrumb","itemListElement":[{"@type":"ListItem","position":1,"name":"Home","item":"https:\/\/bibliotecas.unileon.es\/tULEctura\/"},{"@type":"ListItem","position":2,"name":"Club de Lectura","item":"https:\/\/bibliotecas.unileon.es\/tULEctura\/pagina-ejemplo\/"},{"@type":"ListItem","position":3,"name":"Curso 2021- 2022","item":"https:\/\/bibliotecas.unileon.es\/tULEctura\/pagina-ejemplo\/curso-2021-2022\/"},{"@type":"ListItem","position":4,"name":"Lectura 2: Invenciones y recuerdos, de Luis Mateo D\u00edez"}]},{"@type":"WebSite","@id":"https:\/\/bibliotecas.unileon.es\/tULEctura\/#website","url":"https:\/\/bibliotecas.unileon.es\/tULEctura\/","name":"tULEctura","description":"Espacio de la Universidad de Le\u00f3n dedicado a la lectura","publisher":{"@id":"https:\/\/bibliotecas.unileon.es\/tULEctura\/#organization"},"potentialAction":[{"@type":"SearchAction","target":{"@type":"EntryPoint","urlTemplate":"https:\/\/bibliotecas.unileon.es\/tULEctura\/?s={search_term_string}"},"query-input":{"@type":"PropertyValueSpecification","valueRequired":true,"valueName":"search_term_string"}}],"inLanguage":"es"},{"@type":"Organization","@id":"https:\/\/bibliotecas.unileon.es\/tULEctura\/#organization","name":"Universidad de Le\u00f3n","url":"https:\/\/bibliotecas.unileon.es\/tULEctura\/","logo":{"@type":"ImageObject","inLanguage":"es","@id":"https:\/\/bibliotecas.unileon.es\/tULEctura\/#\/schema\/logo\/image\/","url":"https:\/\/bibliotecas.unileon.es\/tULEctura\/files\/2018\/08\/TULECTURA_LOGO1.png","contentUrl":"https:\/\/bibliotecas.unileon.es\/tULEctura\/files\/2018\/08\/TULECTURA_LOGO1.png","width":"960","height":"258","caption":"Universidad de Le\u00f3n"},"image":{"@id":"https:\/\/bibliotecas.unileon.es\/tULEctura\/#\/schema\/logo\/image\/"},"sameAs":["https:\/\/www.facebook.com\/tulectura.unileon\/","https:\/\/x.com\/tULEctura_ULE","https:\/\/www.instagram.com\/tulectura.unileon\/","https:\/\/www.pinterest.es\/tulectura\/","https:\/\/www.youtube.com\/channel\/UCoWaDD39lVlAQcOchwlTPVw"]}]}},"_links":{"self":[{"href":"https:\/\/bibliotecas.unileon.es\/tULEctura\/wp-json\/wp\/v2\/pages\/48252","targetHints":{"allow":["GET"]}}],"collection":[{"href":"https:\/\/bibliotecas.unileon.es\/tULEctura\/wp-json\/wp\/v2\/pages"}],"about":[{"href":"https:\/\/bibliotecas.unileon.es\/tULEctura\/wp-json\/wp\/v2\/types\/page"}],"author":[{"embeddable":true,"href":"https:\/\/bibliotecas.unileon.es\/tULEctura\/wp-json\/wp\/v2\/users\/73"}],"replies":[{"embeddable":true,"href":"https:\/\/bibliotecas.unileon.es\/tULEctura\/wp-json\/wp\/v2\/comments?post=48252"}],"version-history":[{"count":1,"href":"https:\/\/bibliotecas.unileon.es\/tULEctura\/wp-json\/wp\/v2\/pages\/48252\/revisions"}],"predecessor-version":[{"id":48256,"href":"https:\/\/bibliotecas.unileon.es\/tULEctura\/wp-json\/wp\/v2\/pages\/48252\/revisions\/48256"}],"up":[{"embeddable":true,"href":"https:\/\/bibliotecas.unileon.es\/tULEctura\/wp-json\/wp\/v2\/pages\/48249"}],"wp:attachment":[{"href":"https:\/\/bibliotecas.unileon.es\/tULEctura\/wp-json\/wp\/v2\/media?parent=48252"}],"curies":[{"name":"wp","href":"https:\/\/api.w.org\/{rel}","templated":true}]}}