{"id":48371,"date":"2021-10-21T07:00:07","date_gmt":"2021-10-21T05:00:07","guid":{"rendered":"https:\/\/bibliotecas.unileon.es\/tULEctura\/?page_id=48371"},"modified":"2021-10-21T14:11:02","modified_gmt":"2021-10-21T12:11:02","slug":"iv-jornadas-figuraciones-de-lo-insolito","status":"publish","type":"page","link":"https:\/\/bibliotecas.unileon.es\/tULEctura\/actividades\/lo-insolito\/iv-jornadas-figuraciones-de-lo-insolito\/","title":{"rendered":"IV Jornadas Figuraciones de lo ins\u00f3lito"},"content":{"rendered":"<h2 style=\"text-align: center;\">El monstruo no mim\u00e9tico en las narradoras hisp\u00e1nicas (1980-2021)<strong>\u00a0<\/strong><\/h2>\n<p style=\"text-align: center;\"><strong>26, 27 y 28 de octubre de 2021 Aguascalientes, M\u00e9xico14<\/strong><\/p>\n<p style=\"text-align: center;\"><strong>Modalidad<\/strong> <strong>virtual<\/strong> <strong>\u2013 Seminario abierto<\/strong><span style=\"color: #0000ff;\"><a style=\"color: #0000ff;\" href=\"mailto:figuracionesinsolitoags@gmail.com\"> <strong>figuracionesinsolitoags@gmail.com<\/strong><\/a><\/span><\/p>\n<p><img loading=\"lazy\" decoding=\"async\" class=\"wp-image-48372 aligncenter\" src=\"https:\/\/bibliotecas.unileon.es\/tULEctura\/files\/2021\/10\/CARTEL-IV-JORNADAS-FIGURACIONES-DE-LO-INSOLITO.png\" alt=\"\" width=\"542\" height=\"767\" \/><\/p>\n<h1 style=\"text-align: center;\"><strong>P<\/strong><strong>ROGRAMA<br \/>\n<\/strong><strong style=\"font-size: 1.14286rem;\">Horario de M\u00e9xico (horario espa\u00f1ol, de <\/strong><strong style=\"font-size: 1.14286rem;\">\u00a0<\/strong><strong style=\"font-size: 1.14286rem;\">17:00<\/strong><span style=\"font-size: 1.14286rem;\"> a<\/span><strong style=\"font-size: 1.14286rem;\">\u00a0<\/strong><strong style=\"font-size: 1.14286rem;\">20:30)<\/strong><\/h1>\n<p style=\"text-align: center;\"><strong><span style=\"color: #000080;\"><span style=\"color: #000000;\">\u2014 Si lo deseas, puedes imprimir el<\/span> <span style=\"color: #0000ff;\"><a style=\"color: #0000ff;\" href=\"https:\/\/bibliotecas.unileon.es\/tULEctura\/files\/2021\/10\/PROGRAMA-IV-JORNADAS-SIMPOSIO-AGUASCALIENTES.pdf\" class=\"mtli_attachment mtli_pdf\">Programa de las Jornadas<\/a> <span style=\"color: #000000;\">\u2014 <\/span><\/span><\/span><\/strong><\/p>\n<p>&nbsp;<\/p>\n<p style=\"text-align: center;\"><strong>M<\/strong><strong>ARTES<\/strong> <strong>26 <\/strong><strong>DE OCTUBRE<\/strong><\/p>\n<p><strong>10:00 Inauguraci\u00f3n<\/strong><\/p>\n<p style=\"text-align: justify;\"><strong>10:15<\/strong> <strong>Conferencia.<\/strong> <strong>Natalia<\/strong> <strong>\u00c1lvarez<\/strong> <strong>M\u00e9ndez<\/strong> <strong>(Universidad<\/strong> <strong>de<\/strong> <strong>Le\u00f3n,<\/strong> <strong>Espa\u00f1a)<br \/>\n<\/strong>\u00abRamificaciones de la monstruosidad ins\u00f3lita en las narradoras hisp\u00e1nicas\u00bb<\/p>\n<p style=\"text-align: justify;\"><strong>11:00 Conferencia. Rosa Mar\u00eda D\u00edez Cobo (Universidad de Burgos, Espa\u00f1a)<\/strong><br \/>\n\u00abEspacios liminares: metamorfosis monstruosas de la casa en Da\u00edna Chaviano y Mariana Enr\u00edquez\u00bb<\/p>\n<p style=\"text-align: justify;\"><strong>12:00 Conferencia. Miguel Carrera Garrido (Universidad de Granada, Espa\u00f1a)<\/strong><br \/>\n\u00abObsesi\u00f3n, tentaci\u00f3n, posesi\u00f3n: versiones del Maligno en la narrativa fant\u00e1stica y de terror de Elia Barcel\u00f3\u00bb<\/p>\n<p style=\"text-align: justify;\"><strong>12:30 Presentaci\u00f3n de la colecci\u00f3n Las puertas de lo posible. Narrativas de lo ins\u00f3lito (Eolas) y del libro <em>Yo no voy a salvarte<\/em>, de Iliana Vargas<br \/>\n<\/strong>\u00a0&#8211; Intervienen: <strong>Ana<\/strong> <strong>Abello<\/strong> <strong>Verano,<\/strong> <strong>Cecilia<\/strong> <strong>Eudave<\/strong> <strong>e Iliana Vargas<br \/>\n<\/strong>\u00a0&#8211; Modera: <strong>Natalia<\/strong> <strong>\u00c1lvarez<\/strong> <strong>M\u00e9ndez<\/strong><\/p>\n<p><strong>\u00a0<\/strong><strong>\u00a0<\/strong><\/p>\n<p style=\"text-align: center;\"><strong>M<\/strong><strong>I\u00c9RCOLES<\/strong> <strong>27 <\/strong><strong>DE OCTUBRE<\/strong><\/p>\n<p style=\"text-align: justify;\"><strong>\u00a0<\/strong><strong>10:00 Conferencia. Cecilia Eudave (Universidad de Guadalajara, M\u00e9xico)<br \/>\n<\/strong>\u00abConfesiones \u00a0fantasmales: \u00a0el \u00a0caso \u00a0de \u00a0\u201cHungry \u00a0for\u00a0 your \u00a0love\u201d \u00a0de \u00a0Patricia \u00a0Esteban \u00a0Erl\u00e9s \u00a0y \u201cCorazones negros\u201d de Atenea Cruz\u00bb<\/p>\n<p style=\"text-align: justify;\"><strong>11:00 Conferencia. Benito Garc\u00eda-Valero (Universidad de Alicante, Espa\u00f1a)<br \/>\n<\/strong>\u00abUna aproximaci\u00f3n cognitivista al monstruo en la literatura fant\u00e1stica y la narrativa de lo inusual: empat\u00eda y monstrificaci\u00f3n del lector\u00bb<\/p>\n<p style=\"text-align: justify;\"><strong>12:30 Mesa redonda de escritoras<br \/>\n<\/strong>\u00a0&#8211; Intervienen: <strong>Bibiana<\/strong> <strong>Camacho,<\/strong> <strong>Karen<\/strong> <strong>Chacek,<\/strong> <strong>Cecilia<\/strong> <strong>Eudave<\/strong> <strong>y Daniela Tarazona<br \/>\n<\/strong>\u00a0&#8211; Modera: <strong>Benito<\/strong> <strong>Garc\u00eda-Valero<\/strong><\/p>\n<p style=\"text-align: justify;\"><strong>\u00a0<\/strong><strong>\u00a0<\/strong><\/p>\n<p style=\"text-align: center;\"><strong>J<\/strong><strong>UEVES<\/strong> <strong>28 <\/strong><strong>DE OCTUBRE<\/strong><\/p>\n<p><strong>\u00a0<\/strong><strong>10:00 Conferencia. Anna Boccuti (Universidad de Tur\u00edn, Italia)<br \/>\n<\/strong>\u00abMonstruosidad y g\u00e9nero en los cuentos de M\u00f3nica Ojeda y Solange Rodr\u00edguez Pappe\u00bb<\/p>\n<p style=\"text-align: justify;\"><strong>11:00 Conferencia. Salvador Luis Raggio (Oxford College of Emory University, Estados Unidos)<br \/>\n<\/strong>\u00abPerturbaci\u00f3n y feminicidio: El terror de lo masculino-monstruoso en \u201cRara avis\u201d de Roc\u00edo Silva Santisteban\u00bb<\/p>\n<p style=\"text-align: justify;\"><strong>12:30 Mesa redonda de escritoras<br \/>\n<\/strong>\u00a0&#8211; Intervienen: <strong>Patricia<\/strong> <strong>Esteban<\/strong> <strong>Erl\u00e9s<\/strong>, <strong>M\u00f3nica<\/strong> <strong>Ojeda<\/strong> y <strong>Solange Rodr\u00edguez Pappe<br \/>\n<\/strong>\u00a0&#8211; Modera: <strong>Anna<\/strong> <strong>Boccuti<\/strong><\/p>\n<p><img loading=\"lazy\" decoding=\"async\" class=\"size-full wp-image-48376 aligncenter\" src=\"https:\/\/bibliotecas.unileon.es\/tULEctura\/files\/2021\/10\/insolito-proyecto-europa.jpg\" alt=\"\" width=\"1040\" height=\"548\" \/><\/p>\n","protected":false},"excerpt":{"rendered":"<p>El monstruo no mim\u00e9tico en las narradoras hisp\u00e1nicas (1980-2021)\u00a0 26, 27 y 28 de octubre de 2021 Aguascalientes, M\u00e9xico14 Modalidad virtual \u2013 Seminario abierto figuracionesinsolitoags@gmail.com PROGRAMA Horario de M\u00e9xico (horario espa\u00f1ol, de \u00a017:00 a\u00a020:30) \u2014 Si lo deseas, puedes imprimir el Programa de las Jornadas \u2014 &nbsp; MARTES 26 DE OCTUBRE 10:00 Inauguraci\u00f3n 10:15 Conferencia. [&hellip;]<\/p>\n","protected":false},"author":73,"featured_media":0,"parent":47137,"menu_order":14,"comment_status":"closed","ping_status":"closed","template":"","meta":{"_bbp_topic_count":0,"_bbp_reply_count":0,"_bbp_total_topic_count":0,"_bbp_total_reply_count":0,"_bbp_voice_count":0,"_bbp_anonymous_reply_count":0,"_bbp_topic_count_hidden":0,"_bbp_reply_count_hidden":0,"_bbp_forum_subforum_count":0,"_monsterinsights_skip_tracking":false,"_monsterinsights_sitenote_active":false,"_monsterinsights_sitenote_note":"","_monsterinsights_sitenote_category":0,"footnotes":""},"class_list":["post-48371","page","type-page","status-publish","hentry"],"yoast_head":"<!-- This site is optimized with the Yoast SEO plugin v25.8 - https:\/\/yoast.com\/wordpress\/plugins\/seo\/ -->\n<title>IV Jornadas Figuraciones de lo ins\u00f3lito - tULEctura<\/title>\n<meta name=\"robots\" content=\"index, follow, max-snippet:-1, max-image-preview:large, max-video-preview:-1\" \/>\n<link rel=\"canonical\" href=\"https:\/\/bibliotecas.unileon.es\/tULEctura\/actividades\/lo-insolito\/iv-jornadas-figuraciones-de-lo-insolito\/\" \/>\n<meta property=\"og:locale\" content=\"es_ES\" \/>\n<meta property=\"og:type\" content=\"article\" \/>\n<meta property=\"og:title\" content=\"IV Jornadas Figuraciones de lo ins\u00f3lito - tULEctura\" \/>\n<meta property=\"og:description\" content=\"El monstruo no mim\u00e9tico en las narradoras hisp\u00e1nicas (1980-2021)\u00a0 26, 27 y 28 de octubre de 2021 Aguascalientes, M\u00e9xico14 Modalidad virtual \u2013 Seminario abierto figuracionesinsolitoags@gmail.com PROGRAMA Horario de M\u00e9xico (horario espa\u00f1ol, de \u00a017:00 a\u00a020:30) \u2014 Si lo deseas, puedes imprimir el Programa de las Jornadas \u2014 &nbsp; MARTES 26 DE OCTUBRE 10:00 Inauguraci\u00f3n 10:15 Conferencia. [&hellip;]\" \/>\n<meta property=\"og:url\" content=\"https:\/\/bibliotecas.unileon.es\/tULEctura\/actividades\/lo-insolito\/iv-jornadas-figuraciones-de-lo-insolito\/\" \/>\n<meta property=\"og:site_name\" content=\"tULEctura\" \/>\n<meta property=\"article:publisher\" content=\"https:\/\/www.facebook.com\/tulectura.unileon\/\" \/>\n<meta property=\"article:modified_time\" content=\"2021-10-21T12:11:02+00:00\" \/>\n<meta property=\"og:image\" content=\"https:\/\/bibliotecas.unileon.es\/tULEctura\/files\/2021\/10\/CARTEL-IV-JORNADAS-FIGURACIONES-DE-LO-INSOLITO.png\" \/>\n<meta name=\"twitter:card\" content=\"summary_large_image\" \/>\n<meta name=\"twitter:site\" content=\"@tULEctura_ULE\" \/>\n<meta name=\"twitter:label1\" content=\"Tiempo de lectura\" \/>\n\t<meta name=\"twitter:data1\" content=\"2 minutos\" \/>\n<script type=\"application\/ld+json\" class=\"yoast-schema-graph\">{\"@context\":\"https:\/\/schema.org\",\"@graph\":[{\"@type\":\"WebPage\",\"@id\":\"https:\/\/bibliotecas.unileon.es\/tULEctura\/actividades\/lo-insolito\/iv-jornadas-figuraciones-de-lo-insolito\/\",\"url\":\"https:\/\/bibliotecas.unileon.es\/tULEctura\/actividades\/lo-insolito\/iv-jornadas-figuraciones-de-lo-insolito\/\",\"name\":\"IV Jornadas Figuraciones de lo ins\u00f3lito - tULEctura\",\"isPartOf\":{\"@id\":\"https:\/\/bibliotecas.unileon.es\/tULEctura\/#website\"},\"primaryImageOfPage\":{\"@id\":\"https:\/\/bibliotecas.unileon.es\/tULEctura\/actividades\/lo-insolito\/iv-jornadas-figuraciones-de-lo-insolito\/#primaryimage\"},\"image\":{\"@id\":\"https:\/\/bibliotecas.unileon.es\/tULEctura\/actividades\/lo-insolito\/iv-jornadas-figuraciones-de-lo-insolito\/#primaryimage\"},\"thumbnailUrl\":\"https:\/\/bibliotecas.unileon.es\/tULEctura\/files\/2021\/10\/CARTEL-IV-JORNADAS-FIGURACIONES-DE-LO-INSOLITO.png\",\"datePublished\":\"2021-10-21T05:00:07+00:00\",\"dateModified\":\"2021-10-21T12:11:02+00:00\",\"breadcrumb\":{\"@id\":\"https:\/\/bibliotecas.unileon.es\/tULEctura\/actividades\/lo-insolito\/iv-jornadas-figuraciones-de-lo-insolito\/#breadcrumb\"},\"inLanguage\":\"es\",\"potentialAction\":[{\"@type\":\"ReadAction\",\"target\":[\"https:\/\/bibliotecas.unileon.es\/tULEctura\/actividades\/lo-insolito\/iv-jornadas-figuraciones-de-lo-insolito\/\"]}]},{\"@type\":\"ImageObject\",\"inLanguage\":\"es\",\"@id\":\"https:\/\/bibliotecas.unileon.es\/tULEctura\/actividades\/lo-insolito\/iv-jornadas-figuraciones-de-lo-insolito\/#primaryimage\",\"url\":\"https:\/\/bibliotecas.unileon.es\/tULEctura\/files\/2021\/10\/CARTEL-IV-JORNADAS-FIGURACIONES-DE-LO-INSOLITO.png\",\"contentUrl\":\"https:\/\/bibliotecas.unileon.es\/tULEctura\/files\/2021\/10\/CARTEL-IV-JORNADAS-FIGURACIONES-DE-LO-INSOLITO.png\",\"width\":1240,\"height\":1754},{\"@type\":\"BreadcrumbList\",\"@id\":\"https:\/\/bibliotecas.unileon.es\/tULEctura\/actividades\/lo-insolito\/iv-jornadas-figuraciones-de-lo-insolito\/#breadcrumb\",\"itemListElement\":[{\"@type\":\"ListItem\",\"position\":1,\"name\":\"Home\",\"item\":\"https:\/\/bibliotecas.unileon.es\/tULEctura\/\"},{\"@type\":\"ListItem\",\"position\":2,\"name\":\"Eventos\",\"item\":\"https:\/\/bibliotecas.unileon.es\/tULEctura\/actividades\/\"},{\"@type\":\"ListItem\",\"position\":3,\"name\":\"Lo ins\u00f3lito\",\"item\":\"https:\/\/bibliotecas.unileon.es\/tULEctura\/actividades\/lo-insolito\/\"},{\"@type\":\"ListItem\",\"position\":4,\"name\":\"IV Jornadas Figuraciones de lo ins\u00f3lito\"}]},{\"@type\":\"WebSite\",\"@id\":\"https:\/\/bibliotecas.unileon.es\/tULEctura\/#website\",\"url\":\"https:\/\/bibliotecas.unileon.es\/tULEctura\/\",\"name\":\"tULEctura\",\"description\":\"Espacio de la Universidad de Le\u00f3n dedicado a la lectura\",\"publisher\":{\"@id\":\"https:\/\/bibliotecas.unileon.es\/tULEctura\/#organization\"},\"potentialAction\":[{\"@type\":\"SearchAction\",\"target\":{\"@type\":\"EntryPoint\",\"urlTemplate\":\"https:\/\/bibliotecas.unileon.es\/tULEctura\/?s={search_term_string}\"},\"query-input\":{\"@type\":\"PropertyValueSpecification\",\"valueRequired\":true,\"valueName\":\"search_term_string\"}}],\"inLanguage\":\"es\"},{\"@type\":\"Organization\",\"@id\":\"https:\/\/bibliotecas.unileon.es\/tULEctura\/#organization\",\"name\":\"Universidad de Le\u00f3n\",\"url\":\"https:\/\/bibliotecas.unileon.es\/tULEctura\/\",\"logo\":{\"@type\":\"ImageObject\",\"inLanguage\":\"es\",\"@id\":\"https:\/\/bibliotecas.unileon.es\/tULEctura\/#\/schema\/logo\/image\/\",\"url\":\"https:\/\/bibliotecas.unileon.es\/tULEctura\/files\/2018\/08\/TULECTURA_LOGO1.png\",\"contentUrl\":\"https:\/\/bibliotecas.unileon.es\/tULEctura\/files\/2018\/08\/TULECTURA_LOGO1.png\",\"width\":\"960\",\"height\":\"258\",\"caption\":\"Universidad de Le\u00f3n\"},\"image\":{\"@id\":\"https:\/\/bibliotecas.unileon.es\/tULEctura\/#\/schema\/logo\/image\/\"},\"sameAs\":[\"https:\/\/www.facebook.com\/tulectura.unileon\/\",\"https:\/\/x.com\/tULEctura_ULE\",\"https:\/\/www.instagram.com\/tulectura.unileon\/\",\"https:\/\/www.pinterest.es\/tulectura\/\",\"https:\/\/www.youtube.com\/channel\/UCoWaDD39lVlAQcOchwlTPVw\"]}]}<\/script>\n<!-- \/ Yoast SEO plugin. -->","yoast_head_json":{"title":"IV Jornadas Figuraciones de lo ins\u00f3lito - tULEctura","robots":{"index":"index","follow":"follow","max-snippet":"max-snippet:-1","max-image-preview":"max-image-preview:large","max-video-preview":"max-video-preview:-1"},"canonical":"https:\/\/bibliotecas.unileon.es\/tULEctura\/actividades\/lo-insolito\/iv-jornadas-figuraciones-de-lo-insolito\/","og_locale":"es_ES","og_type":"article","og_title":"IV Jornadas Figuraciones de lo ins\u00f3lito - tULEctura","og_description":"El monstruo no mim\u00e9tico en las narradoras hisp\u00e1nicas (1980-2021)\u00a0 26, 27 y 28 de octubre de 2021 Aguascalientes, M\u00e9xico14 Modalidad virtual \u2013 Seminario abierto figuracionesinsolitoags@gmail.com PROGRAMA Horario de M\u00e9xico (horario espa\u00f1ol, de \u00a017:00 a\u00a020:30) \u2014 Si lo deseas, puedes imprimir el Programa de las Jornadas \u2014 &nbsp; MARTES 26 DE OCTUBRE 10:00 Inauguraci\u00f3n 10:15 Conferencia. [&hellip;]","og_url":"https:\/\/bibliotecas.unileon.es\/tULEctura\/actividades\/lo-insolito\/iv-jornadas-figuraciones-de-lo-insolito\/","og_site_name":"tULEctura","article_publisher":"https:\/\/www.facebook.com\/tulectura.unileon\/","article_modified_time":"2021-10-21T12:11:02+00:00","og_image":[{"url":"https:\/\/bibliotecas.unileon.es\/tULEctura\/files\/2021\/10\/CARTEL-IV-JORNADAS-FIGURACIONES-DE-LO-INSOLITO.png","type":"","width":"","height":""}],"twitter_card":"summary_large_image","twitter_site":"@tULEctura_ULE","twitter_misc":{"Tiempo de lectura":"2 minutos"},"schema":{"@context":"https:\/\/schema.org","@graph":[{"@type":"WebPage","@id":"https:\/\/bibliotecas.unileon.es\/tULEctura\/actividades\/lo-insolito\/iv-jornadas-figuraciones-de-lo-insolito\/","url":"https:\/\/bibliotecas.unileon.es\/tULEctura\/actividades\/lo-insolito\/iv-jornadas-figuraciones-de-lo-insolito\/","name":"IV Jornadas Figuraciones de lo ins\u00f3lito - tULEctura","isPartOf":{"@id":"https:\/\/bibliotecas.unileon.es\/tULEctura\/#website"},"primaryImageOfPage":{"@id":"https:\/\/bibliotecas.unileon.es\/tULEctura\/actividades\/lo-insolito\/iv-jornadas-figuraciones-de-lo-insolito\/#primaryimage"},"image":{"@id":"https:\/\/bibliotecas.unileon.es\/tULEctura\/actividades\/lo-insolito\/iv-jornadas-figuraciones-de-lo-insolito\/#primaryimage"},"thumbnailUrl":"https:\/\/bibliotecas.unileon.es\/tULEctura\/files\/2021\/10\/CARTEL-IV-JORNADAS-FIGURACIONES-DE-LO-INSOLITO.png","datePublished":"2021-10-21T05:00:07+00:00","dateModified":"2021-10-21T12:11:02+00:00","breadcrumb":{"@id":"https:\/\/bibliotecas.unileon.es\/tULEctura\/actividades\/lo-insolito\/iv-jornadas-figuraciones-de-lo-insolito\/#breadcrumb"},"inLanguage":"es","potentialAction":[{"@type":"ReadAction","target":["https:\/\/bibliotecas.unileon.es\/tULEctura\/actividades\/lo-insolito\/iv-jornadas-figuraciones-de-lo-insolito\/"]}]},{"@type":"ImageObject","inLanguage":"es","@id":"https:\/\/bibliotecas.unileon.es\/tULEctura\/actividades\/lo-insolito\/iv-jornadas-figuraciones-de-lo-insolito\/#primaryimage","url":"https:\/\/bibliotecas.unileon.es\/tULEctura\/files\/2021\/10\/CARTEL-IV-JORNADAS-FIGURACIONES-DE-LO-INSOLITO.png","contentUrl":"https:\/\/bibliotecas.unileon.es\/tULEctura\/files\/2021\/10\/CARTEL-IV-JORNADAS-FIGURACIONES-DE-LO-INSOLITO.png","width":1240,"height":1754},{"@type":"BreadcrumbList","@id":"https:\/\/bibliotecas.unileon.es\/tULEctura\/actividades\/lo-insolito\/iv-jornadas-figuraciones-de-lo-insolito\/#breadcrumb","itemListElement":[{"@type":"ListItem","position":1,"name":"Home","item":"https:\/\/bibliotecas.unileon.es\/tULEctura\/"},{"@type":"ListItem","position":2,"name":"Eventos","item":"https:\/\/bibliotecas.unileon.es\/tULEctura\/actividades\/"},{"@type":"ListItem","position":3,"name":"Lo ins\u00f3lito","item":"https:\/\/bibliotecas.unileon.es\/tULEctura\/actividades\/lo-insolito\/"},{"@type":"ListItem","position":4,"name":"IV Jornadas Figuraciones de lo ins\u00f3lito"}]},{"@type":"WebSite","@id":"https:\/\/bibliotecas.unileon.es\/tULEctura\/#website","url":"https:\/\/bibliotecas.unileon.es\/tULEctura\/","name":"tULEctura","description":"Espacio de la Universidad de Le\u00f3n dedicado a la lectura","publisher":{"@id":"https:\/\/bibliotecas.unileon.es\/tULEctura\/#organization"},"potentialAction":[{"@type":"SearchAction","target":{"@type":"EntryPoint","urlTemplate":"https:\/\/bibliotecas.unileon.es\/tULEctura\/?s={search_term_string}"},"query-input":{"@type":"PropertyValueSpecification","valueRequired":true,"valueName":"search_term_string"}}],"inLanguage":"es"},{"@type":"Organization","@id":"https:\/\/bibliotecas.unileon.es\/tULEctura\/#organization","name":"Universidad de Le\u00f3n","url":"https:\/\/bibliotecas.unileon.es\/tULEctura\/","logo":{"@type":"ImageObject","inLanguage":"es","@id":"https:\/\/bibliotecas.unileon.es\/tULEctura\/#\/schema\/logo\/image\/","url":"https:\/\/bibliotecas.unileon.es\/tULEctura\/files\/2018\/08\/TULECTURA_LOGO1.png","contentUrl":"https:\/\/bibliotecas.unileon.es\/tULEctura\/files\/2018\/08\/TULECTURA_LOGO1.png","width":"960","height":"258","caption":"Universidad de Le\u00f3n"},"image":{"@id":"https:\/\/bibliotecas.unileon.es\/tULEctura\/#\/schema\/logo\/image\/"},"sameAs":["https:\/\/www.facebook.com\/tulectura.unileon\/","https:\/\/x.com\/tULEctura_ULE","https:\/\/www.instagram.com\/tulectura.unileon\/","https:\/\/www.pinterest.es\/tulectura\/","https:\/\/www.youtube.com\/channel\/UCoWaDD39lVlAQcOchwlTPVw"]}]}},"_links":{"self":[{"href":"https:\/\/bibliotecas.unileon.es\/tULEctura\/wp-json\/wp\/v2\/pages\/48371","targetHints":{"allow":["GET"]}}],"collection":[{"href":"https:\/\/bibliotecas.unileon.es\/tULEctura\/wp-json\/wp\/v2\/pages"}],"about":[{"href":"https:\/\/bibliotecas.unileon.es\/tULEctura\/wp-json\/wp\/v2\/types\/page"}],"author":[{"embeddable":true,"href":"https:\/\/bibliotecas.unileon.es\/tULEctura\/wp-json\/wp\/v2\/users\/73"}],"replies":[{"embeddable":true,"href":"https:\/\/bibliotecas.unileon.es\/tULEctura\/wp-json\/wp\/v2\/comments?post=48371"}],"version-history":[{"count":1,"href":"https:\/\/bibliotecas.unileon.es\/tULEctura\/wp-json\/wp\/v2\/pages\/48371\/revisions"}],"predecessor-version":[{"id":48373,"href":"https:\/\/bibliotecas.unileon.es\/tULEctura\/wp-json\/wp\/v2\/pages\/48371\/revisions\/48373"}],"up":[{"embeddable":true,"href":"https:\/\/bibliotecas.unileon.es\/tULEctura\/wp-json\/wp\/v2\/pages\/47137"}],"wp:attachment":[{"href":"https:\/\/bibliotecas.unileon.es\/tULEctura\/wp-json\/wp\/v2\/media?parent=48371"}],"curies":[{"name":"wp","href":"https:\/\/api.w.org\/{rel}","templated":true}]}}