{"id":49042,"date":"2023-07-24T13:30:40","date_gmt":"2023-07-24T11:30:40","guid":{"rendered":"https:\/\/bibliotecas.unileon.es\/tULEctura\/?page_id=49042"},"modified":"2023-07-27T10:43:13","modified_gmt":"2023-07-27T08:43:13","slug":"lectura-3-mientras-estamos-muertos-de-jose-ovejero","status":"publish","type":"page","link":"https:\/\/bibliotecas.unileon.es\/tULEctura\/pagina-ejemplo\/curso-2023-2024\/lectura-3-mientras-estamos-muertos-de-jose-ovejero\/","title":{"rendered":"Lectura 3:  Mientras estamos muertos, de Jos\u00e9 Ovejero"},"content":{"rendered":"<p><img loading=\"lazy\" decoding=\"async\" class=\"alignright wp-image-49031\" src=\"https:\/\/bibliotecas.unileon.es\/tULEctura\/files\/2023\/07\/mientras-estamos-muertos.jpg\" alt=\"\" width=\"222\" height=\"355\" \/><\/p>\n<p>&nbsp;<\/p>\n<p>&nbsp;<\/p>\n<p style=\"padding-left: 40px;\">T\u00edtulo : Mientras estamos muertos<br \/>\nAutor :\u00a0 Ovejero, Jos\u00e9 1958-<br \/>\nPublicaci\u00f3n : Madrid: P\u00e1ginas de Espuma, 2022<br \/>\nEdici\u00f3n: 1\u00aa ed.<br \/>\nDescripci\u00f3n f\u00edsica:\u00a0 151 p\u00e1ginas,\u00a0 24 cm<br \/>\nColecci\u00f3n: Voces,\u00a0 331<br \/>\nISBN : 978-84-8393-317-6<\/p>\n<p>&nbsp;<\/p>\n<p><a href=\"https:\/\/catoute.unileon.es\/permalink\/34BUC_ULE\/1ekdeev\/alma991009084449105772\" target=\"_blank\" rel=\"noopener\"><span style=\"color: #992525;\">Solicita la obra en las bibliotecas de la Universidad de Le\u00f3n<\/span><\/a><\/p>\n<p>&nbsp;<\/p>\n<h2><span style=\"color: #992525;\">Calendario<\/span><\/h2>\n<ul>\n<li>Martes 7 de noviembre &#8211; Sesi\u00f3n de Gu\u00eda a la lectura, a cargo de \u00c1lvaro Acebes Arias<\/li>\n<li>Martes 14 de noviembre &#8211; Sesi\u00f3n de Coloquio de los socios<\/li>\n<li>Martes 21 de noviembre &#8211; Sesi\u00f3n de Encuentro entre socios y autora<\/li>\n<\/ul>\n<h2><span style=\"color: #992525;\">Lugar y horario<\/span><\/h2>\n<p>Los encuentros de esta \u00a0lectura tendr\u00e1n lugar\u00a0 a las 19:00 horas en la sala de conferencias de la Biblioteca General San Isidoro,\u00a0sede del club le lectura.<\/p>\n<p>De forma combinada, ofrecemos el formato\u00a0\u00a0h\u00edbrido online s\u00edncrono a trav\u00e9s de Meet.<\/p>\n<h2><span style=\"color: #992525;\"><strong>El autor <\/strong><strong>(informaci\u00f3n ofrecida por la editorial)<img loading=\"lazy\" decoding=\"async\" class=\"size-full wp-image-49039 aligncenter\" src=\"https:\/\/bibliotecas.unileon.es\/tULEctura\/files\/2023\/07\/Jose-Ovejero-en-tulectura-Unileon.jpg\" alt=\"\" width=\"1280\" height=\"720\" \/><\/strong><\/span><\/h2>\n<p style=\"text-align: justify;\"><strong>Jos\u00e9 Ovejero<\/strong>\u00a0ha publicado novela, poes\u00eda, teatro, cuento, ensayo y libros de viajes. Sus obras han recibido numerosos premios, entre ellos el Anagrama de ensayo (<em>La \u00e9tica de la crueldad<\/em>, 2012) y el Alfaguara de novela (<em>La invenci\u00f3n del amor<\/em>, 2013). Otras obras suyas son\u00a0<em>Escritores delincuentes<\/em>\u00a0(ensayo),\u00a0<em>Nunca pasa nada<\/em>\u00a0y\u00a0<em>Los \u00e1ngeles feroces<\/em>\u00a0(novelas),\u00a0<em>Qu\u00e9 raros son los hombres<\/em>\u00a0(cuentos) y\u00a0<em>Mundo extra\u00f1o<\/em>\u00a0(Editorial P\u00e1ginas de Espuma, 2018), por el que gan\u00f3 el Premio Setenil al mejor libro de cuentos del a\u00f1o. Es autor tambi\u00e9n del documental\u00a0<em>Vida y ficci\u00f3n<\/em>. Ha colaborado frecuentemente con sus art\u00edculos y relatos en peri\u00f3dicos y revistas de Espa\u00f1a y de otros pa\u00edses. Su \u00faltima novela es\u00a0<em>Humo<\/em>.<\/p>\n<p>&nbsp;<\/p>\n<h2><span style=\"color: #992525;\"><strong>La obra <\/strong><strong>(informaci\u00f3n ofrecida por la editorial)<\/strong><\/span><\/h2>\n<p style=\"text-align: justify;\">\u00bfPuede separarse la memoria de la imaginaci\u00f3n? \u00bfNo es toda historia individual una forma de historia social?\u00a0<strong>Jos\u00e9 Ovejero<\/strong>\u00a0usa esas dos preguntas para construir un mundo a la vez propio y ajeno, autobiograf\u00eda y ficci\u00f3n, sin que los l\u00edmites est\u00e9n siempre claros.<\/p>\n<p style=\"text-align: justify;\"><strong><em>Mientras estamos muertos<\/em><\/strong> cuenta la historia de una familia de clase obrera que va progresando en los a\u00f1os opresivos del tardofranquismo. El hijo, convertido en experto en fugas, como todos los animales con los que crece, narra la vida familiar a veces como historia de terror, a veces como comedia. Con una mirada original que rompe las convenciones del g\u00e9nero, Ovejero habla de tensiones familiares, de violencias silenciosas, del deseo de escapar a las limitaciones de clase, y tambi\u00e9n de amor, creando un juego de espejos en el que no se refleja tanto el autor como el lector.<\/p>\n<p><span style=\"color: #992525;\"><strong>Puedes empezar a leer<span style=\"color: #992525;\"> <a style=\"color: #992525;\" href=\"https:\/\/bibliotecas.unileon.es\/tULEctura\/files\/2023\/07\/Mientras-estamos-muertos.pdf\" class=\"mtli_attachment mtli_pdf\" target=\"_blank\" rel=\"noopener\">Mientras estamos muertos,<\/a><\/span>\u00a0de Jos\u00e9 Ovejero<\/strong><\/span><\/p>\n","protected":false},"excerpt":{"rendered":"<p>&nbsp; &nbsp; T\u00edtulo : Mientras estamos muertos Autor :\u00a0 Ovejero, Jos\u00e9 1958- Publicaci\u00f3n : Madrid: P\u00e1ginas de Espuma, 2022 Edici\u00f3n: 1\u00aa ed. Descripci\u00f3n f\u00edsica:\u00a0 151 p\u00e1ginas,\u00a0 24 cm Colecci\u00f3n: Voces,\u00a0 331 ISBN : 978-84-8393-317-6 &nbsp; Solicita la obra en las bibliotecas de la Universidad de Le\u00f3n &nbsp; Calendario Martes 7 de noviembre &#8211; Sesi\u00f3n de [&hellip;]<\/p>\n","protected":false},"author":73,"featured_media":0,"parent":49022,"menu_order":3,"comment_status":"closed","ping_status":"closed","template":"","meta":{"_bbp_topic_count":0,"_bbp_reply_count":0,"_bbp_total_topic_count":0,"_bbp_total_reply_count":0,"_bbp_voice_count":0,"_bbp_anonymous_reply_count":0,"_bbp_topic_count_hidden":0,"_bbp_reply_count_hidden":0,"_bbp_forum_subforum_count":0,"_monsterinsights_skip_tracking":false,"_monsterinsights_sitenote_active":false,"_monsterinsights_sitenote_note":"","_monsterinsights_sitenote_category":0,"footnotes":""},"class_list":["post-49042","page","type-page","status-publish","hentry"],"yoast_head":"<!-- This site is optimized with the Yoast SEO plugin v25.8 - https:\/\/yoast.com\/wordpress\/plugins\/seo\/ -->\n<title>Lectura 3: Mientras estamos muertos, de Jos\u00e9 Ovejero - tULEctura<\/title>\n<meta name=\"robots\" content=\"index, follow, max-snippet:-1, max-image-preview:large, max-video-preview:-1\" \/>\n<link rel=\"canonical\" href=\"https:\/\/bibliotecas.unileon.es\/tULEctura\/pagina-ejemplo\/curso-2023-2024\/lectura-3-mientras-estamos-muertos-de-jose-ovejero\/\" \/>\n<meta property=\"og:locale\" content=\"es_ES\" \/>\n<meta property=\"og:type\" content=\"article\" \/>\n<meta property=\"og:title\" content=\"Lectura 3: Mientras estamos muertos, de Jos\u00e9 Ovejero - tULEctura\" \/>\n<meta property=\"og:description\" content=\"&nbsp; &nbsp; T\u00edtulo : Mientras estamos muertos Autor :\u00a0 Ovejero, Jos\u00e9 1958- Publicaci\u00f3n : Madrid: P\u00e1ginas de Espuma, 2022 Edici\u00f3n: 1\u00aa ed. Descripci\u00f3n f\u00edsica:\u00a0 151 p\u00e1ginas,\u00a0 24 cm Colecci\u00f3n: Voces,\u00a0 331 ISBN : 978-84-8393-317-6 &nbsp; Solicita la obra en las bibliotecas de la Universidad de Le\u00f3n &nbsp; Calendario Martes 7 de noviembre &#8211; Sesi\u00f3n de [&hellip;]\" \/>\n<meta property=\"og:url\" content=\"https:\/\/bibliotecas.unileon.es\/tULEctura\/pagina-ejemplo\/curso-2023-2024\/lectura-3-mientras-estamos-muertos-de-jose-ovejero\/\" \/>\n<meta property=\"og:site_name\" content=\"tULEctura\" \/>\n<meta property=\"article:publisher\" content=\"https:\/\/www.facebook.com\/tulectura.unileon\/\" \/>\n<meta property=\"article:modified_time\" content=\"2023-07-27T08:43:13+00:00\" \/>\n<meta property=\"og:image\" content=\"https:\/\/bibliotecas.unileon.es\/tULEctura\/files\/2023\/07\/mientras-estamos-muertos.jpg\" \/>\n<meta name=\"twitter:card\" content=\"summary_large_image\" \/>\n<meta name=\"twitter:site\" content=\"@tULEctura_ULE\" \/>\n<meta name=\"twitter:label1\" content=\"Tiempo de lectura\" \/>\n\t<meta name=\"twitter:data1\" content=\"2 minutos\" \/>\n<script type=\"application\/ld+json\" class=\"yoast-schema-graph\">{\"@context\":\"https:\/\/schema.org\",\"@graph\":[{\"@type\":\"WebPage\",\"@id\":\"https:\/\/bibliotecas.unileon.es\/tULEctura\/pagina-ejemplo\/curso-2023-2024\/lectura-3-mientras-estamos-muertos-de-jose-ovejero\/\",\"url\":\"https:\/\/bibliotecas.unileon.es\/tULEctura\/pagina-ejemplo\/curso-2023-2024\/lectura-3-mientras-estamos-muertos-de-jose-ovejero\/\",\"name\":\"Lectura 3: Mientras estamos muertos, de Jos\u00e9 Ovejero - tULEctura\",\"isPartOf\":{\"@id\":\"https:\/\/bibliotecas.unileon.es\/tULEctura\/#website\"},\"primaryImageOfPage\":{\"@id\":\"https:\/\/bibliotecas.unileon.es\/tULEctura\/pagina-ejemplo\/curso-2023-2024\/lectura-3-mientras-estamos-muertos-de-jose-ovejero\/#primaryimage\"},\"image\":{\"@id\":\"https:\/\/bibliotecas.unileon.es\/tULEctura\/pagina-ejemplo\/curso-2023-2024\/lectura-3-mientras-estamos-muertos-de-jose-ovejero\/#primaryimage\"},\"thumbnailUrl\":\"https:\/\/bibliotecas.unileon.es\/tULEctura\/files\/2023\/07\/mientras-estamos-muertos.jpg\",\"datePublished\":\"2023-07-24T11:30:40+00:00\",\"dateModified\":\"2023-07-27T08:43:13+00:00\",\"breadcrumb\":{\"@id\":\"https:\/\/bibliotecas.unileon.es\/tULEctura\/pagina-ejemplo\/curso-2023-2024\/lectura-3-mientras-estamos-muertos-de-jose-ovejero\/#breadcrumb\"},\"inLanguage\":\"es\",\"potentialAction\":[{\"@type\":\"ReadAction\",\"target\":[\"https:\/\/bibliotecas.unileon.es\/tULEctura\/pagina-ejemplo\/curso-2023-2024\/lectura-3-mientras-estamos-muertos-de-jose-ovejero\/\"]}]},{\"@type\":\"ImageObject\",\"inLanguage\":\"es\",\"@id\":\"https:\/\/bibliotecas.unileon.es\/tULEctura\/pagina-ejemplo\/curso-2023-2024\/lectura-3-mientras-estamos-muertos-de-jose-ovejero\/#primaryimage\",\"url\":\"https:\/\/bibliotecas.unileon.es\/tULEctura\/files\/2023\/07\/mientras-estamos-muertos.jpg\",\"contentUrl\":\"https:\/\/bibliotecas.unileon.es\/tULEctura\/files\/2023\/07\/mientras-estamos-muertos.jpg\",\"width\":552,\"height\":883},{\"@type\":\"BreadcrumbList\",\"@id\":\"https:\/\/bibliotecas.unileon.es\/tULEctura\/pagina-ejemplo\/curso-2023-2024\/lectura-3-mientras-estamos-muertos-de-jose-ovejero\/#breadcrumb\",\"itemListElement\":[{\"@type\":\"ListItem\",\"position\":1,\"name\":\"Home\",\"item\":\"https:\/\/bibliotecas.unileon.es\/tULEctura\/\"},{\"@type\":\"ListItem\",\"position\":2,\"name\":\"Club de Lectura\",\"item\":\"https:\/\/bibliotecas.unileon.es\/tULEctura\/pagina-ejemplo\/\"},{\"@type\":\"ListItem\",\"position\":3,\"name\":\"Curso 2023-2024\",\"item\":\"https:\/\/bibliotecas.unileon.es\/tULEctura\/pagina-ejemplo\/curso-2023-2024\/\"},{\"@type\":\"ListItem\",\"position\":4,\"name\":\"Lectura 3: Mientras estamos muertos, de Jos\u00e9 Ovejero\"}]},{\"@type\":\"WebSite\",\"@id\":\"https:\/\/bibliotecas.unileon.es\/tULEctura\/#website\",\"url\":\"https:\/\/bibliotecas.unileon.es\/tULEctura\/\",\"name\":\"tULEctura\",\"description\":\"Espacio de la Universidad de Le\u00f3n dedicado a la lectura\",\"publisher\":{\"@id\":\"https:\/\/bibliotecas.unileon.es\/tULEctura\/#organization\"},\"potentialAction\":[{\"@type\":\"SearchAction\",\"target\":{\"@type\":\"EntryPoint\",\"urlTemplate\":\"https:\/\/bibliotecas.unileon.es\/tULEctura\/?s={search_term_string}\"},\"query-input\":{\"@type\":\"PropertyValueSpecification\",\"valueRequired\":true,\"valueName\":\"search_term_string\"}}],\"inLanguage\":\"es\"},{\"@type\":\"Organization\",\"@id\":\"https:\/\/bibliotecas.unileon.es\/tULEctura\/#organization\",\"name\":\"Universidad de Le\u00f3n\",\"url\":\"https:\/\/bibliotecas.unileon.es\/tULEctura\/\",\"logo\":{\"@type\":\"ImageObject\",\"inLanguage\":\"es\",\"@id\":\"https:\/\/bibliotecas.unileon.es\/tULEctura\/#\/schema\/logo\/image\/\",\"url\":\"https:\/\/bibliotecas.unileon.es\/tULEctura\/files\/2018\/08\/TULECTURA_LOGO1.png\",\"contentUrl\":\"https:\/\/bibliotecas.unileon.es\/tULEctura\/files\/2018\/08\/TULECTURA_LOGO1.png\",\"width\":\"960\",\"height\":\"258\",\"caption\":\"Universidad de Le\u00f3n\"},\"image\":{\"@id\":\"https:\/\/bibliotecas.unileon.es\/tULEctura\/#\/schema\/logo\/image\/\"},\"sameAs\":[\"https:\/\/www.facebook.com\/tulectura.unileon\/\",\"https:\/\/x.com\/tULEctura_ULE\",\"https:\/\/www.instagram.com\/tulectura.unileon\/\",\"https:\/\/www.pinterest.es\/tulectura\/\",\"https:\/\/www.youtube.com\/channel\/UCoWaDD39lVlAQcOchwlTPVw\"]}]}<\/script>\n<!-- \/ Yoast SEO plugin. -->","yoast_head_json":{"title":"Lectura 3: Mientras estamos muertos, de Jos\u00e9 Ovejero - tULEctura","robots":{"index":"index","follow":"follow","max-snippet":"max-snippet:-1","max-image-preview":"max-image-preview:large","max-video-preview":"max-video-preview:-1"},"canonical":"https:\/\/bibliotecas.unileon.es\/tULEctura\/pagina-ejemplo\/curso-2023-2024\/lectura-3-mientras-estamos-muertos-de-jose-ovejero\/","og_locale":"es_ES","og_type":"article","og_title":"Lectura 3: Mientras estamos muertos, de Jos\u00e9 Ovejero - tULEctura","og_description":"&nbsp; &nbsp; T\u00edtulo : Mientras estamos muertos Autor :\u00a0 Ovejero, Jos\u00e9 1958- Publicaci\u00f3n : Madrid: P\u00e1ginas de Espuma, 2022 Edici\u00f3n: 1\u00aa ed. Descripci\u00f3n f\u00edsica:\u00a0 151 p\u00e1ginas,\u00a0 24 cm Colecci\u00f3n: Voces,\u00a0 331 ISBN : 978-84-8393-317-6 &nbsp; Solicita la obra en las bibliotecas de la Universidad de Le\u00f3n &nbsp; Calendario Martes 7 de noviembre &#8211; Sesi\u00f3n de [&hellip;]","og_url":"https:\/\/bibliotecas.unileon.es\/tULEctura\/pagina-ejemplo\/curso-2023-2024\/lectura-3-mientras-estamos-muertos-de-jose-ovejero\/","og_site_name":"tULEctura","article_publisher":"https:\/\/www.facebook.com\/tulectura.unileon\/","article_modified_time":"2023-07-27T08:43:13+00:00","og_image":[{"url":"https:\/\/bibliotecas.unileon.es\/tULEctura\/files\/2023\/07\/mientras-estamos-muertos.jpg","type":"","width":"","height":""}],"twitter_card":"summary_large_image","twitter_site":"@tULEctura_ULE","twitter_misc":{"Tiempo de lectura":"2 minutos"},"schema":{"@context":"https:\/\/schema.org","@graph":[{"@type":"WebPage","@id":"https:\/\/bibliotecas.unileon.es\/tULEctura\/pagina-ejemplo\/curso-2023-2024\/lectura-3-mientras-estamos-muertos-de-jose-ovejero\/","url":"https:\/\/bibliotecas.unileon.es\/tULEctura\/pagina-ejemplo\/curso-2023-2024\/lectura-3-mientras-estamos-muertos-de-jose-ovejero\/","name":"Lectura 3: Mientras estamos muertos, de Jos\u00e9 Ovejero - tULEctura","isPartOf":{"@id":"https:\/\/bibliotecas.unileon.es\/tULEctura\/#website"},"primaryImageOfPage":{"@id":"https:\/\/bibliotecas.unileon.es\/tULEctura\/pagina-ejemplo\/curso-2023-2024\/lectura-3-mientras-estamos-muertos-de-jose-ovejero\/#primaryimage"},"image":{"@id":"https:\/\/bibliotecas.unileon.es\/tULEctura\/pagina-ejemplo\/curso-2023-2024\/lectura-3-mientras-estamos-muertos-de-jose-ovejero\/#primaryimage"},"thumbnailUrl":"https:\/\/bibliotecas.unileon.es\/tULEctura\/files\/2023\/07\/mientras-estamos-muertos.jpg","datePublished":"2023-07-24T11:30:40+00:00","dateModified":"2023-07-27T08:43:13+00:00","breadcrumb":{"@id":"https:\/\/bibliotecas.unileon.es\/tULEctura\/pagina-ejemplo\/curso-2023-2024\/lectura-3-mientras-estamos-muertos-de-jose-ovejero\/#breadcrumb"},"inLanguage":"es","potentialAction":[{"@type":"ReadAction","target":["https:\/\/bibliotecas.unileon.es\/tULEctura\/pagina-ejemplo\/curso-2023-2024\/lectura-3-mientras-estamos-muertos-de-jose-ovejero\/"]}]},{"@type":"ImageObject","inLanguage":"es","@id":"https:\/\/bibliotecas.unileon.es\/tULEctura\/pagina-ejemplo\/curso-2023-2024\/lectura-3-mientras-estamos-muertos-de-jose-ovejero\/#primaryimage","url":"https:\/\/bibliotecas.unileon.es\/tULEctura\/files\/2023\/07\/mientras-estamos-muertos.jpg","contentUrl":"https:\/\/bibliotecas.unileon.es\/tULEctura\/files\/2023\/07\/mientras-estamos-muertos.jpg","width":552,"height":883},{"@type":"BreadcrumbList","@id":"https:\/\/bibliotecas.unileon.es\/tULEctura\/pagina-ejemplo\/curso-2023-2024\/lectura-3-mientras-estamos-muertos-de-jose-ovejero\/#breadcrumb","itemListElement":[{"@type":"ListItem","position":1,"name":"Home","item":"https:\/\/bibliotecas.unileon.es\/tULEctura\/"},{"@type":"ListItem","position":2,"name":"Club de Lectura","item":"https:\/\/bibliotecas.unileon.es\/tULEctura\/pagina-ejemplo\/"},{"@type":"ListItem","position":3,"name":"Curso 2023-2024","item":"https:\/\/bibliotecas.unileon.es\/tULEctura\/pagina-ejemplo\/curso-2023-2024\/"},{"@type":"ListItem","position":4,"name":"Lectura 3: Mientras estamos muertos, de Jos\u00e9 Ovejero"}]},{"@type":"WebSite","@id":"https:\/\/bibliotecas.unileon.es\/tULEctura\/#website","url":"https:\/\/bibliotecas.unileon.es\/tULEctura\/","name":"tULEctura","description":"Espacio de la Universidad de Le\u00f3n dedicado a la lectura","publisher":{"@id":"https:\/\/bibliotecas.unileon.es\/tULEctura\/#organization"},"potentialAction":[{"@type":"SearchAction","target":{"@type":"EntryPoint","urlTemplate":"https:\/\/bibliotecas.unileon.es\/tULEctura\/?s={search_term_string}"},"query-input":{"@type":"PropertyValueSpecification","valueRequired":true,"valueName":"search_term_string"}}],"inLanguage":"es"},{"@type":"Organization","@id":"https:\/\/bibliotecas.unileon.es\/tULEctura\/#organization","name":"Universidad de Le\u00f3n","url":"https:\/\/bibliotecas.unileon.es\/tULEctura\/","logo":{"@type":"ImageObject","inLanguage":"es","@id":"https:\/\/bibliotecas.unileon.es\/tULEctura\/#\/schema\/logo\/image\/","url":"https:\/\/bibliotecas.unileon.es\/tULEctura\/files\/2018\/08\/TULECTURA_LOGO1.png","contentUrl":"https:\/\/bibliotecas.unileon.es\/tULEctura\/files\/2018\/08\/TULECTURA_LOGO1.png","width":"960","height":"258","caption":"Universidad de Le\u00f3n"},"image":{"@id":"https:\/\/bibliotecas.unileon.es\/tULEctura\/#\/schema\/logo\/image\/"},"sameAs":["https:\/\/www.facebook.com\/tulectura.unileon\/","https:\/\/x.com\/tULEctura_ULE","https:\/\/www.instagram.com\/tulectura.unileon\/","https:\/\/www.pinterest.es\/tulectura\/","https:\/\/www.youtube.com\/channel\/UCoWaDD39lVlAQcOchwlTPVw"]}]}},"_links":{"self":[{"href":"https:\/\/bibliotecas.unileon.es\/tULEctura\/wp-json\/wp\/v2\/pages\/49042","targetHints":{"allow":["GET"]}}],"collection":[{"href":"https:\/\/bibliotecas.unileon.es\/tULEctura\/wp-json\/wp\/v2\/pages"}],"about":[{"href":"https:\/\/bibliotecas.unileon.es\/tULEctura\/wp-json\/wp\/v2\/types\/page"}],"author":[{"embeddable":true,"href":"https:\/\/bibliotecas.unileon.es\/tULEctura\/wp-json\/wp\/v2\/users\/73"}],"replies":[{"embeddable":true,"href":"https:\/\/bibliotecas.unileon.es\/tULEctura\/wp-json\/wp\/v2\/comments?post=49042"}],"version-history":[{"count":1,"href":"https:\/\/bibliotecas.unileon.es\/tULEctura\/wp-json\/wp\/v2\/pages\/49042\/revisions"}],"predecessor-version":[{"id":49043,"href":"https:\/\/bibliotecas.unileon.es\/tULEctura\/wp-json\/wp\/v2\/pages\/49042\/revisions\/49043"}],"up":[{"embeddable":true,"href":"https:\/\/bibliotecas.unileon.es\/tULEctura\/wp-json\/wp\/v2\/pages\/49022"}],"wp:attachment":[{"href":"https:\/\/bibliotecas.unileon.es\/tULEctura\/wp-json\/wp\/v2\/media?parent=49042"}],"curies":[{"name":"wp","href":"https:\/\/api.w.org\/{rel}","templated":true}]}}