{"id":6591,"date":"2017-07-24T07:00:46","date_gmt":"2017-07-24T05:00:46","guid":{"rendered":"http:\/\/bibliotecas.unileon.es\/tULEctura\/?page_id=6591"},"modified":"2017-10-06T10:03:55","modified_gmt":"2017-10-06T08:03:55","slug":"lectura-1-la-habitacion-de-nona","status":"publish","type":"page","link":"https:\/\/bibliotecas.unileon.es\/tULEctura\/pagina-ejemplo\/curso-2017-2018\/lectura-1-la-habitacion-de-nona\/","title":{"rendered":"Lectura 1: La habitaci\u00f3n de Nona"},"content":{"rendered":"<h1><em>\u00a0La habitaci\u00f3n de Nona<\/em>, de Cristina Fern\u00e1ndez Cubas<\/h1>\n<p style=\"text-align: justify;\"><em>La habitaci\u00f3n de Nona es<\/em>\u00a0el \u00faltimo libro de relatos de la escritora, y ha recibido el Premio Nacional de Narrativa 2016 que concede el Ministerio de Educaci\u00f3n y Cultura. Este libro, que ya se llev\u00f3 el Premio de la Cr\u00edtica, es la primera obra publicada por la autora despu\u00e9s de siete a\u00f1os de silencio.<\/p>\n<p><img loading=\"lazy\" decoding=\"async\" class=\"wp-image-6592 alignright\" src=\"http:\/\/bibliotecas.unileon.es\/tULEctura\/files\/2017\/07\/habitacion-de-nona.jpg\" alt=\"\" width=\"249\" height=\"374\" srcset=\"https:\/\/bibliotecas.unileon.es\/tULEctura\/files\/2017\/07\/habitacion-de-nona.jpg 300w, https:\/\/bibliotecas.unileon.es\/tULEctura\/files\/2017\/07\/habitacion-de-nona-200x300.jpg 200w\" sizes=\"auto, (max-width: 249px) 100vw, 249px\" \/><\/p>\n<div class=\"field\">\n<pre class=\"field\"><span class=\"text\">Fern\u00e1ndez Cubas, Cristina<\/span>\r\n\r\n<span class=\"text\">La habitaci\u00f3n de Nona \/ Cristina Fern\u00e1ndez Cubas<\/span>\r\n\r\n<span class=\"text\">Barcelona : Tusquets , 2016<\/span>\r\n\r\n<span class=\"text\">186 p. ; 21 cm<\/span>\r\n\r\n<span class=\"text\">978-84-9066-075-1<\/span><\/pre>\n<\/div>\n<div><\/div>\n<div class=\"field\">\n<div><\/div>\n<p>&nbsp;<\/p>\n<p class=\"field\"><span style=\"font-size: 1rem;\"><strong>\u00a0Calendario<\/strong><\/span><\/p>\n<\/div>\n<ul>\n<li style=\"text-align: justify;\">21 de septiembre de 2017: <strong><a href=\"http:\/\/bibliotecas.unileon.es\/tULEctura\/2017\/09\/21\/la-habitacion-de-nona-guia-a-la-lectura\/\" target=\"_blank\" rel=\"noopener\">Coloquio participativo de gu\u00eda a la lectura<\/a><\/strong>.<\/li>\n<li style=\"text-align: justify;\">28 de septiembre de 2017:<strong> <a href=\"http:\/\/bibliotecas.unileon.es\/tULEctura\/2017\/09\/29\/habitacion_-nona_coloquio\/\" target=\"_blank\" rel=\"noopener\">Coloquio participativo de los socios<\/a><\/strong>.<\/li>\n<li style=\"text-align: justify;\">3 de octubre de 2017: <strong><a href=\"http:\/\/bibliotecas.unileon.es\/tULEctura\/2017\/10\/05\/visita-de-cristina-fernandez-cubas-al-club-de-lectura\/\" target=\"_blank\" rel=\"noopener\">Encuentro de los socios con Cristina Fern\u00e1ndez Cubas<\/a><\/strong>.<\/li>\n<\/ul>\n<p>&nbsp;<\/p>\n<p><strong>Lugar \u00a0y horario<\/strong><\/p>\n<p style=\"text-align: justify;\">Los encuentros de esta \u00a0lectura tendr\u00e1n lugar en la sala de conferencias de la Biblioteca General San Isidoro a las 19:00 horas.\u00a0<strong>Se ruega puntualidad<\/strong>.<\/p>\n<p>&nbsp;<\/p>\n<p><strong>Puedes empezar a leer <em><a href=\"http:\/\/bibliotecas.unileon.es\/tULEctura\/files\/2017\/07\/La_habitacion_de_Nona.pdf\" class=\"mtli_attachment mtli_pdf\">La habitaci\u00f3n_de_Nona<\/a><\/em>, de Cristina Fern\u00e1ndez Cubas<\/strong><\/p>\n<h4><\/h4>\n<p>&nbsp;<\/p>\n<h4><strong>Sinopsis:\u00a0<\/strong><a href=\"https:\/\/www.planetadelibros.com\/libro-la-habitacion-de-nona\/195586\" target=\"_blank\" rel=\"noopener\">(Informaci\u00f3n de Planeta de Libros)<\/a><\/h4>\n<p style=\"text-align: justify;\">Una ni\u00f1a siente una envidia creciente hacia su hermana Nona a quien todo lo que le ocurre es \u201cespecial\u201d y, lo que es peor, le ocurre a escondidas. Una mujer al borde del desahucio conf\u00eda en una ben\u00e9vola y solitaria anciana que le invita a tomar caf\u00e9. Un grupo escolar comenta un cuadro, y de repente alguien ve en \u00e9l algo inquietante que perturba la serenidad del momento. La narradora se aloja en un hotel madrile\u00f1o y al salir vive un salto en el tiempo\u2026 Cristina Fern\u00e1ndez Cubas revisita la infancia y la madurez, la soledad y la familia, la cotidianidad de nuestras casas y nuestras ciudades y nos descubre que en todos ellos tal vez aniden inadvertidos el misterio, la sorpresa y el escalofr\u00edo.<\/p>\n<p>&nbsp;<\/p>\n<p><strong>La autora<\/strong><\/p>\n<p style=\"text-align: justify;\"><img loading=\"lazy\" decoding=\"async\" class=\"alignright size-full wp-image-6623\" src=\"http:\/\/bibliotecas.unileon.es\/tULEctura\/files\/2017\/07\/fernandezcubas.jpg\" alt=\"\" width=\"200\" height=\"300\" \/>Cristina Fern\u00e1ndez Cubas es una de las voces m\u00e1s originales del cuento actual, ha publicado los libros de relatos\u00a0<em>Mi hermana Elba<\/em>\u00a0(1980),\u00a0<em>Los altillos del Brumal<\/em>\u00a0(1983),<em>\u00a0El \u00e1ngulo del horror<\/em>\u00a0(1990),\u00a0<em>Con \u00c1gatha en Estambul<\/em>(1994),\u00a0<em>Parientes pobres del diablo<\/em>(2006) y\u00a0<em>Todos los cuentos<\/em>\u00a0(2008). Tambi\u00e9n es autora de novelas (<em>El a\u00f1o de gracia<\/em>, 1985,\u00a0<em>El columpio<\/em>, 1995, y\u00a0<em>La puerta entreabierta<\/em>, 2013; la \u00faltima con el nom de plume Fernanda Kubbs), una obra dram\u00e1tica (<em>Hermanas de sangre<\/em>, 1998), un libro de narrativa juvenil (<em>Cris y Cros<\/em>, 1998), un libro ilustrado para ni\u00f1os (<em>De mayor quiero ser bruja<\/em>, 2014), ensayos (<em>Dr\u00e1cula de Bram Stoker, un centenario: vampiros<\/em>, 1997, y\u00a0<em>Emilia Pardo Baz\u00e1n<\/em>, 2001) y un libro de memorias (<em>Cosas que ya no existen<\/em>, 2001). Su obra ha obtenido el Premio NH de relatos, el Setenil al mejor libro de cuentos y el Xatafi-Cyberdark de la Cr\u00edtica de Literatura Fant\u00e1stica.<\/p>\n<p><strong>M\u00e1s:\u00a0<\/strong><\/p>\n<ul>\n<li><a href=\"http:\/\/catoute.unileon.es\/search~S1*spi?\/aFern{226}andez+Cubas\/afernandez+cubas\/1%2C2%2C26%2CB\/exact&amp;FF=afernandez+cubas+cristina+1945&amp;1%2C25%2C\/indexsort=-\" target=\"_blank\" rel=\"noopener\">Obras de Cristina Fern\u00e1ndez Cubas en la Universidad de Le\u00f3n<\/a>.<\/li>\n<li style=\"text-align: justify;\">Puedes leer en BULERIA el texto de la conferencia\u00a0<span style=\"font-size: 1rem;\"><em><a href=\"http:\/\/buleria.unileon.es\/xmlui\/handle\/10612\/4373\" target=\"_blank\" rel=\"noopener\">\u201cViajando a \u2018lo otro\u2019 desde cualquier lugar\u201d<\/a><\/em>\u00a005-11-2014. Di\u00e1logo con Ana Casas en el I Congreso Internacional Figuraciones de lo Ins\u00f3lito en las Literaturas Espa\u00f1ola e Hispanoamericana (siglos XIX-XXI). \u00a0<\/span><span style=\"font-size: 1rem;\">\u00a0(Publicado adem\u00e1s \u00a0en Natalia \u00c1lvarez M\u00e9ndez y Ana Abello Verano (Coords.),\u00a0<\/span><em style=\"font-size: 1rem;\"><a href=\"http:\/\/catoute.unileon.es\/record=b1815416~S1*spi\" target=\"_blank\" rel=\"noopener\">Espejismo<\/a><a href=\"http:\/\/catoute.unileon.es\/record=b1815416~S1*spi\" target=\"_blank\" rel=\"noopener\">s<\/a><a href=\"http:\/\/catoute.unileon.es\/record=b1815416~S1*spi\" target=\"_blank\" rel=\"noopener\"> de la realidad<\/a>. Percepciones de lo ins\u00f3lito en la literatura espa\u00f1ola (siglos XIX-XXI),\u00a0<\/em><span style=\"font-size: 1rem;\">Le\u00f3n, Universidad de Le\u00f3n, pp. 35-41)<\/span><\/li>\n<li style=\"text-align: justify;\"><a href=\"http:\/\/dspace.unive.it\/handle\/10579\/1764\" target=\"_blank\" rel=\"noopener\"><em>\u201cQuiz\u00e1 todo sea un enga\u00f1o\u201d: la\u00a0narrativa de Cristina Fern\u00e1ndez\u00a0Cubas<\/em><\/a><em>.<\/em> Tesis doctorial presentada por Vanessa\u00a0Tozzato en el a\u00f1o 2012 en la\u00a0Universit\u00e0 Ca&#8217; Foscari Venezia.<\/li>\n<\/ul>\n","protected":false},"excerpt":{"rendered":"<p>\u00a0La habitaci\u00f3n de Nona, de Cristina Fern\u00e1ndez Cubas La habitaci\u00f3n de Nona es\u00a0el \u00faltimo libro de relatos de la escritora, y ha recibido el Premio Nacional de Narrativa 2016 que concede el Ministerio de Educaci\u00f3n y Cultura. Este libro, que ya se llev\u00f3 el Premio de la Cr\u00edtica, es la primera obra publicada por la [&hellip;]<\/p>\n","protected":false},"author":73,"featured_media":0,"parent":6590,"menu_order":1,"comment_status":"closed","ping_status":"closed","template":"","meta":{"_bbp_topic_count":0,"_bbp_reply_count":0,"_bbp_total_topic_count":0,"_bbp_total_reply_count":0,"_bbp_voice_count":0,"_bbp_anonymous_reply_count":0,"_bbp_topic_count_hidden":0,"_bbp_reply_count_hidden":0,"_bbp_forum_subforum_count":0,"_monsterinsights_skip_tracking":false,"_monsterinsights_sitenote_active":false,"_monsterinsights_sitenote_note":"","_monsterinsights_sitenote_category":0,"footnotes":""},"class_list":["post-6591","page","type-page","status-publish","hentry"],"yoast_head":"<!-- This site is optimized with the Yoast SEO plugin v25.8 - https:\/\/yoast.com\/wordpress\/plugins\/seo\/ -->\n<title>Lectura 1: La habitaci\u00f3n de Nona - tULEctura<\/title>\n<meta name=\"robots\" content=\"index, follow, max-snippet:-1, max-image-preview:large, max-video-preview:-1\" \/>\n<link rel=\"canonical\" href=\"https:\/\/bibliotecas.unileon.es\/tULEctura\/pagina-ejemplo\/curso-2017-2018\/lectura-1-la-habitacion-de-nona\/\" \/>\n<meta property=\"og:locale\" content=\"es_ES\" \/>\n<meta property=\"og:type\" content=\"article\" \/>\n<meta property=\"og:title\" content=\"Lectura 1: La habitaci\u00f3n de Nona - tULEctura\" \/>\n<meta property=\"og:description\" content=\"\u00a0La habitaci\u00f3n de Nona, de Cristina Fern\u00e1ndez Cubas La habitaci\u00f3n de Nona es\u00a0el \u00faltimo libro de relatos de la escritora, y ha recibido el Premio Nacional de Narrativa 2016 que concede el Ministerio de Educaci\u00f3n y Cultura. Este libro, que ya se llev\u00f3 el Premio de la Cr\u00edtica, es la primera obra publicada por la [&hellip;]\" \/>\n<meta property=\"og:url\" content=\"https:\/\/bibliotecas.unileon.es\/tULEctura\/pagina-ejemplo\/curso-2017-2018\/lectura-1-la-habitacion-de-nona\/\" \/>\n<meta property=\"og:site_name\" content=\"tULEctura\" \/>\n<meta property=\"article:publisher\" content=\"https:\/\/www.facebook.com\/tulectura.unileon\/\" \/>\n<meta property=\"article:modified_time\" content=\"2017-10-06T08:03:55+00:00\" \/>\n<meta property=\"og:image\" content=\"https:\/\/bibliotecas.unileon.es\/tULEctura\/files\/2017\/07\/habitacion-de-nona.jpg\" \/>\n\t<meta property=\"og:image:width\" content=\"300\" \/>\n\t<meta property=\"og:image:height\" content=\"450\" \/>\n\t<meta property=\"og:image:type\" content=\"image\/jpeg\" \/>\n<meta name=\"twitter:card\" content=\"summary_large_image\" \/>\n<meta name=\"twitter:site\" content=\"@tULEctura_ULE\" \/>\n<meta name=\"twitter:label1\" content=\"Tiempo de lectura\" \/>\n\t<meta name=\"twitter:data1\" content=\"3 minutos\" \/>\n<script type=\"application\/ld+json\" class=\"yoast-schema-graph\">{\"@context\":\"https:\/\/schema.org\",\"@graph\":[{\"@type\":\"WebPage\",\"@id\":\"https:\/\/bibliotecas.unileon.es\/tULEctura\/pagina-ejemplo\/curso-2017-2018\/lectura-1-la-habitacion-de-nona\/\",\"url\":\"https:\/\/bibliotecas.unileon.es\/tULEctura\/pagina-ejemplo\/curso-2017-2018\/lectura-1-la-habitacion-de-nona\/\",\"name\":\"Lectura 1: La habitaci\u00f3n de Nona - tULEctura\",\"isPartOf\":{\"@id\":\"https:\/\/bibliotecas.unileon.es\/tULEctura\/#website\"},\"primaryImageOfPage\":{\"@id\":\"https:\/\/bibliotecas.unileon.es\/tULEctura\/pagina-ejemplo\/curso-2017-2018\/lectura-1-la-habitacion-de-nona\/#primaryimage\"},\"image\":{\"@id\":\"https:\/\/bibliotecas.unileon.es\/tULEctura\/pagina-ejemplo\/curso-2017-2018\/lectura-1-la-habitacion-de-nona\/#primaryimage\"},\"thumbnailUrl\":\"http:\/\/bibliotecas.unileon.es\/tULEctura\/files\/2017\/07\/habitacion-de-nona.jpg\",\"datePublished\":\"2017-07-24T05:00:46+00:00\",\"dateModified\":\"2017-10-06T08:03:55+00:00\",\"breadcrumb\":{\"@id\":\"https:\/\/bibliotecas.unileon.es\/tULEctura\/pagina-ejemplo\/curso-2017-2018\/lectura-1-la-habitacion-de-nona\/#breadcrumb\"},\"inLanguage\":\"es\",\"potentialAction\":[{\"@type\":\"ReadAction\",\"target\":[\"https:\/\/bibliotecas.unileon.es\/tULEctura\/pagina-ejemplo\/curso-2017-2018\/lectura-1-la-habitacion-de-nona\/\"]}]},{\"@type\":\"ImageObject\",\"inLanguage\":\"es\",\"@id\":\"https:\/\/bibliotecas.unileon.es\/tULEctura\/pagina-ejemplo\/curso-2017-2018\/lectura-1-la-habitacion-de-nona\/#primaryimage\",\"url\":\"https:\/\/bibliotecas.unileon.es\/tULEctura\/files\/2017\/07\/habitacion-de-nona.jpg\",\"contentUrl\":\"https:\/\/bibliotecas.unileon.es\/tULEctura\/files\/2017\/07\/habitacion-de-nona.jpg\",\"width\":300,\"height\":450},{\"@type\":\"BreadcrumbList\",\"@id\":\"https:\/\/bibliotecas.unileon.es\/tULEctura\/pagina-ejemplo\/curso-2017-2018\/lectura-1-la-habitacion-de-nona\/#breadcrumb\",\"itemListElement\":[{\"@type\":\"ListItem\",\"position\":1,\"name\":\"Home\",\"item\":\"https:\/\/bibliotecas.unileon.es\/tULEctura\/\"},{\"@type\":\"ListItem\",\"position\":2,\"name\":\"Club de Lectura\",\"item\":\"https:\/\/bibliotecas.unileon.es\/tULEctura\/pagina-ejemplo\/\"},{\"@type\":\"ListItem\",\"position\":3,\"name\":\"Curso 2017-2018\",\"item\":\"https:\/\/bibliotecas.unileon.es\/tULEctura\/pagina-ejemplo\/curso-2017-2018\/\"},{\"@type\":\"ListItem\",\"position\":4,\"name\":\"Lectura 1: La habitaci\u00f3n de Nona\"}]},{\"@type\":\"WebSite\",\"@id\":\"https:\/\/bibliotecas.unileon.es\/tULEctura\/#website\",\"url\":\"https:\/\/bibliotecas.unileon.es\/tULEctura\/\",\"name\":\"tULEctura\",\"description\":\"Espacio de la Universidad de Le\u00f3n dedicado a la lectura\",\"publisher\":{\"@id\":\"https:\/\/bibliotecas.unileon.es\/tULEctura\/#organization\"},\"potentialAction\":[{\"@type\":\"SearchAction\",\"target\":{\"@type\":\"EntryPoint\",\"urlTemplate\":\"https:\/\/bibliotecas.unileon.es\/tULEctura\/?s={search_term_string}\"},\"query-input\":{\"@type\":\"PropertyValueSpecification\",\"valueRequired\":true,\"valueName\":\"search_term_string\"}}],\"inLanguage\":\"es\"},{\"@type\":\"Organization\",\"@id\":\"https:\/\/bibliotecas.unileon.es\/tULEctura\/#organization\",\"name\":\"Universidad de Le\u00f3n\",\"url\":\"https:\/\/bibliotecas.unileon.es\/tULEctura\/\",\"logo\":{\"@type\":\"ImageObject\",\"inLanguage\":\"es\",\"@id\":\"https:\/\/bibliotecas.unileon.es\/tULEctura\/#\/schema\/logo\/image\/\",\"url\":\"https:\/\/bibliotecas.unileon.es\/tULEctura\/files\/2018\/08\/TULECTURA_LOGO1.png\",\"contentUrl\":\"https:\/\/bibliotecas.unileon.es\/tULEctura\/files\/2018\/08\/TULECTURA_LOGO1.png\",\"width\":\"960\",\"height\":\"258\",\"caption\":\"Universidad de Le\u00f3n\"},\"image\":{\"@id\":\"https:\/\/bibliotecas.unileon.es\/tULEctura\/#\/schema\/logo\/image\/\"},\"sameAs\":[\"https:\/\/www.facebook.com\/tulectura.unileon\/\",\"https:\/\/x.com\/tULEctura_ULE\",\"https:\/\/www.instagram.com\/tulectura.unileon\/\",\"https:\/\/www.pinterest.es\/tulectura\/\",\"https:\/\/www.youtube.com\/channel\/UCoWaDD39lVlAQcOchwlTPVw\"]}]}<\/script>\n<!-- \/ Yoast SEO plugin. -->","yoast_head_json":{"title":"Lectura 1: La habitaci\u00f3n de Nona - tULEctura","robots":{"index":"index","follow":"follow","max-snippet":"max-snippet:-1","max-image-preview":"max-image-preview:large","max-video-preview":"max-video-preview:-1"},"canonical":"https:\/\/bibliotecas.unileon.es\/tULEctura\/pagina-ejemplo\/curso-2017-2018\/lectura-1-la-habitacion-de-nona\/","og_locale":"es_ES","og_type":"article","og_title":"Lectura 1: La habitaci\u00f3n de Nona - tULEctura","og_description":"\u00a0La habitaci\u00f3n de Nona, de Cristina Fern\u00e1ndez Cubas La habitaci\u00f3n de Nona es\u00a0el \u00faltimo libro de relatos de la escritora, y ha recibido el Premio Nacional de Narrativa 2016 que concede el Ministerio de Educaci\u00f3n y Cultura. Este libro, que ya se llev\u00f3 el Premio de la Cr\u00edtica, es la primera obra publicada por la [&hellip;]","og_url":"https:\/\/bibliotecas.unileon.es\/tULEctura\/pagina-ejemplo\/curso-2017-2018\/lectura-1-la-habitacion-de-nona\/","og_site_name":"tULEctura","article_publisher":"https:\/\/www.facebook.com\/tulectura.unileon\/","article_modified_time":"2017-10-06T08:03:55+00:00","og_image":[{"width":300,"height":450,"url":"https:\/\/bibliotecas.unileon.es\/tULEctura\/files\/2017\/07\/habitacion-de-nona.jpg","type":"image\/jpeg"}],"twitter_card":"summary_large_image","twitter_site":"@tULEctura_ULE","twitter_misc":{"Tiempo de lectura":"3 minutos"},"schema":{"@context":"https:\/\/schema.org","@graph":[{"@type":"WebPage","@id":"https:\/\/bibliotecas.unileon.es\/tULEctura\/pagina-ejemplo\/curso-2017-2018\/lectura-1-la-habitacion-de-nona\/","url":"https:\/\/bibliotecas.unileon.es\/tULEctura\/pagina-ejemplo\/curso-2017-2018\/lectura-1-la-habitacion-de-nona\/","name":"Lectura 1: La habitaci\u00f3n de Nona - tULEctura","isPartOf":{"@id":"https:\/\/bibliotecas.unileon.es\/tULEctura\/#website"},"primaryImageOfPage":{"@id":"https:\/\/bibliotecas.unileon.es\/tULEctura\/pagina-ejemplo\/curso-2017-2018\/lectura-1-la-habitacion-de-nona\/#primaryimage"},"image":{"@id":"https:\/\/bibliotecas.unileon.es\/tULEctura\/pagina-ejemplo\/curso-2017-2018\/lectura-1-la-habitacion-de-nona\/#primaryimage"},"thumbnailUrl":"http:\/\/bibliotecas.unileon.es\/tULEctura\/files\/2017\/07\/habitacion-de-nona.jpg","datePublished":"2017-07-24T05:00:46+00:00","dateModified":"2017-10-06T08:03:55+00:00","breadcrumb":{"@id":"https:\/\/bibliotecas.unileon.es\/tULEctura\/pagina-ejemplo\/curso-2017-2018\/lectura-1-la-habitacion-de-nona\/#breadcrumb"},"inLanguage":"es","potentialAction":[{"@type":"ReadAction","target":["https:\/\/bibliotecas.unileon.es\/tULEctura\/pagina-ejemplo\/curso-2017-2018\/lectura-1-la-habitacion-de-nona\/"]}]},{"@type":"ImageObject","inLanguage":"es","@id":"https:\/\/bibliotecas.unileon.es\/tULEctura\/pagina-ejemplo\/curso-2017-2018\/lectura-1-la-habitacion-de-nona\/#primaryimage","url":"https:\/\/bibliotecas.unileon.es\/tULEctura\/files\/2017\/07\/habitacion-de-nona.jpg","contentUrl":"https:\/\/bibliotecas.unileon.es\/tULEctura\/files\/2017\/07\/habitacion-de-nona.jpg","width":300,"height":450},{"@type":"BreadcrumbList","@id":"https:\/\/bibliotecas.unileon.es\/tULEctura\/pagina-ejemplo\/curso-2017-2018\/lectura-1-la-habitacion-de-nona\/#breadcrumb","itemListElement":[{"@type":"ListItem","position":1,"name":"Home","item":"https:\/\/bibliotecas.unileon.es\/tULEctura\/"},{"@type":"ListItem","position":2,"name":"Club de Lectura","item":"https:\/\/bibliotecas.unileon.es\/tULEctura\/pagina-ejemplo\/"},{"@type":"ListItem","position":3,"name":"Curso 2017-2018","item":"https:\/\/bibliotecas.unileon.es\/tULEctura\/pagina-ejemplo\/curso-2017-2018\/"},{"@type":"ListItem","position":4,"name":"Lectura 1: La habitaci\u00f3n de Nona"}]},{"@type":"WebSite","@id":"https:\/\/bibliotecas.unileon.es\/tULEctura\/#website","url":"https:\/\/bibliotecas.unileon.es\/tULEctura\/","name":"tULEctura","description":"Espacio de la Universidad de Le\u00f3n dedicado a la lectura","publisher":{"@id":"https:\/\/bibliotecas.unileon.es\/tULEctura\/#organization"},"potentialAction":[{"@type":"SearchAction","target":{"@type":"EntryPoint","urlTemplate":"https:\/\/bibliotecas.unileon.es\/tULEctura\/?s={search_term_string}"},"query-input":{"@type":"PropertyValueSpecification","valueRequired":true,"valueName":"search_term_string"}}],"inLanguage":"es"},{"@type":"Organization","@id":"https:\/\/bibliotecas.unileon.es\/tULEctura\/#organization","name":"Universidad de Le\u00f3n","url":"https:\/\/bibliotecas.unileon.es\/tULEctura\/","logo":{"@type":"ImageObject","inLanguage":"es","@id":"https:\/\/bibliotecas.unileon.es\/tULEctura\/#\/schema\/logo\/image\/","url":"https:\/\/bibliotecas.unileon.es\/tULEctura\/files\/2018\/08\/TULECTURA_LOGO1.png","contentUrl":"https:\/\/bibliotecas.unileon.es\/tULEctura\/files\/2018\/08\/TULECTURA_LOGO1.png","width":"960","height":"258","caption":"Universidad de Le\u00f3n"},"image":{"@id":"https:\/\/bibliotecas.unileon.es\/tULEctura\/#\/schema\/logo\/image\/"},"sameAs":["https:\/\/www.facebook.com\/tulectura.unileon\/","https:\/\/x.com\/tULEctura_ULE","https:\/\/www.instagram.com\/tulectura.unileon\/","https:\/\/www.pinterest.es\/tulectura\/","https:\/\/www.youtube.com\/channel\/UCoWaDD39lVlAQcOchwlTPVw"]}]}},"_links":{"self":[{"href":"https:\/\/bibliotecas.unileon.es\/tULEctura\/wp-json\/wp\/v2\/pages\/6591","targetHints":{"allow":["GET"]}}],"collection":[{"href":"https:\/\/bibliotecas.unileon.es\/tULEctura\/wp-json\/wp\/v2\/pages"}],"about":[{"href":"https:\/\/bibliotecas.unileon.es\/tULEctura\/wp-json\/wp\/v2\/types\/page"}],"author":[{"embeddable":true,"href":"https:\/\/bibliotecas.unileon.es\/tULEctura\/wp-json\/wp\/v2\/users\/73"}],"replies":[{"embeddable":true,"href":"https:\/\/bibliotecas.unileon.es\/tULEctura\/wp-json\/wp\/v2\/comments?post=6591"}],"version-history":[{"count":1,"href":"https:\/\/bibliotecas.unileon.es\/tULEctura\/wp-json\/wp\/v2\/pages\/6591\/revisions"}],"predecessor-version":[{"id":6620,"href":"https:\/\/bibliotecas.unileon.es\/tULEctura\/wp-json\/wp\/v2\/pages\/6591\/revisions\/6620"}],"up":[{"embeddable":true,"href":"https:\/\/bibliotecas.unileon.es\/tULEctura\/wp-json\/wp\/v2\/pages\/6590"}],"wp:attachment":[{"href":"https:\/\/bibliotecas.unileon.es\/tULEctura\/wp-json\/wp\/v2\/media?parent=6591"}],"curies":[{"name":"wp","href":"https:\/\/api.w.org\/{rel}","templated":true}]}}